{"id":2922,"date":"2014-06-28T20:47:37","date_gmt":"2014-06-28T18:47:37","guid":{"rendered":"http:\/\/unser-quartier.de\/stadt-bergheim\/?page_id=2922"},"modified":"2014-07-09T17:21:46","modified_gmt":"2014-07-09T15:21:46","slug":"da-steckt-musik-drin","status":"publish","type":"page","link":"https:\/\/unser-quartier.de\/stadt-bergheim\/startseite\/vorstellung-der-moderatoren\/da-steckt-musik-drin\/","title":{"rendered":"Da steckt Musik drin"},"content":{"rendered":"<p style=\"margin-bottom: 0cm\"><span style=\"font-size: 12pt\"><strong>Wir rappen das Fachforum<\/strong> <strong>Seniorenarbeit<\/strong><br \/>\n<\/span><\/p>\n<p style=\"margin-bottom: 0cm\"><span style=\"font-family: Calibri, serif;font-size: 12pt\">Von Andrea Flo\u00df<\/span><\/p>\n<p style=\"margin-bottom: 0cm\"><span style=\"font-size: 12pt\">Wie klingt eine Internetseite zum Thema \u00c4lterwerden? Darauf konnten sich Kinder und Jugendliche gemeinsam mit dem Online-Team des Fachforums Seniorenarbeit bei einem Rap-Workshop einen Reim machen. Zeremonienmeister \u201eMC\u201c Daniel Schneider von der Rapschool NRW hatte sein mobiles Tonstudio mit in die Aula der Geschwister-Scholl-Realschule gebracht, um aus dem zusammengew\u00fcrfelten Haufen in sechs Stunden b\u00fchnenreife Rapper zu machen. Der gro\u00dfe Auftritt war beim Ehrenamtstag auf dem Bergheimer City Fest am Freitag, 27. Juni, um 19 Uhr.<\/span><\/p>\n<p style=\"margin-bottom: 0cm\">\n<div id=\"attachment_3017\" style=\"width: 175px\" class=\"wp-caption alignleft\"><a href=\"https:\/\/i0.wp.com\/unser-quartier.de\/stadt-bergheim\/files\/2014\/06\/BM_Senioren-Rap_FTZ_bearbeitet-3.jpg?ssl=1\"><img data-recalc-dims=\"1\" loading=\"lazy\" decoding=\"async\" aria-describedby=\"caption-attachment-3017\" data-attachment-id=\"3017\" data-permalink=\"https:\/\/unser-quartier.de\/stadt-bergheim\/startseite\/vorstellung-der-moderatoren\/da-steckt-musik-drin\/bm_senioren-rap_ftz_bearbeitet-3\/\" data-orig-file=\"https:\/\/i0.wp.com\/unser-quartier.de\/stadt-bergheim\/files\/2014\/06\/BM_Senioren-Rap_FTZ_bearbeitet-3.jpg?fit=1024%2C928&amp;ssl=1\" data-orig-size=\"1024,928\" data-comments-opened=\"0\" data-image-meta=\"{&quot;aperture&quot;:&quot;0&quot;,&quot;credit&quot;:&quot;&quot;,&quot;camera&quot;:&quot;&quot;,&quot;caption&quot;:&quot;&quot;,&quot;created_timestamp&quot;:&quot;0&quot;,&quot;copyright&quot;:&quot;&quot;,&quot;focal_length&quot;:&quot;0&quot;,&quot;iso&quot;:&quot;0&quot;,&quot;shutter_speed&quot;:&quot;0&quot;,&quot;title&quot;:&quot;&quot;}\" data-image-title=\"BM_Senioren-Rap_FTZ_bearbeitet (3)\" data-image-description=\"\" data-image-caption=\"&lt;p&gt;Foto: K\u00f6lnische Rundschau \/Fratz&lt;\/p&gt;\n\" data-medium-file=\"https:\/\/i0.wp.com\/unser-quartier.de\/stadt-bergheim\/files\/2014\/06\/BM_Senioren-Rap_FTZ_bearbeitet-3.jpg?fit=300%2C271&amp;ssl=1\" data-large-file=\"https:\/\/i0.wp.com\/unser-quartier.de\/stadt-bergheim\/files\/2014\/06\/BM_Senioren-Rap_FTZ_bearbeitet-3.jpg?fit=770%2C698&amp;ssl=1\" class=\"wp-image-3017\" src=\"https:\/\/i0.wp.com\/unser-quartier.de\/stadt-bergheim\/files\/2014\/06\/BM_Senioren-Rap_FTZ_bearbeitet-3.jpg?resize=175%2C158&#038;ssl=1\" alt=\"Foto: K\u00f6lnische Rundschau \/Fratz\" width=\"175\" height=\"158\" srcset=\"https:\/\/i0.wp.com\/unser-quartier.de\/stadt-bergheim\/files\/2014\/06\/BM_Senioren-Rap_FTZ_bearbeitet-3.jpg?resize=300%2C271&amp;ssl=1 300w, https:\/\/i0.wp.com\/unser-quartier.de\/stadt-bergheim\/files\/2014\/06\/BM_Senioren-Rap_FTZ_bearbeitet-3.jpg?resize=150%2C135&amp;ssl=1 150w, https:\/\/i0.wp.com\/unser-quartier.de\/stadt-bergheim\/files\/2014\/06\/BM_Senioren-Rap_FTZ_bearbeitet-3.jpg?w=1024&amp;ssl=1 1024w\" sizes=\"auto, (max-width: 175px) 100vw, 175px\" \/><\/a><p id=\"caption-attachment-3017\" class=\"wp-caption-text\">Foto: K\u00f6lnische Rundschau\/Fratz<\/p><\/div>\n<p style=\"margin-bottom: 0cm\"><span style=\"font-size: 12pt\">Unser Computer-Experte Hans-J\u00fcrgen Knabben hatte erst so seine Zweifel an dem Projekt \u2013 mit Hip Hop hat der vielfach engagierte Rentner nicht viel am Hut. \u201eWenn sich \u00c4ltere jugendlich geben, wirkt das schnell peinlich. Aber wenn wir dadurch mehr Klicks auf unsere Seite bekommen, bin ich dabei\u201c, sagte er. \u201eSpannend\u201c findet das generationen\u00fcbergreifende Projekt auch Britta Fuchs von der Fachstelle \u00c4lterwerden der Stadt Bergheim. Die Grundsch\u00fcler Henrik (9) und Vadim (10) fanden Rap immer schon cool und lie\u00dfen sich auch von dem sperrigen Thema nicht abschrecken. Nikita (19) und Andrey Lykov (20) sind schon Profis im Sprechgesang und rappen seit f\u00fcnf Jahren erfolgreich mit ihrer Band My Source My City \u2013 \u201eaber mehr so Partysongs \u00fcber das Leben\u201c.<\/span><\/p>\n<p style=\"margin-bottom: 0cm\"><a href=\"https:\/\/unser-quartier.de\/stadt-bergheim\/startseite\/das-ist-neu\/cityfest\/\" target=\"_blank\"><span style=\"font-size: 12pt\">Zur Bildergalerie, bitte hier klicken<\/span><\/a><\/p>\n<p style=\"margin-bottom: 0cm\"><span style=\"font-size: 12pt\"><b>Rap kennt kein Alter<\/b><\/span><\/p>\n<p style=\"margin-bottom: 0cm\"><span style=\"font-size: 12pt\"><span style=\"font-size: 12pt\"><a href=\"https:\/\/i0.wp.com\/unser-quartier.de\/stadt-bergheim\/files\/2014\/06\/P1060236-als-Smartobjekt-1.jpeg?ssl=1\"><img data-recalc-dims=\"1\" loading=\"lazy\" decoding=\"async\" data-attachment-id=\"2948\" data-permalink=\"https:\/\/unser-quartier.de\/stadt-bergheim\/startseite\/vorstellung-der-moderatoren\/der-auftritt\/p1060236-als-smartobjekt-1\/\" data-orig-file=\"https:\/\/i0.wp.com\/unser-quartier.de\/stadt-bergheim\/files\/2014\/06\/P1060236-als-Smartobjekt-1.jpeg?fit=640%2C427&amp;ssl=1\" data-orig-size=\"640,427\" data-comments-opened=\"0\" data-image-meta=\"{&quot;aperture&quot;:&quot;0&quot;,&quot;credit&quot;:&quot;&quot;,&quot;camera&quot;:&quot;&quot;,&quot;caption&quot;:&quot;&quot;,&quot;created_timestamp&quot;:&quot;0&quot;,&quot;copyright&quot;:&quot;&quot;,&quot;focal_length&quot;:&quot;0&quot;,&quot;iso&quot;:&quot;0&quot;,&quot;shutter_speed&quot;:&quot;0&quot;,&quot;title&quot;:&quot;&quot;}\" data-image-title=\"P1060236-als-Smartobjekt-1\" data-image-description=\"\" data-image-caption=\"&lt;p&gt;Was passiert?&lt;\/p&gt;\n\" data-medium-file=\"https:\/\/i0.wp.com\/unser-quartier.de\/stadt-bergheim\/files\/2014\/06\/P1060236-als-Smartobjekt-1.jpeg?fit=300%2C200&amp;ssl=1\" data-large-file=\"https:\/\/i0.wp.com\/unser-quartier.de\/stadt-bergheim\/files\/2014\/06\/P1060236-als-Smartobjekt-1.jpeg?fit=640%2C427&amp;ssl=1\" class=\"alignright wp-image-2948\" src=\"https:\/\/i0.wp.com\/unser-quartier.de\/stadt-bergheim\/files\/2014\/06\/P1060236-als-Smartobjekt-1.jpeg?resize=247%2C164&#038;ssl=1\" alt=\"P1060236-als-Smartobjekt-1\" width=\"247\" height=\"164\" srcset=\"https:\/\/i0.wp.com\/unser-quartier.de\/stadt-bergheim\/files\/2014\/06\/P1060236-als-Smartobjekt-1.jpeg?resize=300%2C200&amp;ssl=1 300w, https:\/\/i0.wp.com\/unser-quartier.de\/stadt-bergheim\/files\/2014\/06\/P1060236-als-Smartobjekt-1.jpeg?resize=150%2C100&amp;ssl=1 150w, https:\/\/i0.wp.com\/unser-quartier.de\/stadt-bergheim\/files\/2014\/06\/P1060236-als-Smartobjekt-1.jpeg?w=640&amp;ssl=1 640w\" sizes=\"auto, (max-width: 247px) 100vw, 247px\" \/><\/a><\/span>Den richtigen Beat zu finden ging \u00fcberraschend schnell. Die Zahl der einvernehmlich nickenden und wippenden K\u00f6pfe und F\u00fc\u00dfe sprach f\u00fcr sich. Viel schwieriger war es, einen Text zu schreiben und vor dem Mikrophon einzusingen. Jeder hatte die Aufgabe, einen Vierzeiler zu reimen, der zum Rhythmus passt. W\u00f6rter wie Fachforum Seniorenarbeit und Spa\u00df zusammenzubringen, ist schon im \u201erichtigen Leben\u201c eine Herausforderung. Dozent Schneider hatte jedenfalls viel Freude an seinen folgsamen J\u00fcngern. Die Aufgabe, eine Senioren-Seite zu vertonen, war auch f\u00fcr den Detmolder eine v\u00f6llig neue Erfahrung. Sonst eher im Namen des Hip Hops an Schulen unterwegs, reizt ihn an dem Rap-Projekt, Kunst und Lebenskultur f\u00fcr jedermann zug\u00e4nglich zu machen und Jugendlichen beizubringen, sich zu pr\u00e4sentieren ohne zu provozieren. \u201eRap kennt kein Alter\u201c, diese Botschaft ging auch in Bergheim richtig gut ab.<\/span><\/p>\n<p><strong>Der \u201eKlick mich&#8221; &#8211; Rap<\/strong><\/p>\n<!--[if lt IE 9]><script>document.createElement('audio');<\/script><![endif]-->\n<audio class=\"wp-audio-shortcode\" id=\"audio-2922-1\" preload=\"none\" style=\"width: 100%;\" controls=\"controls\"><source type=\"audio\/mpeg\" src=\"https:\/\/unser-quartier.de\/stadt-bergheim\/files\/2014\/06\/Klick-mich-Das-Seniorenonlineteam-feat.-BergheimKids.mp3?_=1\" \/><a href=\"https:\/\/unser-quartier.de\/stadt-bergheim\/files\/2014\/06\/Klick-mich-Das-Seniorenonlineteam-feat.-BergheimKids.mp3\">https:\/\/unser-quartier.de\/stadt-bergheim\/files\/2014\/06\/Klick-mich-Das-Seniorenonlineteam-feat.-BergheimKids.mp3<\/a><\/audio>\n<p style=\"margin-bottom: 0cm\">\n","protected":false},"excerpt":{"rendered":"<p style=\"margin-bottom: 0cm\"><strong>Wir rappen das Fachforum<\/strong> <strong>Seniorenarbeit<\/strong> <\/p>\n<p style=\"margin-bottom: 0cm\">Von Andrea Flo\u00df<\/p>\n<p style=\"margin-bottom: 0cm\">Wie klingt eine Internetseite zum Thema \u00c4lterwerden? Darauf konnten sich Kinder und Jugendliche gemeinsam mit dem Online-Team des Fachforums Seniorenarbeit bei einem Rap-Workshop einen Reim machen. Zeremonienmeister \u201eMC\u201c Daniel Schneider von der Rapschool NRW hatte sein mobiles Tonstudio mit in &hellip; <\/p>\n<p><a class=\"more-link btn\" href=\"https:\/\/unser-quartier.de\/stadt-bergheim\/startseite\/vorstellung-der-moderatoren\/da-steckt-musik-drin\/\">Weiterlesen<\/a><\/p>\n","protected":false},"author":48,"featured_media":0,"parent":142,"menu_order":8,"comment_status":"open","ping_status":"open","template":"","meta":{"_bbp_topic_count":0,"_bbp_reply_count":0,"_bbp_total_topic_count":0,"_bbp_total_reply_count":0,"_bbp_voice_count":0,"_bbp_anonymous_reply_count":0,"_bbp_topic_count_hidden":0,"_bbp_reply_count_hidden":0,"_bbp_forum_subforum_count":0,"jetpack_post_was_ever_published":false,"footnotes":""},"class_list":["post-2922","page","type-page","status-publish","hentry","nodate","item-wrap"],"jetpack_sharing_enabled":true,"jetpack_shortlink":"https:\/\/wp.me\/P3vhfJ-L8","jetpack_likes_enabled":true,"_links":{"self":[{"href":"https:\/\/unser-quartier.de\/stadt-bergheim\/wp-json\/wp\/v2\/pages\/2922","targetHints":{"allow":["GET"]}}],"collection":[{"href":"https:\/\/unser-quartier.de\/stadt-bergheim\/wp-json\/wp\/v2\/pages"}],"about":[{"href":"https:\/\/unser-quartier.de\/stadt-bergheim\/wp-json\/wp\/v2\/types\/page"}],"author":[{"embeddable":true,"href":"https:\/\/unser-quartier.de\/stadt-bergheim\/wp-json\/wp\/v2\/users\/48"}],"replies":[{"embeddable":true,"href":"https:\/\/unser-quartier.de\/stadt-bergheim\/wp-json\/wp\/v2\/comments?post=2922"}],"version-history":[{"count":0,"href":"https:\/\/unser-quartier.de\/stadt-bergheim\/wp-json\/wp\/v2\/pages\/2922\/revisions"}],"up":[{"embeddable":true,"href":"https:\/\/unser-quartier.de\/stadt-bergheim\/wp-json\/wp\/v2\/pages\/142"}],"wp:attachment":[{"href":"https:\/\/unser-quartier.de\/stadt-bergheim\/wp-json\/wp\/v2\/media?parent=2922"}],"curies":[{"name":"wp","href":"https:\/\/api.w.org\/{rel}","templated":true}]}}