{"id":32589,"date":"2020-10-19T16:12:36","date_gmt":"2020-10-19T14:12:36","guid":{"rendered":"https:\/\/unser-quartier.de\/stadt-bergheim\/?page_id=32589"},"modified":"2020-10-19T16:14:41","modified_gmt":"2020-10-19T14:14:41","slug":"corona-holt-uns-wieder-ein","status":"publish","type":"page","link":"https:\/\/unser-quartier.de\/stadt-bergheim\/corona-holt-uns-wieder-ein\/","title":{"rendered":"Corona holt uns wieder ein &#8230;"},"content":{"rendered":"<p><span style=\"-webkit-text-size-adjust: 100%; font-size: 20px; font-family: arial, helvetica, sans-serif;\">Corona holt uns wieder ein<\/span><\/p>\n<p><span style=\"font-size: 20px; font-family: arial, helvetica, sans-serif;\">Aufgrund der steigenden Coronazahlen und der neuen Schutzverordnung des Kreises und der st\u00e4dtischen Anordnung, muss das FuNTASTIK f\u00fcr alle Gruppenaktivit\u00e4ten und Veranstaltungen wieder f\u00fcr unbestimmte Zeit geschlossen werden. Das ist schade, aber nicht zu \u00e4ndern! Deshalb findet auch am Samstag den 24.10, die Workshopreihe &#8220;Begegnung in 5 G\u00e4ngen&#8221;, nicht statt<\/span><\/p>\n<p><span style=\"font-size: 20px; font-family: arial, helvetica, sans-serif;\">Von Elisabeth Alt-Kaul<\/span><br \/>\n<span style=\"font-size: 20px; font-family: arial, helvetica, sans-serif;\">und das Seniorenportal Bergheim<\/span><\/p>\n","protected":false},"excerpt":{"rendered":"<p>Corona holt uns wieder ein<\/p>\n<p>Aufgrund der steigenden Coronazahlen und der neuen Schutzverordnung des Kreises und der st\u00e4dtischen Anordnung, muss das FuNTASTIK f\u00fcr alle Gruppenaktivit\u00e4ten und Veranstaltungen wieder f\u00fcr unbestimmte Zeit geschlossen werden. Das ist schade, aber nicht zu \u00e4ndern! Deshalb findet auch am Samstag den 24.10, die Workshopreihe &#8220;Begegnung in 5 G\u00e4ngen&#8221;, nicht statt<\/p>\n<p> &hellip; <\/p>\n<p><a class=\"more-link btn\" href=\"https:\/\/unser-quartier.de\/stadt-bergheim\/corona-holt-uns-wieder-ein\/\">Weiterlesen<\/a><\/p>\n","protected":false},"author":48,"featured_media":0,"parent":0,"menu_order":0,"comment_status":"closed","ping_status":"closed","template":"","meta":{"_bbp_topic_count":0,"_bbp_reply_count":0,"_bbp_total_topic_count":0,"_bbp_total_reply_count":0,"_bbp_voice_count":0,"_bbp_anonymous_reply_count":0,"_bbp_topic_count_hidden":0,"_bbp_reply_count_hidden":0,"_bbp_forum_subforum_count":0,"jetpack_post_was_ever_published":false,"footnotes":""},"class_list":["post-32589","page","type-page","status-publish","hentry","nodate","item-wrap"],"jetpack_sharing_enabled":true,"jetpack_shortlink":"https:\/\/wp.me\/P3vhfJ-8tD","jetpack_likes_enabled":true,"_links":{"self":[{"href":"https:\/\/unser-quartier.de\/stadt-bergheim\/wp-json\/wp\/v2\/pages\/32589","targetHints":{"allow":["GET"]}}],"collection":[{"href":"https:\/\/unser-quartier.de\/stadt-bergheim\/wp-json\/wp\/v2\/pages"}],"about":[{"href":"https:\/\/unser-quartier.de\/stadt-bergheim\/wp-json\/wp\/v2\/types\/page"}],"author":[{"embeddable":true,"href":"https:\/\/unser-quartier.de\/stadt-bergheim\/wp-json\/wp\/v2\/users\/48"}],"replies":[{"embeddable":true,"href":"https:\/\/unser-quartier.de\/stadt-bergheim\/wp-json\/wp\/v2\/comments?post=32589"}],"version-history":[{"count":0,"href":"https:\/\/unser-quartier.de\/stadt-bergheim\/wp-json\/wp\/v2\/pages\/32589\/revisions"}],"wp:attachment":[{"href":"https:\/\/unser-quartier.de\/stadt-bergheim\/wp-json\/wp\/v2\/media?parent=32589"}],"curies":[{"name":"wp","href":"https:\/\/api.w.org\/{rel}","templated":true}]}}

<p><span style="-webkit-text-size-adjust: 100%; font-size: 20px; font-family: arial, helvetica, sans-serif;">Corona holt uns wieder ein</span></p>
<p><span style="font-size: 20px; font-family: arial, helvetica, sans-serif;">Aufgrund der steigenden Coronazahlen und der neuen Schutzverordnung des Kreises und der städtischen Anordnung, muss das FuNTASTIK für alle Gruppenaktivitäten und Veranstaltungen wieder für unbestimmte Zeit geschlossen werden. Das ist schade, aber nicht zu ändern! Deshalb findet auch am Samstag den 24.10, die Workshopreihe &#8220;Begegnung in 5 Gängen&#8221;, nicht statt</span></p>
<p><span style="font-size: 20px; font-family: arial, helvetica, sans-serif;">Von Elisabeth Alt-Kaul</span><br />
<span style="font-size: 20px; font-family: arial, helvetica, sans-serif;">und das Seniorenportal Bergheim</span></p>

<p>Corona holt uns wieder ein</p>
<p>Aufgrund der steigenden Coronazahlen und der neuen Schutzverordnung des Kreises und der städtischen Anordnung, muss das FuNTASTIK für alle Gruppenaktivitäten und Veranstaltungen wieder für unbestimmte Zeit geschlossen werden. Das ist schade, aber nicht zu ändern! Deshalb findet auch am Samstag den 24.10, die Workshopreihe &#8220;Begegnung in 5 Gängen&#8221;, nicht statt</p>
<p> &hellip; </p>
<p><a class="more-link btn" href="https://unser-quartier.de/stadt-bergheim/corona-holt-uns-wieder-ein/">Weiterlesen</a></p>
