{"id":32666,"date":"2020-11-17T10:02:48","date_gmt":"2020-11-17T09:02:48","guid":{"rendered":"https:\/\/unser-quartier.de\/stadt-bergheim\/?page_id=32666"},"modified":"2020-11-17T10:02:48","modified_gmt":"2020-11-17T09:02:48","slug":"stadtverwaltung-informiert","status":"publish","type":"page","link":"https:\/\/unser-quartier.de\/stadt-bergheim\/stadtverwaltung-informiert\/","title":{"rendered":"Stadtverwaltung informiert &#8230;"},"content":{"rendered":"<p><span style=\"font-size: 20px; font-family: arial, helvetica, sans-serif;\">Digitalisierung und Modernisierung an den Bergheimer Schulen Ausstattung mit Notebooks und iPads befindet sich in der Umsetzung<\/span><\/p>\n<p><span style=\"font-size: 20px; font-family: arial, helvetica, sans-serif;\"><br \/>\nIm Bereich der Digitalisierung hat die Kreisstadt Bergheim bereits zahlreiche zukunftsweisende Themen und Projekte auf den Weg gebracht. Besonders im Fokus steht auch der Bereich Digitalisierung an den Bergheimer Schulen.\u00a0Und so wurden in diesem Sommer f\u00fcr Bergheim zwei F\u00f6rderprogramme \u201eNotebooks f\u00fcr Lehrkr\u00e4fte und iPads f\u00fcr Sch\u00fclerinnen und Sch\u00fcler mit besonderem Bedarf\u201c aufgegriffen, die die Landesregierung NRW zur Verbesserung der digitalen Ausstattung an Schulen auf den Weg gebracht hat. Bergheim stehen aus diesem F\u00f6rderprogramm insgesamt 271.500 \u20ac f\u00fcr die Anschaffung von Endger\u00e4ten f\u00fcr Lehrkr\u00e4fte zur Verf\u00fcgung. Weitere rund 450.000 \u20ac F\u00f6rdermittel stehen f\u00fcr die Anschaffung digitaler Endger\u00e4te f\u00fcr Sch\u00fclerinnen und Sch\u00fcler zur Verf\u00fcgung. Der zu leistende Eigenanteil in H\u00f6he rund 45.000 \u20ac wird aus st\u00e4dtischen Haushaltsmitteln aufgewendet.<br \/>\nDie Kreisstadt sowie die Bergheimer Schulleitungen haben sich einheitlich f\u00fcr die Anschaffung ausgesprochen. F\u00fcr die Lehrkr\u00e4fte werden ca. 560 Notebooks und f\u00fcr die Sch\u00fclerinnen und Sch\u00fcler rund 1.300 iPads bereitgestellt.<br \/>\n\u201eIch freue mich sehr, dass wir den Schulen, die in diesem Jahr coronabedingt schon so manches auf sich nehmen mussten, heute mal eine gute Nachricht verk\u00fcnden und die Sch\u00fclerinnen und Sch\u00fcler sowie auch das Lehrpersonal in ihrem Schulalltag mit digitalen Endger\u00e4ten unterst\u00fctzen k\u00f6nnen. Auch dass alles so schnell und unkompliziert auf den Weg gebracht wurde, finde ich gro\u00dfartig. Die Lieferung der Ger\u00e4te an unsere Bergheimer Schulen ist bereits angelaufen und das Team des IT-Schulsupports ist nun dabei, diese nach und nach einzurichten und f\u00fcr den Schulbetrieb einsatzbereit zu machen.\u201c, so B\u00fcrgermeister Volker Mie\u00dfeler.<br \/>\nNeben den Endger\u00e4ten lassen die beiden F\u00f6rderrichtlinien auch die Anschaffung von Zubeh\u00f6r, wie Notebooktaschen, kabelgebundene M\u00e4use bzw. iPad-Schutzh\u00fcllen zu.<br \/>\nDie Einbindung der Notebooks und iPads in die in den Schulen eingesetzte IT-Struktur, Tablet- Koffer oder Ladeger\u00e4te k\u00f6nnen hingegen nicht gef\u00f6rdert werden, daher wird die Kreisstadt zus\u00e4tzlich ca. 150.000 \u20ac eigener Haushaltsmittel hierf\u00fcr zur Verf\u00fcgung stellen. Dadurch wird die Bereitstellungsqualit\u00e4t der Ger\u00e4te sichergestellt und die Lehrkr\u00e4fte sowie der IT-Schulsupport erhalten die M\u00f6glichkeit, alle neuen Ger\u00e4te zentral zu verwalten und unterrichtsgerecht zu steuern.<br \/>\nDer IT-Schulsupport der Kreisstadt Bergheim betreut bis heute bereits ca. 1.200 digitale Endger\u00e4te an den 18 Schulstandorten in Bergheim. K\u00fcnftig liegt die Betreuung von ca. 3.100 Ger\u00e4ten in seiner Verantwortung. Umso erfreulicher ist es, dass das Team des Schulsupports Verst\u00e4rkung erh\u00e4lt. Auch die n\u00e4chsten zu besetzenden IT-Stellen bei der Kreisstadt Bergheim sind bereits ausgeschrieben.<\/span><\/p>\n","protected":false},"excerpt":{"rendered":"<p>Digitalisierung und Modernisierung an den Bergheimer Schulen Ausstattung mit Notebooks und iPads befindet sich in der Umsetzung<\/p>\n<p> Im Bereich der Digitalisierung hat die Kreisstadt Bergheim bereits zahlreiche zukunftsweisende Themen und Projekte auf den Weg gebracht. Besonders im Fokus steht auch der Bereich Digitalisierung an den Bergheimer Schulen.\u00a0Und so wurden in diesem Sommer f\u00fcr Bergheim &hellip; <\/p>\n<p><a class=\"more-link btn\" href=\"https:\/\/unser-quartier.de\/stadt-bergheim\/stadtverwaltung-informiert\/\">Weiterlesen<\/a><\/p>\n","protected":false},"author":48,"featured_media":0,"parent":0,"menu_order":0,"comment_status":"closed","ping_status":"closed","template":"","meta":{"_bbp_topic_count":0,"_bbp_reply_count":0,"_bbp_total_topic_count":0,"_bbp_total_reply_count":0,"_bbp_voice_count":0,"_bbp_anonymous_reply_count":0,"_bbp_topic_count_hidden":0,"_bbp_reply_count_hidden":0,"_bbp_forum_subforum_count":0,"jetpack_post_was_ever_published":false,"footnotes":""},"class_list":["post-32666","page","type-page","status-publish","hentry","nodate","item-wrap"],"jetpack_sharing_enabled":true,"jetpack_shortlink":"https:\/\/wp.me\/P3vhfJ-8uS","jetpack_likes_enabled":true,"_links":{"self":[{"href":"https:\/\/unser-quartier.de\/stadt-bergheim\/wp-json\/wp\/v2\/pages\/32666","targetHints":{"allow":["GET"]}}],"collection":[{"href":"https:\/\/unser-quartier.de\/stadt-bergheim\/wp-json\/wp\/v2\/pages"}],"about":[{"href":"https:\/\/unser-quartier.de\/stadt-bergheim\/wp-json\/wp\/v2\/types\/page"}],"author":[{"embeddable":true,"href":"https:\/\/unser-quartier.de\/stadt-bergheim\/wp-json\/wp\/v2\/users\/48"}],"replies":[{"embeddable":true,"href":"https:\/\/unser-quartier.de\/stadt-bergheim\/wp-json\/wp\/v2\/comments?post=32666"}],"version-history":[{"count":0,"href":"https:\/\/unser-quartier.de\/stadt-bergheim\/wp-json\/wp\/v2\/pages\/32666\/revisions"}],"wp:attachment":[{"href":"https:\/\/unser-quartier.de\/stadt-bergheim\/wp-json\/wp\/v2\/media?parent=32666"}],"curies":[{"name":"wp","href":"https:\/\/api.w.org\/{rel}","templated":true}]}}