{"id":3450,"date":"2014-11-03T15:35:49","date_gmt":"2014-11-03T14:35:49","guid":{"rendered":"http:\/\/unser-quartier.de\/stadt-bergheim\/?page_id=3450"},"modified":"2018-07-02T13:41:24","modified_gmt":"2018-07-02T11:41:24","slug":"st-lazarus-haus","status":"publish","type":"page","link":"https:\/\/unser-quartier.de\/stadt-bergheim\/informationen\/untermenue-2\/st-lazarus-haus\/","title":{"rendered":"St. Lazarus Haus"},"content":{"rendered":"<p><span style=\"font-size: 12pt\"><strong>Der Gespr\u00e4chskreis f\u00fcr Angeh\u00f6rige von demenzkranken Menschen findet jeden 2. Donnerstag des Monats ab 17.00 Uhr statt.<\/strong><\/span><\/p>\n<p><span style=\"font-size: 12pt\">Treffpunkt ist das \u201eCaf\u00e9 Auszeit\u201c im Erdgeschoss des St. LAZARUS Hauses in Bergheim an der Zeissstra\u00dfe.<br \/>\n<\/span><br \/>\n<span style=\"font-size: 12pt\"> Themenspezifische Vortr\u00e4ge sind auf Nachfrage m\u00f6glich.<\/span><\/p>\n<p><span style=\"font-size: 12pt\">Jeder pflegende Angeh\u00f6rige ist in diesem Gespr\u00e4chskreis herzlich willkommen.<\/span><br \/>\n<span style=\"font-size: 12pt\"> Teilnahme ist kostenlos! Wir freuen uns auf Ihr Kommen!<\/span><\/p>\n<p><span style=\"font-size: 12pt\"><strong>Ansprechpartner:<\/strong> Marc Hermann (Dipl.-Sozialp\u00e4dagoge)<br \/>\n<strong>LAZARUS Betriebsf\u00fchrungs- und Tr\u00e4gergesellschaft mbH<br \/>\n<\/strong><strong> <strong>St. LAZARUS Haus Bergheim<\/strong><\/strong> Zeissstra\u00dfe 2\u20136 50126 Bergheim<\/span><br \/>\n<span style=\"font-size: 12pt\"> Telefon: 0 22 71\/6 79 11 23<\/span><br \/>\n<span style=\"font-size: 12pt\"> Telefax: 0 22 71\/6 79 11 15<\/span><br \/>\n<span style=\"font-size: 12pt\"> E-Mail: <a href=\"mailto:mhn@lazarus.de\"><strong><span style=\"text-decoration: underline\"><span style=\"color: #0066cc\">mhn@lazarus.de<\/span><\/span><\/strong><\/a><\/span><\/p>\n","protected":false},"excerpt":{"rendered":"<p><strong>Der Gespr\u00e4chskreis f\u00fcr Angeh\u00f6rige von demenzkranken Menschen findet jeden 2. Donnerstag des Monats ab 17.00 Uhr statt.<\/strong><\/p>\n<p>Treffpunkt ist das \u201eCaf\u00e9 Auszeit\u201c im Erdgeschoss des St. LAZARUS Hauses in Bergheim an der Zeissstra\u00dfe. Themenspezifische Vortr\u00e4ge sind auf Nachfrage m\u00f6glich.<\/p>\n<p>Jeder pflegende Angeh\u00f6rige ist in diesem Gespr\u00e4chskreis herzlich willkommen. Teilnahme ist kostenlos! Wir freuen uns auf &hellip; <\/p>\n<p><a class=\"more-link btn\" href=\"https:\/\/unser-quartier.de\/stadt-bergheim\/informationen\/untermenue-2\/st-lazarus-haus\/\">Weiterlesen<\/a><\/p>\n","protected":false},"author":48,"featured_media":0,"parent":3332,"menu_order":16,"comment_status":"open","ping_status":"closed","template":"","meta":{"_bbp_topic_count":0,"_bbp_reply_count":0,"_bbp_total_topic_count":0,"_bbp_total_reply_count":0,"_bbp_voice_count":0,"_bbp_anonymous_reply_count":0,"_bbp_topic_count_hidden":0,"_bbp_reply_count_hidden":0,"_bbp_forum_subforum_count":0,"jetpack_post_was_ever_published":false,"footnotes":""},"class_list":["post-3450","page","type-page","status-publish","hentry","nodate","item-wrap"],"jetpack_sharing_enabled":true,"jetpack_shortlink":"https:\/\/wp.me\/P3vhfJ-TE","jetpack_likes_enabled":true,"_links":{"self":[{"href":"https:\/\/unser-quartier.de\/stadt-bergheim\/wp-json\/wp\/v2\/pages\/3450","targetHints":{"allow":["GET"]}}],"collection":[{"href":"https:\/\/unser-quartier.de\/stadt-bergheim\/wp-json\/wp\/v2\/pages"}],"about":[{"href":"https:\/\/unser-quartier.de\/stadt-bergheim\/wp-json\/wp\/v2\/types\/page"}],"author":[{"embeddable":true,"href":"https:\/\/unser-quartier.de\/stadt-bergheim\/wp-json\/wp\/v2\/users\/48"}],"replies":[{"embeddable":true,"href":"https:\/\/unser-quartier.de\/stadt-bergheim\/wp-json\/wp\/v2\/comments?post=3450"}],"version-history":[{"count":0,"href":"https:\/\/unser-quartier.de\/stadt-bergheim\/wp-json\/wp\/v2\/pages\/3450\/revisions"}],"up":[{"embeddable":true,"href":"https:\/\/unser-quartier.de\/stadt-bergheim\/wp-json\/wp\/v2\/pages\/3332"}],"wp:attachment":[{"href":"https:\/\/unser-quartier.de\/stadt-bergheim\/wp-json\/wp\/v2\/media?parent=3450"}],"curies":[{"name":"wp","href":"https:\/\/api.w.org\/{rel}","templated":true}]}}

<p><span style="font-size: 12pt"><strong>Der Gesprächskreis für Angehörige von demenzkranken Menschen findet jeden 2. Donnerstag des Monats ab 17.00 Uhr statt.</strong></span></p>
<p><span style="font-size: 12pt">Treffpunkt ist das „Café Auszeit“ im Erdgeschoss des St. LAZARUS Hauses in Bergheim an der Zeissstraße.<br />
</span><br />
<span style="font-size: 12pt"> Themenspezifische Vorträge sind auf Nachfrage möglich.</span></p>
<p><span style="font-size: 12pt">Jeder pflegende Angehörige ist in diesem Gesprächskreis herzlich willkommen.</span><br />
<span style="font-size: 12pt"> Teilnahme ist kostenlos! Wir freuen uns auf Ihr Kommen!</span></p>
<p><span style="font-size: 12pt"><strong>Ansprechpartner:</strong> Marc Hermann (Dipl.-Sozialpädagoge)<br />
<strong>LAZARUS Betriebsführungs- und Trägergesellschaft mbH<br />
</strong><strong> <strong>St. LAZARUS Haus Bergheim</strong></strong> Zeissstraße 2–6 50126 Bergheim</span><br />
<span style="font-size: 12pt"> Telefon: 0 22 71/6 79 11 23</span><br />
<span style="font-size: 12pt"> Telefax: 0 22 71/6 79 11 15</span><br />
<span style="font-size: 12pt"> E-Mail: <a href="mailto:mhn@lazarus.de"><strong><span style="text-decoration: underline"><span style="color: #0066cc">mhn@lazarus.de</span></span></strong></a></span></p>

<p><strong>Der Gesprächskreis für Angehörige von demenzkranken Menschen findet jeden 2. Donnerstag des Monats ab 17.00 Uhr statt.</strong></p>
<p>Treffpunkt ist das „Café Auszeit“ im Erdgeschoss des St. LAZARUS Hauses in Bergheim an der Zeissstraße. Themenspezifische Vorträge sind auf Nachfrage möglich.</p>
<p>Jeder pflegende Angehörige ist in diesem Gesprächskreis herzlich willkommen. Teilnahme ist kostenlos! Wir freuen uns auf &hellip; </p>
<p><a class="more-link btn" href="https://unser-quartier.de/stadt-bergheim/informationen/untermenue-2/st-lazarus-haus/">Weiterlesen</a></p>
