{"id":3477,"date":"2014-11-03T16:15:50","date_gmt":"2014-11-03T15:15:50","guid":{"rendered":"http:\/\/unser-quartier.de\/stadt-bergheim\/?page_id=3477"},"modified":"2024-04-25T08:28:53","modified_gmt":"2024-04-25T06:28:53","slug":"pflegeberaterin","status":"publish","type":"page","link":"https:\/\/unser-quartier.de\/stadt-bergheim\/informationen\/untermenue-2\/pflegeberaterin\/","title":{"rendered":"Kreisstadt Bergheim"},"content":{"rendered":"<p><span style=\"color: #1f1a22;\"><span style=\"font-family: Arial, serif;\"><span style=\"font-size: xx-large;\"><b>Pflege und Senioren<\/b><\/span><\/span><\/span><\/p>\n<p><strong><span style=\"color: #000000; font-size: 20px;\"><span style=\"font-family: Arial, serif;\">In der Abteilung 7.2 \u201eInklusion und Teilhabe\u201c umfassen die Aufgabenbereiche<\/span><\/span><\/strong><\/p>\n<ul>\n<li><span style=\"color: #000000; font-size: 20px;\"><span style=\"font-family: Arial, serif;\">Fachstelle \u00c4lterwerden <\/span><\/span><\/li>\n<li><span style=\"color: #000000; font-size: 20px;\"><span style=\"font-family: Arial, serif;\">Pflegeberatung und Seniorenbegleitung, Ma\u00dfnahmenkonzeption\u201c<\/span><\/span><\/li>\n<\/ul>\n<p><span style=\"color: #000000; font-size: 20px;\"><span style=\"font-family: Arial, serif;\">den umfassenden Komplex Pflege und Senioren. <\/span><\/span><\/p>\n<p>&nbsp;<\/p>\n<p><span style=\"font-family: Arial, serif; font-size: 20px;\">Die \u201eFachstelle \u00c4lterwerden&#8221; ist zust\u00e4ndig f\u00fcr:<\/span><\/p>\n<p><span style=\"font-family: Arial, serif; font-size: 20px;\">a. Ehrenamtliche Seniorenbegleitung<\/span><\/p>\n<p><span style=\"font-family: Arial, serif; font-size: 20px;\">b. Koordination Pr\u00e4ventive Hausbesuche<\/span><\/p>\n<p><span style=\"font-size: 20px;\"><span style=\"font-family: Times New Roman, serif;\">c. <\/span><span style=\"font-family: Arial, serif;\">Aktualisierung Wegweiser f\u00fcr \u00e4ltere Menschen in der Kreisstadt Bergheim <\/span><\/span><\/p>\n<p><span style=\"font-family: Arial, serif; font-size: 20px;\">d. Mitwirken im Gremium \u201eAllianz f\u00fcr Demenz&#8221;<\/span><\/p>\n<p><span style=\"font-family: Arial, serif; font-size: 20px;\">e. Mitwirken am Seniorenkonzept der Kreisstadt Bergheim<\/span><\/p>\n<p><span style=\"color: #000000; font-size: 20px;\"><span style=\"font-family: Arial, serif;\">Das Seniorenportal zur\u00a0Vernetzung von Akteuren und Interessierten an der Seniorenarbeit ist ein Projekt, das initiiert wurde von der Fachstelle \u00c4lterwerden. <\/span><\/span><\/p>\n<p><span style=\"color: #000000; font-size: 20px;\"><span style=\"font-family: Arial, serif;\">Ansprechpartnerin der Fachstelle \u00c4lterwerden ist:<\/span><\/span><\/p>\n<p><span style=\"font-family: Times New Roman, serif; font-size: 20px;\"><strong><span style=\"color: #000000;\"><span style=\"font-family: Arial, serif;\">Marion Eckart<\/span><\/span><\/strong><\/span><\/p>\n<p><span style=\"font-family: Times New Roman, serif; font-size: 20px;\"><span style=\"color: #000000;\"><span style=\"font-family: Arial, serif;\">Kreisstadt Bergheim \u2013 Der B\u00fcrgermeister<\/span><\/span><\/span><\/p>\n<p><span style=\"font-family: Times New Roman, serif; font-size: 20px;\"><span style=\"color: #000000;\"><span style=\"font-family: Arial, serif;\">Fachbereich 7: Soziales und Integration<br \/>\nAbteilung 7.2 Inklusion und Teilhabe Integration<\/span><\/span><\/span><\/p>\n<p><span style=\"font-family: Times New Roman, serif; font-size: 20px;\"><span style=\"color: #000000;\"><span style=\"font-family: Arial, serif;\">Bethlehemerstra\u00dfe 9-11, 50126 Bergheim<br \/>\nTel: (02271) 89 -709<\/span><\/span><\/span><\/p>\n<p><span style=\"font-family: Times New Roman, serif; font-size: 20px;\"><span style=\"color: #000000;\"><span style=\"font-family: Arial, serif;\">E-Mail:\u00a0<\/span><\/span><span style=\"color: #0000ff;\"><u><a href=\"mailto:aelterwerden@bergheim.de\"><span style=\"color: #1e73be;\"><span style=\"font-family: Arial, serif;\">aelterwerden@bergheim.de<\/span><\/span><\/a><\/u><\/span><\/span><\/p>\n<p>&nbsp;<\/p>\n<p><span style=\"font-family: Arial, serif; font-size: 20px;\">Die \u201ePflegeberatung und Seniorenbegleitung\/Ma\u00dfnahmenkonzeption&#8221; ist<\/span><\/p>\n<p><span style=\"font-family: Arial, serif; font-size: 20px;\">zust\u00e4ndig f\u00fcr:<\/span><\/p>\n<ul>\n<li><span style=\"font-family: Arial, serif; font-size: 20px;\">Einzelfallpflegeberatung<\/span><\/li>\n<li><span style=\"font-family: Arial, serif; font-size: 20px;\">Betreuung und Organisation des Beratungsb\u00fcros Wohnen im<\/span><\/li>\n<\/ul>\n<p><span style=\"font-family: Arial, serif; font-size: 20px;\">Alter\/Musterdemenzwohnung in der Klosterstrasse 1 in Bergheim,<br \/>\nTelefon Nummer: 02271-8365001 in Kooperation mit dem Rhein-Erft-Kreis<\/span><\/p>\n<p><span style=\"font-size: 20px;\"><span style=\"font-family: Times New Roman, serif;\">&#8211; <\/span><span style=\"font-family: Arial, serif;\">Betreuung Pflegesorgentelefon in Kooperation mit der Alzheimer Gesellschaft, Telefon Nummer: 836590 <\/span><\/span><\/p>\n<p><span style=\"font-family: Arial, serif; font-size: 20px;\">&#8211; Offene Altenarbeit, zust\u00e4ndiger Kontakt mit den einzelnen Tr\u00e4gern, Koordination von <\/span><span style=\"font-family: Arial, serif; font-size: 20px;\">F\u00f6rderma\u00dfnahmen<\/span><\/p>\n<ul>\n<li><span style=\"font-family: Arial, serif; font-size: 20px;\">Mitwirken am Seniorenkonzept der Kreisstadt Bergheim<\/span><\/li>\n<li><span style=\"font-family: Arial, serif; font-size: 20px;\">Mitwirken im Gremium \u201eAllianz f\u00fcr Demenz&#8221;<\/span><\/li>\n<\/ul>\n<p><span style=\"color: #000000; font-size: 20px;\"><span style=\"font-family: Arial, serif;\">Ansprechpartnerin der Pflegeberatung und Seniorenbegleitung\/Ma\u00dfnahmenkonzeption ist <\/span><\/span><\/p>\n<ul>\n<li><span style=\"font-family: Times New Roman, serif; font-size: 20px;\"><strong><span style=\"color: #000000;\"><span style=\"font-family: Arial, serif;\">Petra Sieben<\/span><\/span><\/strong><\/span><\/li>\n<li><span style=\"font-family: Times New Roman, serif; font-size: 20px;\"><span style=\"color: #000000;\"><span style=\"font-family: Arial, serif;\">Kreisstadt Bergheim \u2013 Der B\u00fcrgermeister<\/span><\/span><\/span><\/li>\n<li><span style=\"font-family: Times New Roman, serif; font-size: 20px;\"><span style=\"color: #000000;\"><span style=\"font-family: Arial, serif;\">Fachbereich 7: Soziales und Integration<br \/>\nAbteilung 7.2 Inklusion und Teilhabe Integration<\/span><\/span><\/span><\/li>\n<li><span style=\"font-family: Times New Roman, serif; font-size: 20px;\"><span style=\"color: #000000;\"><span style=\"font-family: Arial, serif;\">Bethlehemerstra\u00dfe 9-11, 50126 Bergheim<br \/>\nTel: (02271) 89 &#8211; 630<\/span><\/span><\/span><\/li>\n<\/ul>\n<p><span style=\"font-size: 20px;\"><span style=\"color: #000000;\"><span style=\"font-family: Arial, serif;\">E-Mail:\u00a0<\/span><\/span><span style=\"color: #0000ff;\"><u><a href=\"mailto:pflegeberatung@bergheim.de\"><span style=\"font-family: Arial, serif;\">pflegeberatung@bergheim.de<\/span><\/a><\/u><\/span><\/span><\/p>\n<p><span style=\"color: #000000; font-size: 20px;\"><span style=\"font-family: Arial, serif;\">Frau Sieben wird in der Einzelpflegeberatung von Frau Eva Brandt-Fischer unterst\u00fctzt. Frau Brandt-Fischer ber\u00e4t dienstags im Beratungsb\u00fcro Wohnen im Alter.<\/span><\/span><\/p>\n<p><span style=\"font-family: Arial, serif; font-size: 20px;\"><u>Einzelfallpflegeberatung<\/u><\/span><\/p>\n<p><span style=\"font-family: Open Sans, serif; font-size: 20px;\">Die beiden Pflegeberaterinnen Frau Eva Brandt- Fischer und Frau Petra Sieben bilden das Team der kommunalen Pflegeberatung.<\/span><\/p>\n<p><span style=\"font-size: 20px;\"><span style=\"font-family: Open Sans, serif;\">Bei der kommunalen Pflegeberatung handelt es sich um eine unabh\u00e4ngige, neutrale und kostenfreie Beratung rund um das Thema \u201ePflege\u201c. Die Pflegeberaterinnen vermitteln Ansprechpartner, kl\u00e4ren die individuelle Bedarfssituation und informieren zu verschiedenen M\u00f6glichkeiten, um die Versorgung sicherzustellen. Das Angebot richtet sich an Menschen mit Hilfebedarf oder deren Angeh\u00f6rige, sowie<\/span><span style=\"font-family: Open Sans, serif;\"> Menschen im Vorfeld von Pflege oder Behinderung. <\/span><span style=\"font-family: Open Sans, serif;\">Sie sollen mit Hilfe des Beratungsangebots selbstbestimmt die Wahl f\u00fcr das beste Angebot f\u00fcr ihre pers\u00f6nliche Lebenssituation treffen. Ziel ist es, durch passende Hilfestellung einen m\u00f6glichst langen Verbleib in der gewohnten Umgebung zu erm\u00f6glichen.<\/span><\/span><\/p>\n<p><span style=\"font-family: Open Sans, serif; font-size: 20px;\">Sie finden die Pflegeberatung im Rathaus der Kreisstadt Bergheim Bethlehemer Stra\u00dfe 9-11, 50126 Bergheim. <\/span><\/p>\n<p><span style=\"font-family: Open Sans, serif; font-size: 20px;\">Menschen, die aufgrund ihres Alters oder aus gesundheitlichen Gr\u00fcnden nicht in der Lage sind, den Weg nach Bergheim zur\u00fcckzulegen, k\u00f6nnen auch gerne zu Hause von einer der beiden Pflegeberaterinnen eine individuelle, kostenfreie und neutrale Pflege- und Sozialberatung erhalten. <\/span><\/p>\n<p><span style=\"font-family: Open Sans, serif; font-size: 20px;\">Zus\u00e4tzlich bietet die Pflegeberatung dienstags und donnerstags von 9:00-15:00 Uhr die Gelegenheit und M\u00f6glichkeit eine Beratung im Beratungsb\u00fcro Wohnen im Alter, Klosterstra\u00dfe 1, 50126 Bergheim, wahrzunehmen. Hier k\u00f6nnen neben dem Beratungsangebot Hilfsmittel, deren Technik und Handhabung vor Ort erkl\u00e4rt werden. Weiterhin besteht die M\u00f6glichkeit, die Gestaltung eines pflegerischen Umfeldes an praktischen Beispielen zu besprechen. Die Wohnumfeldgestaltung erm\u00f6glicht eine Erleichterung des Pflegealltags f\u00fcr den pflegebed\u00fcrftigen Menschen und dessen Pflegeperson.<\/span><\/p>\n<p><span style=\"font-size: 20px;\"><span style=\"font-family: Open Sans, serif;\"><b>Egal, ob Sie sich f\u00fcr eine Beratung im Rathaus, im Beratungsb\u00fcro Wohnen im Alter oder zu Hause entscheiden, melden Sie sich zwecks Terminvereinbarung unter 02271 89630 oder per E-Mail an\u00a0<\/b><\/span><span style=\"color: #0000ff;\"><u><a href=\"mailto:pflegeberatung@bergheim.de\"><span style=\"font-family: Open Sans, serif;\"><b>pflegeberatung@bergheim.de<\/b><\/span><\/a><\/u><\/span><span style=\"font-family: Open Sans, serif;\"><b>. <\/b><\/span><\/span><\/p>\n<p>&nbsp;<\/p>\n<p><span style=\"color: #1f1a22;\"><span style=\"font-family: Arial, serif;\"><span style=\"font-size: xx-large;\"><b>Pflegeberatung der Kreisstadt Bergheim<\/b><\/span><\/span><\/span><\/p>\n<p><span style=\"color: #000000; font-size: 20px;\"><span style=\"font-family: Arial, serif;\"><b>Gespr\u00e4chskreis f\u00fcr pflegende Angeh\u00f6rige<\/b><\/span><\/span><\/p>\n<p><span style=\"color: #000000; font-size: 20px;\"><span style=\"font-family: Arial, serif;\">Zum Jahresbeginn wurde die kommunale Pflegeberatung in der Kreisstadt Bergheim personell neu aufgestellt. Die beiden Pflegeberaterinnen Eva Brandt- Fischer und Petra Sieben bilden nunmehr das Team der kommunalen Pflegeberatung. Bei der kommunalen Pflegeberatung handelt es sich um eine unabh\u00e4ngige, neutrale und kostenfreie Beratung rund um das Thema \u201ePflege\u201c. Die Pflegeberaterinnen vermitteln Ansprechpartner, kl\u00e4ren die individuelle Bedarfssituation und informieren zu verschiedenen M\u00f6glichkeiten, um die Versorgung sicherzustellen.<\/span><\/span><\/p>\n<p><span style=\"font-size: 20px;\"><span style=\"color: #000000;\"><span style=\"font-family: Arial, serif;\">Das Angebot richtet sich an Menschen mit Hilfebedarf oder deren Angeh\u00f6rige sowie Menschen im Vorfeld von Pflege oder Behinderung. Sie sollen mit Hilfe des Beratungsangebots selbstbestimmt die Wahl f\u00fcr das beste Angebot f\u00fcr ihre pers\u00f6nliche Lebenssituation treffen. Ziel ist es, durch passende Hilfestellung einen m\u00f6glichst langen Verbleib in der gewohnten Umgebung zu erm\u00f6glichen.<\/p>\n<p><\/span><\/span><span style=\"color: #000000;\"><span style=\"font-family: Arial, serif;\"><b>Sie finden die Pflegeberatung im Rathaus der Kreisstadt Bergheim, Bethlehemer Stra\u00dfe 9-11, 50126 Bergheim.<\/b><\/span><\/span><\/span><\/p>\n<p><span style=\"font-size: 20px;\"><span style=\"color: #000000;\"><span style=\"font-family: Arial, serif;\">Menschen, die aufgrund ihres Alters oder aus gesundheitlichen Gr\u00fcnden nicht in der Lage sind, den Weg nach Bergheim zur\u00fcckzulegen, k\u00f6nnen auch gerne zu Hause von einer der beiden Pflegeberaterinnen eine individuelle, kostenfreie und neutrale Pflege- und Sozialberatung erhalten. Zus\u00e4tzlich bietet die<strong> Pflegeberatung dienstags und donnerstags von 9:00-15:00 Uhr<\/strong> die Gelegenheit und M\u00f6glichkeit eine Beratung im <\/span><\/span><span style=\"color: #000000;\"><span style=\"font-family: Arial, serif;\"><b>Beratungsb\u00fcro Wohnen im Alter, Klosterstra\u00dfe 1, 50126 Bergheim<\/b><\/span><\/span><span style=\"color: #000000;\"><span style=\"font-family: Arial, serif;\">, wahrzunehmen.<\/span><\/span><\/span><\/p>\n<p><span style=\"font-size: 20px;\"><span style=\"color: #000000;\"><span style=\"font-family: Arial, serif;\">Hier k\u00f6nnen neben dem Beratungsangebot Hilfsmittel, deren Technik und Handhabung vor Ort erkl\u00e4rt werden. Weiterhin besteht die M\u00f6glichkeit, die Gestaltung eines pflegerischen Umfeldes an praktischen Beispielen zu besprechen. Die Wohnumfeldgestaltung erm\u00f6glicht eine Erleichterung des Pflegealltags f\u00fcr den pflegebed\u00fcrftigen Menschen und dessen Pflegeperson.<\/span><\/span><\/span><\/p>\n<p><span style=\"font-size: 20px;\"><span style=\"color: #000000;\"><span style=\"font-family: Arial, serif;\">Egal, ob Sie sich f\u00fcr eine Beratung im Rathaus, im Beratungsb\u00fcro Wohnen im Alter oder zu Hause entscheiden, melden Sie sich zwecks Terminvereinbarung unter 02271\/ 89630 oder per E-Mail an\u00a0<\/span><\/span><a href=\"mailto:pflegeberatung@bergheim.de\"><span style=\"color: #1e73be;\"><span style=\"font-family: Arial, serif;\"><u>pflegeberatung@bergheim.de.<\/u><\/span><\/span><\/a><\/span><\/p>\n<p><span style=\"font-size: 20px;\"><span style=\"color: #000000;\"><span style=\"font-family: Arial, serif;\"><b>Angeh\u00f6rigen-Gespr\u00e4chskreis startet am <\/b><\/span><\/span><span style=\"font-family: Arial, serif;\"><b>30.04.2024<\/b><\/span><\/span><\/p>\n<p><span style=\"font-size: 20px;\"><span style=\"color: #000000;\"><span style=\"font-family: Arial, serif;\">Ab dem 30.04.2024 April 2024 bietet die Pflegeberatung der Stadtverwaltung Bergheim an jedem letzten Dienstag im Monat einen Gespr\u00e4chskreis f\u00fcr pflegende Angeh\u00f6rige an, in dem man kompetente Unterst\u00fctzung erhalten, mit Gleichgesinnten Erfahrungen austauschen und fachliche Informationen erhalten kann.\u00a0 Die Treffen finden am letzten Dienstag im Monat von 15.00 Uhr bis 16.30 Uhr <\/span><\/span><span style=\"font-family: Arial, serif;\">Beratungsb\u00fcro <\/span><span style=\"color: #000000;\"><span style=\"font-family: Arial, serif;\">Wohnen im Alter, Klosterstra\u00dfe 1, 50126 Bergheim statt.<\/p>\n<p>Zwecks R\u00fcckfragen und Anmeldung wenden Sie sich bitte an die Pflegeberatung der Kreisstadt Bergheim, E-Mail:\u00a0<\/span><\/span><a href=\"mailto:pflegeberatung@bergheim.de\"><span style=\"color: #1e73be;\"><span style=\"font-family: Arial, serif;\"><u>pflegeberatung@bergheim.de<\/u><\/span><\/span><\/a><span style=\"color: #000000;\"><span style=\"font-family: Arial, serif;\"> oder<br \/>\nTelefon: 02271-89525.<\/span><\/span><\/span><\/p>\n<p><span style=\"color: #000000; font-size: 20px;\"><span style=\"font-family: Arial, serif;\">Die Betreuung und Pflege eines kranken Angeh\u00f6rigen bringt viele Belastungen und Einschr\u00e4nkungen mit sich. Pflegende Angeh\u00f6rige sind oft \u00fcber Jahre hinweg Tag und Nacht gefordert und oft selbst am Limit ihrer Kr\u00e4fte. St\u00e4ndig mit Krankheit und Leiden konfrontiert und die zunehmende Einschr\u00e4nkungen ihrer pers\u00f6nlichen Kontakte ist eine Herausforderung.\u00a0 Bei diesen hohen Erwartungen ist es wichtig, sich selbst in der Rolle des Pflegenden und Betreuenden nicht aus den Augen zu verlieren.\u00a0 Sich als pflegende Angeh\u00f6rige mit Gleichgesinnten auszutauschen, kann erleichtern und neue Kraft geben.<\/span><\/span><\/p>\n<p>&nbsp;<\/p>\n<p>&nbsp;<\/p>\n<p>&nbsp;<\/p>\n<p>&nbsp;<\/p>\n<p>&nbsp;<\/p>\n","protected":false},"excerpt":{"rendered":"<p>Pflege und Senioren<\/p>\n<p><strong>In der Abteilung 7.2 \u201eInklusion und Teilhabe\u201c umfassen die Aufgabenbereiche<\/strong><\/p>\n<ul>\n<li>Fachstelle \u00c4lterwerden <\/li>\n<li>Pflegeberatung und Seniorenbegleitung, Ma\u00dfnahmenkonzeption\u201c<\/li>\n<\/ul>\n<p>den umfassenden Komplex Pflege und Senioren. <\/p>\n<p>&nbsp;<\/p>\n<p>Die \u201eFachstelle \u00c4lterwerden&#8221; ist zust\u00e4ndig f\u00fcr:<\/p>\n<p>a. Ehrenamtliche Seniorenbegleitung<\/p>\n<p>b. Koordination Pr\u00e4ventive Hausbesuche<\/p>\n<p>c. Aktualisierung Wegweiser f\u00fcr \u00e4ltere Menschen in der Kreisstadt Bergheim <\/p>\n<p>d. &hellip; <\/p>\n<p><a class=\"more-link btn\" href=\"https:\/\/unser-quartier.de\/stadt-bergheim\/informationen\/untermenue-2\/pflegeberaterin\/\">Weiterlesen<\/a><\/p>\n","protected":false},"author":48,"featured_media":0,"parent":3332,"menu_order":14,"comment_status":"closed","ping_status":"closed","template":"","meta":{"_bbp_topic_count":0,"_bbp_reply_count":0,"_bbp_total_topic_count":0,"_bbp_total_reply_count":0,"_bbp_voice_count":0,"_bbp_anonymous_reply_count":0,"_bbp_topic_count_hidden":0,"_bbp_reply_count_hidden":0,"_bbp_forum_subforum_count":0,"jetpack_post_was_ever_published":false,"footnotes":""},"class_list":["post-3477","page","type-page","status-publish","hentry","nodate","item-wrap"],"jetpack_sharing_enabled":true,"jetpack_shortlink":"https:\/\/wp.me\/P3vhfJ-U5","jetpack_likes_enabled":true,"_links":{"self":[{"href":"https:\/\/unser-quartier.de\/stadt-bergheim\/wp-json\/wp\/v2\/pages\/3477","targetHints":{"allow":["GET"]}}],"collection":[{"href":"https:\/\/unser-quartier.de\/stadt-bergheim\/wp-json\/wp\/v2\/pages"}],"about":[{"href":"https:\/\/unser-quartier.de\/stadt-bergheim\/wp-json\/wp\/v2\/types\/page"}],"author":[{"embeddable":true,"href":"https:\/\/unser-quartier.de\/stadt-bergheim\/wp-json\/wp\/v2\/users\/48"}],"replies":[{"embeddable":true,"href":"https:\/\/unser-quartier.de\/stadt-bergheim\/wp-json\/wp\/v2\/comments?post=3477"}],"version-history":[{"count":2,"href":"https:\/\/unser-quartier.de\/stadt-bergheim\/wp-json\/wp\/v2\/pages\/3477\/revisions"}],"predecessor-version":[{"id":34629,"href":"https:\/\/unser-quartier.de\/stadt-bergheim\/wp-json\/wp\/v2\/pages\/3477\/revisions\/34629"}],"up":[{"embeddable":true,"href":"https:\/\/unser-quartier.de\/stadt-bergheim\/wp-json\/wp\/v2\/pages\/3332"}],"wp:attachment":[{"href":"https:\/\/unser-quartier.de\/stadt-bergheim\/wp-json\/wp\/v2\/media?parent=3477"}],"curies":[{"name":"wp","href":"https:\/\/api.w.org\/{rel}","templated":true}]}}