{"id":3853,"date":"2014-11-11T00:51:40","date_gmt":"2014-11-10T23:51:40","guid":{"rendered":"http:\/\/unser-quartier.de\/stadt-bergheim\/?page_id=3853"},"modified":"2021-10-12T16:33:05","modified_gmt":"2021-10-12T14:33:05","slug":"bilder","status":"publish","type":"page","link":"https:\/\/unser-quartier.de\/stadt-bergheim\/startseite\/bilder\/","title":{"rendered":"Unsere Stadtteile in Bergheim"},"content":{"rendered":"<p><span style=\"font-size: 12pt;\"><img data-recalc-dims=\"1\" loading=\"lazy\" decoding=\"async\" data-attachment-id=\"2515\" data-permalink=\"https:\/\/unser-quartier.de\/stadt-bergheim\/startseite\/bilder\/stadtteile\/stadtteile\/\" data-orig-file=\"https:\/\/i0.wp.com\/unser-quartier.de\/stadt-bergheim\/files\/2014\/05\/stadtteile.gif?fit=400%2C308&amp;ssl=1\" data-orig-size=\"400,308\" data-comments-opened=\"0\" data-image-meta=\"{&quot;aperture&quot;:&quot;0&quot;,&quot;credit&quot;:&quot;&quot;,&quot;camera&quot;:&quot;&quot;,&quot;caption&quot;:&quot;&quot;,&quot;created_timestamp&quot;:&quot;0&quot;,&quot;copyright&quot;:&quot;&quot;,&quot;focal_length&quot;:&quot;0&quot;,&quot;iso&quot;:&quot;0&quot;,&quot;shutter_speed&quot;:&quot;0&quot;,&quot;title&quot;:&quot;&quot;}\" data-image-title=\"stadtteile\" data-image-description=\"\" data-image-caption=\"\" data-medium-file=\"https:\/\/i0.wp.com\/unser-quartier.de\/stadt-bergheim\/files\/2014\/05\/stadtteile.gif?fit=300%2C231&amp;ssl=1\" data-large-file=\"https:\/\/i0.wp.com\/unser-quartier.de\/stadt-bergheim\/files\/2014\/05\/stadtteile.gif?fit=400%2C308&amp;ssl=1\" class=\"alignleft wp-image-2515 size-medium\" src=\"https:\/\/i0.wp.com\/unser-quartier.de\/stadt-bergheim\/files\/2014\/05\/stadtteile.gif?resize=300%2C231&#038;ssl=1\" alt=\"stadtteile\" width=\"300\" height=\"231\" srcset=\"https:\/\/i0.wp.com\/unser-quartier.de\/stadt-bergheim\/files\/2014\/05\/stadtteile.gif?resize=300%2C231&amp;ssl=1 300w, https:\/\/i0.wp.com\/unser-quartier.de\/stadt-bergheim\/files\/2014\/05\/stadtteile.gif?resize=150%2C115&amp;ssl=1 150w\" sizes=\"auto, (max-width: 300px) 100vw, 300px\" \/>Die Kreisstadt Bergheim mit ihren 15 Ortsteilen hat sich in den letzten Jahren stark ver\u00e4ndert. Aus einer von der Braunkohle gepr\u00e4gten Region hat sich ein vielf\u00e4ltiges Wirtschaftszentrum entwickelt. Bergheim bietet Kultur, Sport, Freizeitm\u00f6glichkeiten und nicht zuletzt ein lebendiges Miteinander der Generationen. Das breit gef\u00e4cherte ehrenamtliche Engagement der B\u00fcrgerinnen und B\u00fcrger macht unsere Stadt und ihre D\u00f6rfer zu einem lebens- und liebenswerten Quartier f\u00fcr Jung und Alt.<\/span><\/p>\n<p>&nbsp;<\/p>\n<p>&nbsp;<\/p>\n<p><span style=\"font-size: 12pt;\"><strong>Schicken Sie uns Ihre Fotos und Ihre<\/strong><\/span><span style=\"font-size: 12pt;\"><strong> Ortsbeschreibungen!<\/strong><\/span><\/p>\n<p><span style=\"font-size: 12pt;\">Wir laden Sie ein, die sch\u00f6nen Seiten unserer Stadt in den Blick zu nehmen. Schicken Sie uns Fotos\/Texte \u00a0von Ihrem Ortsteil \u2013 von Ahe bis Zieverich, von Quadrath-Ichendorf bis Rheidt-H\u00fcchelhoven. Schreiben Sie uns, was Ihren Ort zu etwas ganz Besonderem macht.<br \/>\nWir ver\u00f6ffentlichen Ihre Bilder gern in der Themen-Rubrik <a href=\"www.unser-quartier.de\/stadt-bergheim\/sparten\/stadtteile\"><span style=\"text-decoration: underline;\"><span style=\"color: #0066cc;\">Stadtteile<\/span><\/span><\/a>.<\/span><\/p>\n<p><span style=\"font-size: 12pt;\"><strong>Kontakt: <\/strong><a href=\"mailto:senioren-online@gmx.de\" target=\"_blank\" rel=\"noopener\"><span style=\"text-decoration: underline;\"><span style=\"color: #0066cc;\">senioren-online@gmx.de<\/span><\/span><\/a><\/span><\/p>\n<p><span style=\"font-size: 12pt;\">Vielen Dank f\u00fcrs Mitmachen!<\/span><\/p>\n<p>&nbsp;<\/p>\n<p><span style=\"font-size: 12pt;\">Sie in den Stadtteilen&#8230;<\/span><\/p>\n<p>&nbsp;<\/p>\n<table class=\"tabelle\" cellspacing=\"0\" cellpadding=\"0\">\n<thead>\n<tr>\n<th>Stadtteil<\/th>\n<th><\/th>\n<th><\/th>\n<th><\/th>\n<th><\/th>\n<th>Einwohner<\/th>\n<\/tr>\n<\/thead>\n<tbody class=\"gestreift\">\n<tr class=\"default\">\n<td><\/td>\n<td><\/td>\n<td><\/td>\n<td><\/td>\n<td><\/td>\n<td><\/td>\n<\/tr>\n<tr class=\"template1\">\n<td>Ahe<\/td>\n<td><\/td>\n<td><\/td>\n<td><\/td>\n<td><\/td>\n<td>3.341<\/td>\n<\/tr>\n<tr class=\"default\">\n<td>Auenheim<\/td>\n<td><\/td>\n<td><\/td>\n<td><\/td>\n<td><\/td>\n<td>662<\/td>\n<\/tr>\n<tr class=\"default\">\n<td>Bergheim-Mitte<\/td>\n<td><\/td>\n<td><\/td>\n<td><\/td>\n<td><\/td>\n<td>6.152<\/td>\n<\/tr>\n<tr class=\"default\">\n<td>B\u00fcsdorf<\/td>\n<td><\/td>\n<td><\/td>\n<td><\/td>\n<td><\/td>\n<td>1.321<\/td>\n<\/tr>\n<tr class=\"default\">\n<td>Fliesteden<\/td>\n<td><\/td>\n<td><\/td>\n<td><\/td>\n<td><\/td>\n<td>1.727<\/td>\n<\/tr>\n<tr class=\"default\">\n<td>Glesch<\/td>\n<td><\/td>\n<td><\/td>\n<td><\/td>\n<td><\/td>\n<td>1.939<\/td>\n<\/tr>\n<tr class=\"default\">\n<td>Glessen<\/td>\n<td><\/td>\n<td><\/td>\n<td><\/td>\n<td><\/td>\n<td>5.455<\/td>\n<\/tr>\n<tr class=\"default\">\n<td>Kenten<\/td>\n<td><\/td>\n<td><\/td>\n<td><\/td>\n<td><\/td>\n<td>7.006<\/td>\n<\/tr>\n<tr class=\"default\">\n<td>Niederau\u00dfem<\/td>\n<td><\/td>\n<td><\/td>\n<td><\/td>\n<td><\/td>\n<td>5.625<\/td>\n<\/tr>\n<tr class=\"default\">\n<td>Oberau\u00dfem<\/td>\n<td><\/td>\n<td><\/td>\n<td><\/td>\n<td><\/td>\n<td>5.417<\/td>\n<\/tr>\n<tr class=\"default\">\n<td>Paffendorf<\/td>\n<td><\/td>\n<td><\/td>\n<td><\/td>\n<td><\/td>\n<td>1.246<\/td>\n<\/tr>\n<tr class=\"default\">\n<td>Quadrath-Ichendorf<\/td>\n<td><\/td>\n<td><\/td>\n<td><\/td>\n<td><\/td>\n<td>14.307<\/td>\n<\/tr>\n<tr class=\"default\">\n<td>Rheidt-H\u00fcchelhoven<\/td>\n<td><\/td>\n<td><\/td>\n<td><\/td>\n<td><\/td>\n<td>1.935<\/td>\n<\/tr>\n<tr class=\"default\">\n<td>Thorr<\/td>\n<td><\/td>\n<td><\/td>\n<td><\/td>\n<td><\/td>\n<td>2.204<\/td>\n<\/tr>\n<tr class=\"default\">\n<td>Zieverich<\/td>\n<td><\/td>\n<td><\/td>\n<td><\/td>\n<td><\/td>\n<td>4.450<\/td>\n<\/tr>\n<tr class=\"default\">\n<td><strong>Gesamt<\/strong><\/td>\n<td><\/td>\n<td><\/td>\n<td><\/td>\n<td><\/td>\n<td><strong>62.787<\/strong><\/td>\n<\/tr>\n<\/tbody>\n<\/table>\n<p>&nbsp;<\/p>\n<p><span style=\"font-size: 12pt;\">Teilauszug- Statistik von Stadt Bergheim<\/span><\/p>\n<p>&nbsp;<\/p>\n<p>&nbsp;<\/p>\n<p>&nbsp;<\/p>\n<p>&nbsp;<\/p>\n<p>&nbsp;<\/p>\n<p>&nbsp;<\/p>\n","protected":false},"excerpt":{"rendered":"<p>Die Kreisstadt Bergheim mit ihren 15 Ortsteilen hat sich in den letzten Jahren stark ver\u00e4ndert. Aus einer von der Braunkohle gepr\u00e4gten Region hat sich ein vielf\u00e4ltiges Wirtschaftszentrum entwickelt. Bergheim bietet Kultur, Sport, Freizeitm\u00f6glichkeiten und nicht zuletzt ein lebendiges Miteinander der Generationen. Das breit gef\u00e4cherte ehrenamtliche Engagement der B\u00fcrgerinnen und B\u00fcrger macht unsere Stadt und ihre &hellip; <\/p>\n<p><a class=\"more-link btn\" href=\"https:\/\/unser-quartier.de\/stadt-bergheim\/startseite\/bilder\/\">Weiterlesen<\/a><\/p>\n","protected":false},"author":48,"featured_media":2515,"parent":28,"menu_order":6,"comment_status":"closed","ping_status":"closed","template":"","meta":{"_bbp_topic_count":0,"_bbp_reply_count":0,"_bbp_total_topic_count":0,"_bbp_total_reply_count":0,"_bbp_voice_count":0,"_bbp_anonymous_reply_count":0,"_bbp_topic_count_hidden":0,"_bbp_reply_count_hidden":0,"_bbp_forum_subforum_count":0,"jetpack_post_was_ever_published":false,"footnotes":""},"class_list":["post-3853","page","type-page","status-publish","has-post-thumbnail","hentry","nodate","item-wrap"],"jetpack_sharing_enabled":true,"jetpack_shortlink":"https:\/\/wp.me\/P3vhfJ-109","jetpack_likes_enabled":true,"_links":{"self":[{"href":"https:\/\/unser-quartier.de\/stadt-bergheim\/wp-json\/wp\/v2\/pages\/3853","targetHints":{"allow":["GET"]}}],"collection":[{"href":"https:\/\/unser-quartier.de\/stadt-bergheim\/wp-json\/wp\/v2\/pages"}],"about":[{"href":"https:\/\/unser-quartier.de\/stadt-bergheim\/wp-json\/wp\/v2\/types\/page"}],"author":[{"embeddable":true,"href":"https:\/\/unser-quartier.de\/stadt-bergheim\/wp-json\/wp\/v2\/users\/48"}],"replies":[{"embeddable":true,"href":"https:\/\/unser-quartier.de\/stadt-bergheim\/wp-json\/wp\/v2\/comments?post=3853"}],"version-history":[{"count":0,"href":"https:\/\/unser-quartier.de\/stadt-bergheim\/wp-json\/wp\/v2\/pages\/3853\/revisions"}],"up":[{"embeddable":true,"href":"https:\/\/unser-quartier.de\/stadt-bergheim\/wp-json\/wp\/v2\/pages\/28"}],"wp:featuredmedia":[{"embeddable":true,"href":"https:\/\/unser-quartier.de\/stadt-bergheim\/wp-json\/wp\/v2\/media\/2515"}],"wp:attachment":[{"href":"https:\/\/unser-quartier.de\/stadt-bergheim\/wp-json\/wp\/v2\/media?parent=3853"}],"curies":[{"name":"wp","href":"https:\/\/api.w.org\/{rel}","templated":true}]}}

<p><span style="font-size: 12pt;"><img data-recalc-dims="1" loading="lazy" decoding="async" data-attachment-id="2515" data-permalink="https://unser-quartier.de/stadt-bergheim/startseite/bilder/stadtteile/stadtteile/" data-orig-file="https://i0.wp.com/unser-quartier.de/stadt-bergheim/files/2014/05/stadtteile.gif?fit=400%2C308&amp;ssl=1" data-orig-size="400,308" data-comments-opened="0" data-image-meta="{&quot;aperture&quot;:&quot;0&quot;,&quot;credit&quot;:&quot;&quot;,&quot;camera&quot;:&quot;&quot;,&quot;caption&quot;:&quot;&quot;,&quot;created_timestamp&quot;:&quot;0&quot;,&quot;copyright&quot;:&quot;&quot;,&quot;focal_length&quot;:&quot;0&quot;,&quot;iso&quot;:&quot;0&quot;,&quot;shutter_speed&quot;:&quot;0&quot;,&quot;title&quot;:&quot;&quot;}" data-image-title="stadtteile" data-image-description="" data-image-caption="" data-medium-file="https://i0.wp.com/unser-quartier.de/stadt-bergheim/files/2014/05/stadtteile.gif?fit=300%2C231&amp;ssl=1" data-large-file="https://i0.wp.com/unser-quartier.de/stadt-bergheim/files/2014/05/stadtteile.gif?fit=400%2C308&amp;ssl=1" class="alignleft wp-image-2515 size-medium" src="https://i0.wp.com/unser-quartier.de/stadt-bergheim/files/2014/05/stadtteile.gif?resize=300%2C231&#038;ssl=1" alt="stadtteile" width="300" height="231" srcset="https://i0.wp.com/unser-quartier.de/stadt-bergheim/files/2014/05/stadtteile.gif?resize=300%2C231&amp;ssl=1 300w, https://i0.wp.com/unser-quartier.de/stadt-bergheim/files/2014/05/stadtteile.gif?resize=150%2C115&amp;ssl=1 150w" sizes="auto, (max-width: 300px) 100vw, 300px" />Die Kreisstadt Bergheim mit ihren 15 Ortsteilen hat sich in den letzten Jahren stark verändert. Aus einer von der Braunkohle geprägten Region hat sich ein vielfältiges Wirtschaftszentrum entwickelt. Bergheim bietet Kultur, Sport, Freizeitmöglichkeiten und nicht zuletzt ein lebendiges Miteinander der Generationen. Das breit gefächerte ehrenamtliche Engagement der Bürgerinnen und Bürger macht unsere Stadt und ihre Dörfer zu einem lebens- und liebenswerten Quartier für Jung und Alt.</span></p>
<p>&nbsp;</p>
<p>&nbsp;</p>
<p><span style="font-size: 12pt;"><strong>Schicken Sie uns Ihre Fotos und Ihre</strong></span><span style="font-size: 12pt;"><strong> Ortsbeschreibungen!</strong></span></p>
<p><span style="font-size: 12pt;">Wir laden Sie ein, die schönen Seiten unserer Stadt in den Blick zu nehmen. Schicken Sie uns Fotos/Texte  von Ihrem Ortsteil – von Ahe bis Zieverich, von Quadrath-Ichendorf bis Rheidt-Hüchelhoven. Schreiben Sie uns, was Ihren Ort zu etwas ganz Besonderem macht.<br />
Wir veröffentlichen Ihre Bilder gern in der Themen-Rubrik <a href="www.unser-quartier.de/stadt-bergheim/sparten/stadtteile"><span style="text-decoration: underline;"><span style="color: #0066cc;">Stadtteile</span></span></a>.</span></p>
<p><span style="font-size: 12pt;"><strong>Kontakt: </strong><a href="mailto:senioren-online@gmx.de" target="_blank" rel="noopener"><span style="text-decoration: underline;"><span style="color: #0066cc;">senioren-online@gmx.de</span></span></a></span></p>
<p><span style="font-size: 12pt;">Vielen Dank fürs Mitmachen!</span></p>
<p>&nbsp;</p>
<p><span style="font-size: 12pt;">Sie in den Stadtteilen&#8230;</span></p>
<p>&nbsp;</p>
<table class="tabelle" cellspacing="0" cellpadding="0">
<thead>
<tr>
<th>Stadtteil</th>
<th></th>
<th></th>
<th></th>
<th></th>
<th>Einwohner</th>
</tr>
</thead>
<tbody class="gestreift">
<tr class="default">
<td></td>
<td></td>
<td></td>
<td></td>
<td></td>
<td></td>
</tr>
<tr class="template1">
<td>Ahe</td>
<td></td>
<td></td>
<td></td>
<td></td>
<td>3.341</td>
</tr>
<tr class="default">
<td>Auenheim</td>
<td></td>
<td></td>
<td></td>
<td></td>
<td>662</td>
</tr>
<tr class="default">
<td>Bergheim-Mitte</td>
<td></td>
<td></td>
<td></td>
<td></td>
<td>6.152</td>
</tr>
<tr class="default">
<td>Büsdorf</td>
<td></td>
<td></td>
<td></td>
<td></td>
<td>1.321</td>
</tr>
<tr class="default">
<td>Fliesteden</td>
<td></td>
<td></td>
<td></td>
<td></td>
<td>1.727</td>
</tr>
<tr class="default">
<td>Glesch</td>
<td></td>
<td></td>
<td></td>
<td></td>
<td>1.939</td>
</tr>
<tr class="default">
<td>Glessen</td>
<td></td>
<td></td>
<td></td>
<td></td>
<td>5.455</td>
</tr>
<tr class="default">
<td>Kenten</td>
<td></td>
<td></td>
<td></td>
<td></td>
<td>7.006</td>
</tr>
<tr class="default">
<td>Niederaußem</td>
<td></td>
<td></td>
<td></td>
<td></td>
<td>5.625</td>
</tr>
<tr class="default">
<td>Oberaußem</td>
<td></td>
<td></td>
<td></td>
<td></td>
<td>5.417</td>
</tr>
<tr class="default">
<td>Paffendorf</td>
<td></td>
<td></td>
<td></td>
<td></td>
<td>1.246</td>
</tr>
<tr class="default">
<td>Quadrath-Ichendorf</td>
<td></td>
<td></td>
<td></td>
<td></td>
<td>14.307</td>
</tr>
<tr class="default">
<td>Rheidt-Hüchelhoven</td>
<td></td>
<td></td>
<td></td>
<td></td>
<td>1.935</td>
</tr>
<tr class="default">
<td>Thorr</td>
<td></td>
<td></td>
<td></td>
<td></td>
<td>2.204</td>
</tr>
<tr class="default">
<td>Zieverich</td>
<td></td>
<td></td>
<td></td>
<td></td>
<td>4.450</td>
</tr>
<tr class="default">
<td><strong>Gesamt</strong></td>
<td></td>
<td></td>
<td></td>
<td></td>
<td><strong>62.787</strong></td>
</tr>
</tbody>
</table>
<p>&nbsp;</p>
<p><span style="font-size: 12pt;">Teilauszug- Statistik von Stadt Bergheim</span></p>
<p>&nbsp;</p>
<p>&nbsp;</p>
<p>&nbsp;</p>
<p>&nbsp;</p>
<p>&nbsp;</p>
<p>&nbsp;</p>

<p>Die Kreisstadt Bergheim mit ihren 15 Ortsteilen hat sich in den letzten Jahren stark verändert. Aus einer von der Braunkohle geprägten Region hat sich ein vielfältiges Wirtschaftszentrum entwickelt. Bergheim bietet Kultur, Sport, Freizeitmöglichkeiten und nicht zuletzt ein lebendiges Miteinander der Generationen. Das breit gefächerte ehrenamtliche Engagement der Bürgerinnen und Bürger macht unsere Stadt und ihre &hellip; </p>
<p><a class="more-link btn" href="https://unser-quartier.de/stadt-bergheim/startseite/bilder/">Weiterlesen</a></p>
