{"id":4111,"date":"2014-11-20T11:23:49","date_gmt":"2014-11-20T10:23:49","guid":{"rendered":"http:\/\/unser-quartier.de\/stadt-bergheim\/?page_id=4111"},"modified":"2014-11-24T18:43:11","modified_gmt":"2014-11-24T17:43:11","slug":"beschreibung-bergheim","status":"publish","type":"page","link":"https:\/\/unser-quartier.de\/stadt-bergheim\/startseite\/bilder\/stadtteile\/beschreibungen\/beschreibung-bergheim\/","title":{"rendered":"Beschreibung-Bergheim"},"content":{"rendered":"<p><strong><span style=\"font-size: 12pt\">Tradition trifft Moderne<\/span><\/strong><br \/>\n<span style=\"font-size: 12pt\">Mit seiner noch zum gro\u00dfen Teil erhaltenen Stadtmauer, dem Aachener Tor und zahlreichen historischen H\u00e4usern besitzt Bergheim-Mitte eine reizvolle Innenstadt. Zugleich ist hier ein \u00fcberregionaler Treffpunkt f\u00fcr Kultur und Bildung mit dem modernen Medio.\u00a0<\/span><br \/>\n<span style=\"font-size: 12pt\">\u00a0<\/span><br \/>\n<strong><span style=\"font-size: 12pt\">Bergheim-Mitte gestern und heute<\/span><\/strong><br \/>\n<span style=\"font-size: 12pt\">Genau genommen gibt es f\u00fcr das heutige Bergheim-Mitte als Zentrum der Kreisstadt zwei Gr\u00fcndungen mit eigener Entwicklung: Bergheimerdorf und die Stadt. <\/span><span style=\"font-size: 12pt\">Zun\u00e4chst entwickelte sich in der N\u00e4he des Erft\u00fcberganges der Ort Bergheimerdorf. Sein Zentrum war die noch heute bestehende bedeutende St. Remigius-Kirche. <\/span><span style=\"font-size: 12pt\">Im 13. Jahrhundert erbauten die Grafen von J\u00fclich in der Erftniederung eine Burg, um den Erft\u00fcbergang zu sichern. Aus dieser Burgsiedlung entwickelte sich um das Jahr 1300 die Stadt Bergheim mit der heute noch bestehenden Stadtmauer. <\/span><span style=\"font-size: 12pt\">Bergheim ist heute Sitz wichtiger Beh\u00f6rden wie dem Finanzamt, dem Amtsgericht oder der Kreisverwaltung. Zugleich ist\u00a0 es auch Einkaufs-stadt und Gesch\u00e4ftszentrum.<\/span><\/p>\n<p><span style=\"font-size: 12pt\">Gro\u00dfe und kleine Gesch\u00e4fte des Einzelhandels, ein Kaufhaus, eine ansprechende Gastronomie, Historie und gepflegte Gr\u00fcnbereiche laden zum Bummeln und Verweilen. <\/span><span style=\"font-size: 12pt\">Mit dem Medio als gefragtem Veranstaltungshaus und der modernen Stadtbibibliothek ist die Innenstadt ein lebendiger Ort f\u00fcr Bildung, Kunst und Kultur.\u00a0\u00a0<\/span><\/p>\n<p>Quelle: www.bergheim.de<\/p>\n<p><span style=\"font-size: 12pt\">\u00a0<\/span><\/p>\n","protected":false},"excerpt":{"rendered":"<p><strong>Tradition trifft Moderne<\/strong> Mit seiner noch zum gro\u00dfen Teil erhaltenen Stadtmauer, dem Aachener Tor und zahlreichen historischen H\u00e4usern besitzt Bergheim-Mitte eine reizvolle Innenstadt. Zugleich ist hier ein \u00fcberregionaler Treffpunkt f\u00fcr Kultur und Bildung mit dem modernen Medio.\u00a0 \u00a0 <strong>Bergheim-Mitte gestern und heute<\/strong> Genau genommen gibt es f\u00fcr das heutige Bergheim-Mitte als Zentrum der Kreisstadt zwei &hellip; <\/p>\n<p><a class=\"more-link btn\" href=\"https:\/\/unser-quartier.de\/stadt-bergheim\/startseite\/bilder\/stadtteile\/beschreibungen\/beschreibung-bergheim\/\">Weiterlesen<\/a><\/p>\n","protected":false},"author":48,"featured_media":0,"parent":3841,"menu_order":10,"comment_status":"open","ping_status":"open","template":"","meta":{"_bbp_topic_count":0,"_bbp_reply_count":0,"_bbp_total_topic_count":0,"_bbp_total_reply_count":0,"_bbp_voice_count":0,"_bbp_anonymous_reply_count":0,"_bbp_topic_count_hidden":0,"_bbp_reply_count_hidden":0,"_bbp_forum_subforum_count":0,"jetpack_post_was_ever_published":false,"footnotes":""},"class_list":["post-4111","page","type-page","status-publish","hentry","nodate","item-wrap"],"jetpack_sharing_enabled":true,"jetpack_shortlink":"https:\/\/wp.me\/P3vhfJ-14j","jetpack_likes_enabled":true,"_links":{"self":[{"href":"https:\/\/unser-quartier.de\/stadt-bergheim\/wp-json\/wp\/v2\/pages\/4111","targetHints":{"allow":["GET"]}}],"collection":[{"href":"https:\/\/unser-quartier.de\/stadt-bergheim\/wp-json\/wp\/v2\/pages"}],"about":[{"href":"https:\/\/unser-quartier.de\/stadt-bergheim\/wp-json\/wp\/v2\/types\/page"}],"author":[{"embeddable":true,"href":"https:\/\/unser-quartier.de\/stadt-bergheim\/wp-json\/wp\/v2\/users\/48"}],"replies":[{"embeddable":true,"href":"https:\/\/unser-quartier.de\/stadt-bergheim\/wp-json\/wp\/v2\/comments?post=4111"}],"version-history":[{"count":0,"href":"https:\/\/unser-quartier.de\/stadt-bergheim\/wp-json\/wp\/v2\/pages\/4111\/revisions"}],"up":[{"embeddable":true,"href":"https:\/\/unser-quartier.de\/stadt-bergheim\/wp-json\/wp\/v2\/pages\/3841"}],"wp:attachment":[{"href":"https:\/\/unser-quartier.de\/stadt-bergheim\/wp-json\/wp\/v2\/media?parent=4111"}],"curies":[{"name":"wp","href":"https:\/\/api.w.org\/{rel}","templated":true}]}}