{"id":4114,"date":"2014-11-20T11:27:34","date_gmt":"2014-11-20T10:27:34","guid":{"rendered":"http:\/\/unser-quartier.de\/stadt-bergheim\/?page_id=4114"},"modified":"2014-11-24T18:46:09","modified_gmt":"2014-11-24T17:46:09","slug":"beschreibung-zieverich","status":"publish","type":"page","link":"https:\/\/unser-quartier.de\/stadt-bergheim\/startseite\/bilder\/stadtteile\/beschreibungen\/beschreibung-zieverich\/","title":{"rendered":"Beschreibung-Zieverich"},"content":{"rendered":"<p><strong><span style=\"font-size: 12pt\">Ein Fisch an der Angel<\/span><\/strong><br \/>\n<span style=\"font-size: 12pt\">Nicht nur Fische der unterschiedlichsten Art tummeln sich an der alten Zievericher M\u00fchle und am Angelpark. Denn hier ist ein beliebter Treffpunkt f\u00fcr Radler und Wanderer, die auf ihren Touren entlang der Erft gern am Gasthaus im Gr\u00fcnen pausieren.<\/span><br \/>\n<span style=\"font-size: 12pt\">\u00a0<\/span><br \/>\n<strong><span style=\"font-size: 12pt\">Zieverich gestern und heute<\/span><\/strong><br \/>\n<span style=\"font-size: 12pt\">Zieverich, das 898 an das Stift Essen geschenkt wurde, war Teil der mittelalterlichen Stadt Bergheim. Wegen der Lage au\u00dferhalb der Stadtmauer nannten sich\u00a0die Bewohner &#8220;Au\u00dfenb\u00fcrger&#8221;. <\/span><span style=\"font-size: 12pt\">Der Stadtteil ist heute weit \u00fcber den alten Ortskern hinaus gewachsen.<\/span><\/p>\n<p><span style=\"font-size: 12pt\">Im Zievericher Gewerbegebiet haben sich viele Betriebe angesiedelt, die zahlreiche Ausbildungs- und Arbeitspl\u00e4tze bieten.<br \/>\n<\/span><span style=\"font-size: 12pt\">Die ausgedehnten Sport- und Freizeitanlagen im Bereich der &#8220;Thorrer Wiesen&#8221; bieten gute Freizeitm\u00f6glichkeiten und Gelegenheit zu entspannen<\/span><\/p>\n<p>Quelle: www.bergheim.de<\/p>\n","protected":false},"excerpt":{"rendered":"<p><strong>Ein Fisch an der Angel<\/strong> Nicht nur Fische der unterschiedlichsten Art tummeln sich an der alten Zievericher M\u00fchle und am Angelpark. Denn hier ist ein beliebter Treffpunkt f\u00fcr Radler und Wanderer, die auf ihren Touren entlang der Erft gern am Gasthaus im Gr\u00fcnen pausieren. \u00a0 <strong>Zieverich gestern und heute<\/strong> Zieverich, das 898 an das Stift &hellip; <\/p>\n<p><a class=\"more-link btn\" href=\"https:\/\/unser-quartier.de\/stadt-bergheim\/startseite\/bilder\/stadtteile\/beschreibungen\/beschreibung-zieverich\/\">Weiterlesen<\/a><\/p>\n","protected":false},"author":48,"featured_media":0,"parent":3841,"menu_order":11,"comment_status":"open","ping_status":"open","template":"","meta":{"_bbp_topic_count":0,"_bbp_reply_count":0,"_bbp_total_topic_count":0,"_bbp_total_reply_count":0,"_bbp_voice_count":0,"_bbp_anonymous_reply_count":0,"_bbp_topic_count_hidden":0,"_bbp_reply_count_hidden":0,"_bbp_forum_subforum_count":0,"jetpack_post_was_ever_published":false,"footnotes":""},"class_list":["post-4114","page","type-page","status-publish","hentry","nodate","item-wrap"],"jetpack_sharing_enabled":true,"jetpack_shortlink":"https:\/\/wp.me\/P3vhfJ-14m","jetpack_likes_enabled":true,"_links":{"self":[{"href":"https:\/\/unser-quartier.de\/stadt-bergheim\/wp-json\/wp\/v2\/pages\/4114","targetHints":{"allow":["GET"]}}],"collection":[{"href":"https:\/\/unser-quartier.de\/stadt-bergheim\/wp-json\/wp\/v2\/pages"}],"about":[{"href":"https:\/\/unser-quartier.de\/stadt-bergheim\/wp-json\/wp\/v2\/types\/page"}],"author":[{"embeddable":true,"href":"https:\/\/unser-quartier.de\/stadt-bergheim\/wp-json\/wp\/v2\/users\/48"}],"replies":[{"embeddable":true,"href":"https:\/\/unser-quartier.de\/stadt-bergheim\/wp-json\/wp\/v2\/comments?post=4114"}],"version-history":[{"count":0,"href":"https:\/\/unser-quartier.de\/stadt-bergheim\/wp-json\/wp\/v2\/pages\/4114\/revisions"}],"up":[{"embeddable":true,"href":"https:\/\/unser-quartier.de\/stadt-bergheim\/wp-json\/wp\/v2\/pages\/3841"}],"wp:attachment":[{"href":"https:\/\/unser-quartier.de\/stadt-bergheim\/wp-json\/wp\/v2\/media?parent=4114"}],"curies":[{"name":"wp","href":"https:\/\/api.w.org\/{rel}","templated":true}]}}