{"id":4853,"date":"2015-01-06T05:26:38","date_gmt":"2015-01-06T04:26:38","guid":{"rendered":"http:\/\/unser-quartier.de\/stadt-bergheim\/?page_id=4853"},"modified":"2025-08-14T10:33:16","modified_gmt":"2025-08-14T08:33:16","slug":"sozialverband-vdk-ortsgruppe-r-h","status":"publish","type":"page","link":"https:\/\/unser-quartier.de\/stadt-bergheim\/informationen\/untermenue-1\/sozialverband-vdk-ortsgruppe-r-h\/","title":{"rendered":"Sozialverband VdK Ortsgruppe Rheidt-H\u00fcchelhoven"},"content":{"rendered":"<p><span style=\"font-size: 12pt;\"><strong>Der Sozialverband VdK ist ein moderner Sozialverband, der die Interessen von Sozialrentnern, Menschen mit Behinderung, Unfallopfern sowie Kriegs- und Wehrdienstopfern vertritt. Bundesweit z\u00e4hlt er 1,7 Millionen Mitglieder.<br \/>\nIn Nordrhein-Westfalen sind es 290.000 &#8211; organisiert in 43 Kreisverb\u00e4nden und rund 800 Ortsverb\u00e4nden.<\/strong><\/span><\/p>\n<p><a title=\"Startseite - Sozialverband VdK Nordrhein-Westfalen\" href=\"http:\/\/www.vdk.de\/ov-rheidt-huechelhoven\/ID65353\" target=\"_blank\" rel=\"noopener\"><span style=\"font-size: 12pt;\">Hier geht es zum Ortsverband Rheidt-H\u00fcchelhoven<\/span><\/a><\/p>\n<p><strong><span class=\"Template-GROSS\">Vorsitzender:<\/span><\/strong><\/p>\n<p>Heribert (Heppes) M\u00f6dder<br \/>\n<a href=\"mailto:Werner.Knabben@unitybox.de\" target=\"_blank\" rel=\"noopener\">Tel.: 02183\/45090<\/a><\/p>\n<p>Mobil: 0157\/36819206<br \/>\nE-Mail: <a class=\"Template-EMAIL\" href=\"mailto:%20Werner.Knabben@unitybox.de\"><span style=\"text-decoration: underline;\"><span style=\"color: #0066cc;\"><a href=\"https:\/\/nrw.vdk.de\/vor-ort\/ov-huechelhoven\/vorstand\/\">moedder.liberia@yahoo.de<\/a><\/span><\/span><\/a><\/p>\n<p>&nbsp;<\/p>\n<p>&nbsp;<\/p>\n","protected":false},"excerpt":{"rendered":"<p><strong>Der Sozialverband VdK ist ein moderner Sozialverband, der die Interessen von Sozialrentnern, Menschen mit Behinderung, Unfallopfern sowie Kriegs- und Wehrdienstopfern vertritt. Bundesweit z\u00e4hlt er 1,7 Millionen Mitglieder. In Nordrhein-Westfalen sind es 290.000 &#8211; organisiert in 43 Kreisverb\u00e4nden und rund 800 Ortsverb\u00e4nden.<\/strong><\/p>\n<p>Hier geht es zum Ortsverband Rheidt-H\u00fcchelhoven<\/p>\n<p><strong>Vorsitzender:<\/strong><\/p>\n<p>Heribert (Heppes) M\u00f6dder Tel.: 02183\/45090<\/p>\n<p>Mobil: 0157\/36819206 &hellip; <\/p>\n<p><a class=\"more-link btn\" href=\"https:\/\/unser-quartier.de\/stadt-bergheim\/informationen\/untermenue-1\/sozialverband-vdk-ortsgruppe-r-h\/\">Weiterlesen<\/a><\/p>\n","protected":false},"author":48,"featured_media":0,"parent":3330,"menu_order":4,"comment_status":"closed","ping_status":"closed","template":"","meta":{"_bbp_topic_count":0,"_bbp_reply_count":0,"_bbp_total_topic_count":0,"_bbp_total_reply_count":0,"_bbp_voice_count":0,"_bbp_anonymous_reply_count":0,"_bbp_topic_count_hidden":0,"_bbp_reply_count_hidden":0,"_bbp_forum_subforum_count":0,"jetpack_post_was_ever_published":false,"footnotes":""},"class_list":["post-4853","page","type-page","status-publish","hentry","nodate","item-wrap"],"jetpack_sharing_enabled":true,"jetpack_shortlink":"https:\/\/wp.me\/P3vhfJ-1gh","jetpack_likes_enabled":true,"_links":{"self":[{"href":"https:\/\/unser-quartier.de\/stadt-bergheim\/wp-json\/wp\/v2\/pages\/4853","targetHints":{"allow":["GET"]}}],"collection":[{"href":"https:\/\/unser-quartier.de\/stadt-bergheim\/wp-json\/wp\/v2\/pages"}],"about":[{"href":"https:\/\/unser-quartier.de\/stadt-bergheim\/wp-json\/wp\/v2\/types\/page"}],"author":[{"embeddable":true,"href":"https:\/\/unser-quartier.de\/stadt-bergheim\/wp-json\/wp\/v2\/users\/48"}],"replies":[{"embeddable":true,"href":"https:\/\/unser-quartier.de\/stadt-bergheim\/wp-json\/wp\/v2\/comments?post=4853"}],"version-history":[{"count":1,"href":"https:\/\/unser-quartier.de\/stadt-bergheim\/wp-json\/wp\/v2\/pages\/4853\/revisions"}],"predecessor-version":[{"id":35294,"href":"https:\/\/unser-quartier.de\/stadt-bergheim\/wp-json\/wp\/v2\/pages\/4853\/revisions\/35294"}],"up":[{"embeddable":true,"href":"https:\/\/unser-quartier.de\/stadt-bergheim\/wp-json\/wp\/v2\/pages\/3330"}],"wp:attachment":[{"href":"https:\/\/unser-quartier.de\/stadt-bergheim\/wp-json\/wp\/v2\/media?parent=4853"}],"curies":[{"name":"wp","href":"https:\/\/api.w.org\/{rel}","templated":true}]}}

Sozialverband VdK Ortsgruppe Rheidt-Hüchelhoven

<p><span style="font-size: 12pt;"><strong>Der Sozialverband VdK ist ein moderner Sozialverband, der die Interessen von Sozialrentnern, Menschen mit Behinderung, Unfallopfern sowie Kriegs- und Wehrdienstopfern vertritt. Bundesweit zählt er 1,7 Millionen Mitglieder.<br />
In Nordrhein-Westfalen sind es 290.000 &#8211; organisiert in 43 Kreisverbänden und rund 800 Ortsverbänden.</strong></span></p>
<p><a title="Startseite - Sozialverband VdK Nordrhein-Westfalen" href="http://www.vdk.de/ov-rheidt-huechelhoven/ID65353" target="_blank" rel="noopener"><span style="font-size: 12pt;">Hier geht es zum Ortsverband Rheidt-Hüchelhoven</span></a></p>
<p><strong><span class="Template-GROSS">Vorsitzender:</span></strong></p>
<p>Heribert (Heppes) Mödder<br />
<a href="mailto:Werner.Knabben@unitybox.de" target="_blank" rel="noopener">Tel.: 02183/45090</a></p>
<p>Mobil: 0157/36819206<br />
E-Mail: <a class="Template-EMAIL" href="mailto:%20Werner.Knabben@unitybox.de"><span style="text-decoration: underline;"><span style="color: #0066cc;"><a href="https://nrw.vdk.de/vor-ort/ov-huechelhoven/vorstand/">moedder.liberia@yahoo.de</a></span></span></a></p>
<p>&nbsp;</p>
<p>&nbsp;</p>

<p><strong>Der Sozialverband VdK ist ein moderner Sozialverband, der die Interessen von Sozialrentnern, Menschen mit Behinderung, Unfallopfern sowie Kriegs- und Wehrdienstopfern vertritt. Bundesweit zählt er 1,7 Millionen Mitglieder. In Nordrhein-Westfalen sind es 290.000 &#8211; organisiert in 43 Kreisverbänden und rund 800 Ortsverbänden.</strong></p>
<p>Hier geht es zum Ortsverband Rheidt-Hüchelhoven</p>
<p><strong>Vorsitzender:</strong></p>
<p>Heribert (Heppes) Mödder Tel.: 02183/45090</p>
<p>Mobil: 0157/36819206 &hellip; </p>
<p><a class="more-link btn" href="https://unser-quartier.de/stadt-bergheim/informationen/untermenue-1/sozialverband-vdk-ortsgruppe-r-h/">Weiterlesen</a></p>
