{"id":5593,"date":"2015-04-02T00:52:27","date_gmt":"2015-04-01T22:52:27","guid":{"rendered":"http:\/\/unser-quartier.de\/stadt-bergheim\/?page_id=5593"},"modified":"2015-04-02T00:57:46","modified_gmt":"2015-04-01T22:57:46","slug":"im-team-angekommen","status":"publish","type":"page","link":"https:\/\/unser-quartier.de\/stadt-bergheim\/startseite\/vorstellung-der-moderatoren\/kommen-sie-ins-online-team\/im-team-angekommen\/","title":{"rendered":"Im Team angekommen&#8230;"},"content":{"rendered":"<p><span style=\"font-size: 12pt\">Hallo Hans-J\u00fcrgen, Hallo Andrea,<\/span><br \/>\n<span style=\"font-size: 12pt\">ich habe ein sch\u00f6nes B\u00fcchlein geschenkt bekommen und dort zwei Spr\u00fcche von Jochen Mariss entdeckt, die meiner Meinung genau das aussagen, was ich in meiner Herzenssinn-Geschichte hinsichtlich der Projektsuche ge\u00e4u\u00dfert habe. Die Spr\u00fcche lauten wie folgt:\u00a0<\/span><\/p>\n<p><span style=\"font-size: 12pt\">Das Wichtigste im Leben finden wir nicht etwa durch intensive Suche, sondern so, wie man etwa eine Muschel am Strand findet. Im Grunde findet es uns.<br \/>\n<\/span><br \/>\n<span style=\"font-size: 12pt\">Folge der Stimme Deines Herzens, denn sie allein kennt den Weg zum Gl\u00fcck.<br \/>\nVertraue ihr in kleinen wie in gro\u00dfen Fragen, denn sie irrt sich nie. H\u00f6re auf sie, denn sie f\u00fchrt Dich immer zur richtigen Zeit an den richtigen Ort.<\/span><br \/>\n<span style=\"font-size: 12pt\">Beim Lesen des zweiten Spruchs kommt mir gerade in den Sinn, dass ich\u00a0 zun\u00e4chst einmal den entsprechenden \u201cSchubs\u201d von Dir, liebe Andrea, erhielt. Ich bin aber froh, dass ich anschlie\u00dfend auf die Stimme meines Herzens geh\u00f6rt habe, denn sie hat sich nicht geirrt. Ich freue mich, im Team aufgenommen worden zu sein. <\/span><br \/>\n<span style=\"font-size: 12pt\">Es macht mir riesigen Spa\u00df.<\/span><\/p>\n<p><span style=\"font-size: 12pt\">Herzliche Gr\u00fcsse Christa<\/span><\/p>\n<p>Geschrieben von Christa Commer Online-Team-Mitglied.<br \/>\nIch als Koordinator vom &#8220;Fachforumseniorenarbeit Bergheim&#8221; Online-Team,<br \/>\nsage mal Danke, im Namen aller Teammitglieder. Eine gute Entscheidung die du getroffen hast!<\/p>\n<p>&nbsp;<\/p>\n","protected":false},"excerpt":{"rendered":"<p>Hallo Hans-J\u00fcrgen, Hallo Andrea, ich habe ein sch\u00f6nes B\u00fcchlein geschenkt bekommen und dort zwei Spr\u00fcche von Jochen Mariss entdeckt, die meiner Meinung genau das aussagen, was ich in meiner Herzenssinn-Geschichte hinsichtlich der Projektsuche ge\u00e4u\u00dfert habe. Die Spr\u00fcche lauten wie folgt:\u00a0<\/p>\n<p>Das Wichtigste im Leben finden wir nicht etwa durch intensive Suche, sondern so, wie man &hellip; <\/p>\n<p><a class=\"more-link btn\" href=\"https:\/\/unser-quartier.de\/stadt-bergheim\/startseite\/vorstellung-der-moderatoren\/kommen-sie-ins-online-team\/im-team-angekommen\/\">Weiterlesen<\/a><\/p>\n","protected":false},"author":48,"featured_media":0,"parent":2495,"menu_order":4,"comment_status":"open","ping_status":"open","template":"","meta":{"_bbp_topic_count":0,"_bbp_reply_count":0,"_bbp_total_topic_count":0,"_bbp_total_reply_count":0,"_bbp_voice_count":0,"_bbp_anonymous_reply_count":0,"_bbp_topic_count_hidden":0,"_bbp_reply_count_hidden":0,"_bbp_forum_subforum_count":0,"jetpack_post_was_ever_published":false,"footnotes":""},"class_list":["post-5593","page","type-page","status-publish","hentry","nodate","item-wrap"],"jetpack_sharing_enabled":true,"jetpack_shortlink":"https:\/\/wp.me\/P3vhfJ-1sd","jetpack_likes_enabled":true,"_links":{"self":[{"href":"https:\/\/unser-quartier.de\/stadt-bergheim\/wp-json\/wp\/v2\/pages\/5593","targetHints":{"allow":["GET"]}}],"collection":[{"href":"https:\/\/unser-quartier.de\/stadt-bergheim\/wp-json\/wp\/v2\/pages"}],"about":[{"href":"https:\/\/unser-quartier.de\/stadt-bergheim\/wp-json\/wp\/v2\/types\/page"}],"author":[{"embeddable":true,"href":"https:\/\/unser-quartier.de\/stadt-bergheim\/wp-json\/wp\/v2\/users\/48"}],"replies":[{"embeddable":true,"href":"https:\/\/unser-quartier.de\/stadt-bergheim\/wp-json\/wp\/v2\/comments?post=5593"}],"version-history":[{"count":0,"href":"https:\/\/unser-quartier.de\/stadt-bergheim\/wp-json\/wp\/v2\/pages\/5593\/revisions"}],"up":[{"embeddable":true,"href":"https:\/\/unser-quartier.de\/stadt-bergheim\/wp-json\/wp\/v2\/pages\/2495"}],"wp:attachment":[{"href":"https:\/\/unser-quartier.de\/stadt-bergheim\/wp-json\/wp\/v2\/media?parent=5593"}],"curies":[{"name":"wp","href":"https:\/\/api.w.org\/{rel}","templated":true}]}}

<p><span style="font-size: 12pt">Hallo Hans-Jürgen, Hallo Andrea,</span><br />
<span style="font-size: 12pt">ich habe ein schönes Büchlein geschenkt bekommen und dort zwei Sprüche von Jochen Mariss entdeckt, die meiner Meinung genau das aussagen, was ich in meiner Herzenssinn-Geschichte hinsichtlich der Projektsuche geäußert habe. Die Sprüche lauten wie folgt: </span></p>
<p><span style="font-size: 12pt">Das Wichtigste im Leben finden wir nicht etwa durch intensive Suche, sondern so, wie man etwa eine Muschel am Strand findet. Im Grunde findet es uns.<br />
</span><br />
<span style="font-size: 12pt">Folge der Stimme Deines Herzens, denn sie allein kennt den Weg zum Glück.<br />
Vertraue ihr in kleinen wie in großen Fragen, denn sie irrt sich nie. Höre auf sie, denn sie führt Dich immer zur richtigen Zeit an den richtigen Ort.</span><br />
<span style="font-size: 12pt">Beim Lesen des zweiten Spruchs kommt mir gerade in den Sinn, dass ich  zunächst einmal den entsprechenden “Schubs” von Dir, liebe Andrea, erhielt. Ich bin aber froh, dass ich anschließend auf die Stimme meines Herzens gehört habe, denn sie hat sich nicht geirrt. Ich freue mich, im Team aufgenommen worden zu sein. </span><br />
<span style="font-size: 12pt">Es macht mir riesigen Spaß.</span></p>
<p><span style="font-size: 12pt">Herzliche Grüsse Christa</span></p>
<p>Geschrieben von Christa Commer Online-Team-Mitglied.<br />
Ich als Koordinator vom &#8220;Fachforumseniorenarbeit Bergheim&#8221; Online-Team,<br />
sage mal Danke, im Namen aller Teammitglieder. Eine gute Entscheidung die du getroffen hast!</p>
<p>&nbsp;</p>

<p>Hallo Hans-Jürgen, Hallo Andrea, ich habe ein schönes Büchlein geschenkt bekommen und dort zwei Sprüche von Jochen Mariss entdeckt, die meiner Meinung genau das aussagen, was ich in meiner Herzenssinn-Geschichte hinsichtlich der Projektsuche geäußert habe. Die Sprüche lauten wie folgt: </p>
<p>Das Wichtigste im Leben finden wir nicht etwa durch intensive Suche, sondern so, wie man &hellip; </p>
<p><a class="more-link btn" href="https://unser-quartier.de/stadt-bergheim/startseite/vorstellung-der-moderatoren/kommen-sie-ins-online-team/im-team-angekommen/">Weiterlesen</a></p>
