{"id":6120,"date":"2015-05-11T15:53:39","date_gmt":"2015-05-11T13:53:39","guid":{"rendered":"http:\/\/unser-quartier.de\/stadt-bergheim\/?page_id=6120"},"modified":"2015-05-12T07:00:12","modified_gmt":"2015-05-12T05:00:12","slug":"zwei-jahre-senioren-online-portal","status":"publish","type":"page","link":"https:\/\/unser-quartier.de\/stadt-bergheim\/startseite\/was-ist-das-fachforum-seniorenarbeit-fase\/zwei-jahre-senioren-online-portal\/","title":{"rendered":"Zwei Jahre Senioren-Online-Portal&#8230;"},"content":{"rendered":"<p><span style=\"font-family: Arial, serif\"><span style=\"font-size: medium\"><b>B\u00fcrgermeisterin Maria Pfordt<\/b><\/span><\/span><\/p>\n<p><span style=\"font-family: Arial, serif\"><span style=\"font-size: medium\">Ich freue mich sehr, dass sich das Fachforum Seniorenarbeit als interessante Adresse rund um das Thema \u201e\u00c4lterwerden\u201c in unserer Stadt etabliert hat. 38.000 Klicks in den ersten beiden Jahren zeigen, dass die B\u00fcrgerinnen und B\u00fcrger wie auch Fachleute aus der lokalen Seniorenarbeit das Infoportal als digitalen Treffpunkt zum Austauschen und Netzwerken rege nutzen.<\/span><\/span><\/p>\n<p><span style=\"font-family: Arial, serif\"><span style=\"font-size: medium\">Neben vielen fachlichen Themen bietet diese Seite unter dem Stichwort \u201eunser Quartier\u201c viel Wissenswertes \u00fcber Bergheim. Diese Seite lebt vom Mitmachen und st\u00e4rkt zugleich das WIR-Gef\u00fchl.<\/span><\/span><\/p>\n<p><span style=\"font-family: Arial, serif\"><span style=\"font-size: medium\">Den Akteuren des Fachforums Seniorenarbeit w\u00fcnsche ich weiterhin steigende Besucherzahlen, viele neue interessante Beitr\u00e4ge und nat\u00fcrlich Erfolg.<\/span><\/span><\/p>\n<p>&nbsp;<\/p>\n<p><span style=\"font-family: Arial, serif\"><span style=\"font-size: medium\"><b>Beigeordneter Klaus-Hermann R\u00f6ssler<\/b><\/span><\/span><\/p>\n<p><span style=\"font-family: Arial, serif\"><span style=\"font-size: medium\">Immer mehr \u00e4ltere Menschen nutzen das Internet, um sich zu informieren und teilzuhaben an den sch\u00f6nen neuen M\u00f6glichkeiten des grenzenlosen World Wide Webs. Beim Fachforum Seniorenarbeit k\u00f6nnen Bergheimerinnen und Bergheimer selbst aktiv werden und mit dazu beitragen, unsere Stadt und ihre Ortsteile lebens- und liebenswert zu halten.<\/span><\/span><\/p>\n<p>&nbsp;<\/p>\n<p><span style=\"font-family: Arial, serif\"><span style=\"font-size: medium\"><b>Horst-G\u00fcnter Lankers, Abteilungsleiter Demografie Fachbereich 5<br \/>\n(Jugend, Bildung &amp; Soziales) <\/b><\/span><\/span><\/p>\n<p><span style=\"font-family: Arial, serif\"><span style=\"font-size: medium\">Das Fachforum Seniorenarbeit ist auf Initiative der Fachstelle \u00c4lterwerden entstanden. Wir sind stolz darauf, dass sich aus diesem Teilprojekt der landesweiten Lokalen Online-Gemeinschaften \u00c4lterer Menschen durch das haupts\u00e4chlich ehrenamtliche Engagement des Redaktionsteams ein so vielf\u00e4ltiges Infoportal entwickelt hat.<br \/>\nHier finden alle Bergheimer Rat und Hilfe, praktische Tipps und n\u00fctzliche Adressen, aber auch viel Spa\u00df und das gute Gef\u00fchl, mitten im Leben zu stehen.<\/span><\/span><\/p>\n<p>&nbsp;<\/p>\n<p><span style=\"font-family: Arial, serif\"><span style=\"font-size: medium\"><b>Jan Schnorrenberg, Fachstelle \u00c4lterwerden der Stadt Bergheim<\/b><\/span><\/span><\/p>\n<p><span style=\"font-family: Arial, serif\"><span style=\"font-size: medium\">Als Nachfolger von Britta Fuchs in der Fachstelle \u00c4lterwerden freut es mich zu sehen, wie sich \u201eUnser Quartier\u201c in den letzten zwei Jahren entwickelt hat und ein gutes Miteinander der Generationen f\u00f6rdert. \u00c4lterwerden geht uns alle an \u2013 Fachleute, Seniorinnen und Senioren und Angeh\u00f6rige profitieren von dem Rundumblick auf unsere Stadt und den zahlreichen Angeboten vor Ort. <\/span><\/span><\/p>\n","protected":false},"excerpt":{"rendered":"<p>B\u00fcrgermeisterin Maria Pfordt<\/p>\n<p>Ich freue mich sehr, dass sich das Fachforum Seniorenarbeit als interessante Adresse rund um das Thema \u201e\u00c4lterwerden\u201c in unserer Stadt etabliert hat. 38.000 Klicks in den ersten beiden Jahren zeigen, dass die B\u00fcrgerinnen und B\u00fcrger wie auch Fachleute aus der lokalen Seniorenarbeit das Infoportal als digitalen Treffpunkt zum Austauschen und Netzwerken rege &hellip; <\/p>\n<p><a class=\"more-link btn\" href=\"https:\/\/unser-quartier.de\/stadt-bergheim\/startseite\/was-ist-das-fachforum-seniorenarbeit-fase\/zwei-jahre-senioren-online-portal\/\">Weiterlesen<\/a><\/p>\n","protected":false},"author":48,"featured_media":0,"parent":133,"menu_order":5,"comment_status":"open","ping_status":"open","template":"","meta":{"_bbp_topic_count":0,"_bbp_reply_count":0,"_bbp_total_topic_count":0,"_bbp_total_reply_count":0,"_bbp_voice_count":0,"_bbp_anonymous_reply_count":0,"_bbp_topic_count_hidden":0,"_bbp_reply_count_hidden":0,"_bbp_forum_subforum_count":0,"jetpack_post_was_ever_published":false,"footnotes":""},"class_list":["post-6120","page","type-page","status-publish","hentry","nodate","item-wrap"],"jetpack_sharing_enabled":true,"jetpack_shortlink":"https:\/\/wp.me\/P3vhfJ-1AI","jetpack_likes_enabled":true,"_links":{"self":[{"href":"https:\/\/unser-quartier.de\/stadt-bergheim\/wp-json\/wp\/v2\/pages\/6120","targetHints":{"allow":["GET"]}}],"collection":[{"href":"https:\/\/unser-quartier.de\/stadt-bergheim\/wp-json\/wp\/v2\/pages"}],"about":[{"href":"https:\/\/unser-quartier.de\/stadt-bergheim\/wp-json\/wp\/v2\/types\/page"}],"author":[{"embeddable":true,"href":"https:\/\/unser-quartier.de\/stadt-bergheim\/wp-json\/wp\/v2\/users\/48"}],"replies":[{"embeddable":true,"href":"https:\/\/unser-quartier.de\/stadt-bergheim\/wp-json\/wp\/v2\/comments?post=6120"}],"version-history":[{"count":0,"href":"https:\/\/unser-quartier.de\/stadt-bergheim\/wp-json\/wp\/v2\/pages\/6120\/revisions"}],"up":[{"embeddable":true,"href":"https:\/\/unser-quartier.de\/stadt-bergheim\/wp-json\/wp\/v2\/pages\/133"}],"wp:attachment":[{"href":"https:\/\/unser-quartier.de\/stadt-bergheim\/wp-json\/wp\/v2\/media?parent=6120"}],"curies":[{"name":"wp","href":"https:\/\/api.w.org\/{rel}","templated":true}]}}