{"id":757,"date":"2013-05-28T13:32:57","date_gmt":"2013-05-28T11:32:57","guid":{"rendered":"http:\/\/unser-quartier.de\/stadt-bergheim\/?page_id=757"},"modified":"2020-05-16T21:18:19","modified_gmt":"2020-05-16T19:18:19","slug":"seniortrainer","status":"publish","type":"page","link":"https:\/\/unser-quartier.de\/stadt-bergheim\/informationen\/efi-team\/seniortrainer\/","title":{"rendered":"EFI-Team Bergheim e.V."},"content":{"rendered":"<button id=\"listenButton1\" class=\"responsivevoice-button\" type=\"button\" value=\"Play\" title=\"ResponsiveVoice Tap to Start\/Stop Speech\"><span>&#128266; Seite vorlesen lassen<\/span><\/button>\n        <script>\n            listenButton1.onclick = function(){\n                if(responsiveVoice.isPlaying()){\n                    responsiveVoice.cancel();\n                }else{\n                    responsiveVoice.speak(\". Die in Bergheim ausgebildeten seniorTrainer\/innen haben sich 2012 zum EFI-Team Bergheim e.V. zusammengeschlossen. EFI ist die Abk\u00fcrzung f\u00fcr das Bundesmodellprogramm \u201eErfahrungswissen f\u00fcr Initiativen\u201c zur Gewinnung und Qualifizierung lebenserfahrener Menschen f\u00fcr ein b\u00fcrgerschaftliches Engagement in der nachberuflichen Zeit. Die Absolventen der Qualifizierung erhalten das Zertifikat \u201eseniorTrainerin\u201c. Die Stadt Bergheim hat seit 2005 in mehreren Staffeln seniorTrainer\/innen ausgebildet Ziele des EFI-Programms sind: das Erfahrungswissen \u00e4lterer B\u00fcrger\/innen f\u00fcr Vorhaben und Projekte in unterschiedlichen gesellschaftlichen Bereichen zu gewinnen neue Verantwortungsrollen gemeinsam mit \u00e4lteren und j\u00fcngeren Menschen zu entwickeln ein positives Altersbild zu f\u00f6rdern und den Dialog zwischen den Generationen und Kulturen zu st\u00e4rken. Ansprechpartnerin f\u00fcr die EFI -seniorTrainer- Ausbildung ist: Marion Eckart Kreisstadt Bergheim Abtl. Soziale Hilfen, Wohnen und Integration SG Demografie, Integration, Stadtteilarbeit -Kontaktstelle f\u00fcr freiwilliges Engagement- Tel.: 02271 89709 Fax: 02271 8971709 Zur\u00a0WebSite\u00a0... Ziele und Aufgaben des Vereins EFI-Team Bergheim e.V. sind: Laufender Erfahrungsaustausch zu aktuellen Projekten und Problemen Beratung und Vermittlung am Engagement Interessierter (\u201eEhrenamtsb\u00f6rse\u201c) Unterst\u00fctzung bei der Entwicklung neuer Projekte einschl. Unterst\u00fctzung bei der \u00d6ffentlichkeitsarbeit, Infoveranstaltungen oder der Suche nach Referenten oder Experten Unterst\u00fctzung bei der Antragstellung f\u00fcr F\u00f6rdermittel Technische Hilfe durch Verleih von Druckern, Beamern u.\u00e4. Entgegennahme von Spenden f\u00fcr den Verein oder f\u00fcr Projekte von Einzelpersonen oder Kleingruppen gegen Spendenquittung Verteilung der F\u00f6rdermittel an Einzelprojekte (auf Antrag) Regelm\u00e4\u00dfiger Informationsaustausch mit der Kontaktstelle f\u00fcr freiwilliges Engagement und Selbsthilfe der Kreisstadt Bergheim Unterst\u00fctzung der Stadt bei der Ausbildung neuer seniorTrainer\/innen Ansprechpartner f\u00fcr das EFI-Team Bergheim e.V. sind: Vorsitzender: Hans-J\u00fcrgen Knabben, Tel. 0171 33 57 218, E-Mail: hans-juergen.knabben@gmx.de Stellv. Vorsitzender Heribert K\u00fcppers, Telefon: 0178 8578259 E-Mail: Heribert.Kueppers@gmx.de Hier geht es zum EFI Team Bergheim e.V.\", \"Deutsch Female\");\n                }\n            };\n        <\/script>\n    \n<p>.<\/p>\n<p><span style=\"font-size: medium;\">Die in Bergheim ausgebildeten <strong><em>senior<\/em>Trainer\/innen<\/strong> haben sich 2012 zum EFI-Team Bergheim e.V. zusammengeschlossen.<br \/>\nEFI ist die Abk\u00fcrzung f\u00fcr das Bundesmodellprogramm \u201eErfahrungswissen f\u00fcr Initiativen\u201c zur Gewinnung und Qualifizierung lebenserfahrener Menschen f\u00fcr ein b\u00fcrgerschaftliches Engagement in der nachberuflichen Zeit.<\/span><\/p>\n<p><span style=\"font-size: medium;\">Die Absolventen der Qualifizierung erhalten das Zertifikat \u201e<strong><i>senior<\/i>Trainer<i>in<\/i><\/strong>\u201c. <\/span><br \/>\n<span style=\"font-size: medium;\">Die Stadt Bergheim hat seit 2005 in mehreren Staffeln <strong><i>senior<\/i>Trainer\/innen<\/strong> ausgebildet<\/span><\/p>\n<p><span style=\"font-size: medium;\">Ziele des EFI-Programms sind:<\/span><\/p>\n<ul>\n<li><span style=\"font-size: medium;\">das Erfahrungswissen \u00e4lterer B\u00fcrger\/innen f\u00fcr Vorhaben und Projekte<br \/>\nin unterschiedlichen gesellschaftlichen Bereichen zu gewinnen<\/span><\/li>\n<li><span style=\"font-size: medium;\">neue Verantwortungsrollen gemeinsam mit \u00e4lteren und j\u00fcngeren Menschen zu entwickeln<\/span><\/li>\n<li><span style=\"font-size: medium;\"><span style=\"font-size: medium;\">ein positives Altersbild zu f\u00f6rdern und den Dialog zwischen den Generationen und Kulturen zu st\u00e4rken.<\/span><\/span><\/li>\n<\/ul>\n<p><span style=\"font-size: medium;\">Ansprechpartnerin f\u00fcr die EFI &#8211;<i>senior<\/i>Trainer- Ausbildung ist: <\/span><\/p>\n<p>&nbsp;<\/p>\n<p><span style=\"font-size: 16px;\"><strong>Marion Eckart<\/strong><\/span><\/p>\n<p><span style=\"font-size: 16px;\"><strong>Kreisstadt Bergheim<\/strong><\/span><\/p>\n<p><span style=\"font-size: 16px;\">Abtl. Soziale Hilfen, Wohnen und Integration<\/span><\/p>\n<p><span style=\"font-size: 16px;\">SG Demografie, Integration, Stadtteilarbeit<\/span><\/p>\n<p><span style=\"font-size: 16px;\"><strong>-Kontaktstelle f\u00fcr freiwilliges Engagement-<\/strong><\/span><\/p>\n<p><span style=\"font-size: 16px;\"><strong>Tel.: 02271 89709<\/strong><\/span><\/p>\n<p><span style=\"font-size: 16px;\"><strong>Fax: 02271 8971709<\/strong><\/span><\/p>\n<p><span style=\"font-size: 16px;\"><strong><a href=\"http:\/\/www.bergheim.de\/freiwilliges-engagement.aspx\">Zur\u00a0WebSite\u00a0&#8230;<\/a><\/strong><\/span><\/p>\n<p><span style=\"font-size: medium;\">Ziele und Aufgaben des Vereins EFI-Team Bergheim e.V. sind:<\/span><\/p>\n<p><span style=\"font-size: medium;\">Laufender Erfahrungsaustausch zu aktuellen Projekten und Problemen<\/span><\/p>\n<ul>\n<li><span style=\"font-size: medium;\">Beratung und Vermittlung am Engagement Interessierter (\u201eEhrenamtsb\u00f6rse\u201c)<\/span><\/li>\n<li><span style=\"font-size: medium;\">Unterst\u00fctzung bei der Entwicklung neuer Projekte einschl. Unterst\u00fctzung bei der \u00d6ffentlichkeitsarbeit,<br \/>\nInfoveranstaltungen oder der Suche nach Referenten oder Experten<\/span><\/li>\n<li><span style=\"font-size: medium;\">Unterst\u00fctzung bei der Antragstellung f\u00fcr F\u00f6rdermittel<\/span><\/li>\n<li><span style=\"font-size: medium;\">Technische Hilfe durch Verleih von Druckern, Beamern u.\u00e4.<\/span><\/li>\n<li><span style=\"font-size: medium;\">Entgegennahme von Spenden f\u00fcr den Verein oder f\u00fcr Projekte von<br \/>\nEinzelpersonen oder Kleingruppen gegen Spendenquittung<\/span><\/li>\n<li><span style=\"font-size: medium;\">Verteilung der F\u00f6rdermittel an Einzelprojekte (auf Antrag)<\/span><\/li>\n<li><span style=\"font-size: medium;\">Regelm\u00e4\u00dfiger Informationsaustausch mit der Kontaktstelle<br \/>\nf\u00fcr freiwilliges Engagement und Selbsthilfe der Kreisstadt Bergheim<\/span><\/li>\n<li><span style=\"font-size: medium;\">Unterst\u00fctzung der Stadt bei der Ausbildung neuer <i>senior<\/i>Trainer\/innen<\/span><\/li>\n<\/ul>\n<p>&nbsp;<\/p>\n<p><span style=\"font-size: medium;\">Ansprechpartner f\u00fcr das EFI-Team Bergheim e.V. sind:<\/span><\/p>\n<p><span style=\"font-size: medium;\">Vorsitzender: Hans-J\u00fcrgen Knabben, Tel. 0171 33 57 218,<br \/>\nE-Mail: <a href=\"mailto:hans-juergen.knabben@gmx.de\">hans-juergen.knabben@gmx.de<\/a><\/span><\/p>\n<p><span style=\"font-size: medium;\">Stellv. Vorsitzender Heribert K\u00fcppers, Telefon: 0178 8578259<br \/>\nE-Mail: <a href=\"mailto:Heribert.Kueppers@gmx.de\">Heribert.Kueppers@gmx.de<\/a><\/span><\/p>\n<p><span style=\"font-size: medium;\">Hier geht es zum EFI Team Bergheim e.V.<\/span><\/p>\n","protected":false},"excerpt":{"rendered":"<p>.<\/p>\n<p>Die in Bergheim ausgebildeten <strong>seniorTrainer\/innen<\/strong> haben sich 2012 zum EFI-Team Bergheim e.V. zusammengeschlossen. EFI ist die Abk\u00fcrzung f\u00fcr das Bundesmodellprogramm \u201eErfahrungswissen f\u00fcr Initiativen\u201c zur Gewinnung und Qualifizierung lebenserfahrener Menschen f\u00fcr ein b\u00fcrgerschaftliches Engagement in der nachberuflichen Zeit.<\/p>\n<p>Die Absolventen der Qualifizierung erhalten das Zertifikat \u201e<strong>seniorTrainerin<\/strong>\u201c. Die Stadt Bergheim hat seit 2005 in mehreren Staffeln &hellip; <\/p>\n<p><a class=\"more-link btn\" href=\"https:\/\/unser-quartier.de\/stadt-bergheim\/informationen\/efi-team\/seniortrainer\/\">Weiterlesen<\/a><\/p>\n","protected":false},"author":48,"featured_media":0,"parent":3410,"menu_order":1,"comment_status":"closed","ping_status":"closed","template":"template-onecolumn.php","meta":{"_bbp_topic_count":0,"_bbp_reply_count":0,"_bbp_total_topic_count":0,"_bbp_total_reply_count":0,"_bbp_voice_count":0,"_bbp_anonymous_reply_count":0,"_bbp_topic_count_hidden":0,"_bbp_reply_count_hidden":0,"_bbp_forum_subforum_count":0,"jetpack_post_was_ever_published":false,"footnotes":""},"class_list":["post-757","page","type-page","status-publish","hentry","nodate","item-wrap"],"jetpack_sharing_enabled":true,"jetpack_shortlink":"https:\/\/wp.me\/P3vhfJ-cd","jetpack_likes_enabled":true,"_links":{"self":[{"href":"https:\/\/unser-quartier.de\/stadt-bergheim\/wp-json\/wp\/v2\/pages\/757","targetHints":{"allow":["GET"]}}],"collection":[{"href":"https:\/\/unser-quartier.de\/stadt-bergheim\/wp-json\/wp\/v2\/pages"}],"about":[{"href":"https:\/\/unser-quartier.de\/stadt-bergheim\/wp-json\/wp\/v2\/types\/page"}],"author":[{"embeddable":true,"href":"https:\/\/unser-quartier.de\/stadt-bergheim\/wp-json\/wp\/v2\/users\/48"}],"replies":[{"embeddable":true,"href":"https:\/\/unser-quartier.de\/stadt-bergheim\/wp-json\/wp\/v2\/comments?post=757"}],"version-history":[{"count":0,"href":"https:\/\/unser-quartier.de\/stadt-bergheim\/wp-json\/wp\/v2\/pages\/757\/revisions"}],"up":[{"embeddable":true,"href":"https:\/\/unser-quartier.de\/stadt-bergheim\/wp-json\/wp\/v2\/pages\/3410"}],"wp:attachment":[{"href":"https:\/\/unser-quartier.de\/stadt-bergheim\/wp-json\/wp\/v2\/media?parent=757"}],"curies":[{"name":"wp","href":"https:\/\/api.w.org\/{rel}","templated":true}]}}