{"id":774,"date":"2013-06-04T11:26:17","date_gmt":"2013-06-04T09:26:17","guid":{"rendered":"http:\/\/unser-quartier.de\/stadt-bergheim\/?page_id=774"},"modified":"2018-06-13T15:26:25","modified_gmt":"2018-06-13T13:26:25","slug":"museum-bergheimat","status":"publish","type":"page","link":"https:\/\/unser-quartier.de\/stadt-bergheim\/informationen\/untermenue-3\/museum-bergheimat\/","title":{"rendered":"Museum Bergheimat"},"content":{"rendered":"<p><a href=\"https:\/\/i0.wp.com\/unser-quartier.de\/stadt-bergheim\/files\/2013\/06\/bergheimat_160.jpg?ssl=1\"><img data-recalc-dims=\"1\" loading=\"lazy\" decoding=\"async\" data-attachment-id=\"777\" data-permalink=\"https:\/\/unser-quartier.de\/stadt-bergheim\/informationen\/untermenue-3\/museum-bergheimat\/bergheimat_160\/\" data-orig-file=\"https:\/\/i0.wp.com\/unser-quartier.de\/stadt-bergheim\/files\/2013\/06\/bergheimat_160.jpg?fit=160%2C105&amp;ssl=1\" data-orig-size=\"160,105\" data-comments-opened=\"0\" data-image-meta=\"{&quot;aperture&quot;:&quot;0&quot;,&quot;credit&quot;:&quot;&quot;,&quot;camera&quot;:&quot;&quot;,&quot;caption&quot;:&quot;&quot;,&quot;created_timestamp&quot;:&quot;0&quot;,&quot;copyright&quot;:&quot;&quot;,&quot;focal_length&quot;:&quot;0&quot;,&quot;iso&quot;:&quot;0&quot;,&quot;shutter_speed&quot;:&quot;0&quot;,&quot;title&quot;:&quot;&quot;}\" data-image-title=\"bergheimat\" data-image-description=\"\" data-image-caption=\"\" data-medium-file=\"https:\/\/i0.wp.com\/unser-quartier.de\/stadt-bergheim\/files\/2013\/06\/bergheimat_160.jpg?fit=160%2C105&amp;ssl=1\" data-large-file=\"https:\/\/i0.wp.com\/unser-quartier.de\/stadt-bergheim\/files\/2013\/06\/bergheimat_160.jpg?fit=160%2C105&amp;ssl=1\" class=\"alignnone size-full wp-image-777\" src=\"https:\/\/i0.wp.com\/unser-quartier.de\/stadt-bergheim\/files\/2013\/06\/bergheimat_160.jpg?resize=160%2C105&#038;ssl=1\" alt=\"bergheimat\" width=\"160\" height=\"105\" srcset=\"https:\/\/i0.wp.com\/unser-quartier.de\/stadt-bergheim\/files\/2013\/06\/bergheimat_160.jpg?w=160&amp;ssl=1 160w, https:\/\/i0.wp.com\/unser-quartier.de\/stadt-bergheim\/files\/2013\/06\/bergheimat_160.jpg?resize=150%2C98&amp;ssl=1 150w\" sizes=\"auto, (max-width: 160px) 100vw, 160px\" \/><\/a><\/p>\n<p><span style=\"font-size: 14pt\">W e r d e\u00a0\u00a0 e i n\u00a0\u00a0 T e i l\u00a0\u00a0 d e r\u00a0 <strong>B E R G H E I M A T<\/strong><\/span><\/p>\n<p><span style=\"font-size: 12pt\">Unser Verein: Der Verein \u201eMuseum der Stadt Bergheim e.V.\u201c :<\/span><\/p>\n<p><span style=\"font-size: 12pt\">Das Leben und Arbeiten der Menschen in Bergheim zu dokumentieren und weiterzugeben, in der Erinnerung wach zu halten und f\u00fcr die Zukunft zu bewahren \u2013 das ist unser Ziel. Zu diesem Zweck wurde der Verein \u201eMuseum der Stadt Bergheim e.V.\u201c im M\u00e4rz 2007 ins Leben gerufen.<\/span><\/p>\n<p><span style=\"font-size: 12pt\">Unser Verein steht allen Interessenten offen.<\/span><\/p>\n<p><span style=\"font-size: 12pt\">Jedermann ist herzlich eingeladen und willkommen, bei uns mitzumachen \u2013 ganz gleich, ob als festes Mitglied, als Sponsor, als regelm\u00e4\u00dfiger Gast oder als gelegentlicher Besucher.<\/span><\/p>\n<p><span style=\"font-size: 12pt\">Mit vielf\u00e4ltigen Aktivit\u00e4ten bietet unser Verein ein lebendiges und spannendes Miteinander. Wir entwickeln\u00a0 Ausstellungen, veranstalten Feste , M\u00e4rkte und machen Ausfl\u00fcge zu Museen in der n\u00e4heren Umgebung.<\/span><\/p>\n<p><span style=\"font-size: 12pt\">Um uns kennenzulernen sind Sie\u00a0 herzlich zu unserem regelm\u00e4\u00dfigen Vereinstreffen, jeden letzten Donnerstag um 19.00 Uhr der \u201eungeraden\u201c in der BERGHEIMAT (Hauptstra\u00dfe 52-59) eingeladen.<\/span><\/p>\n<p><span style=\"font-size: 12pt\">Weitere Informationen finden Sie auf unserer Internetseite<\/span><\/p>\n<p><span style=\"font-size: 12pt\"><span style=\"text-decoration: underline\">www.museum-stadt-bergheim.de<\/span><\/span><\/p>\n<p><span style=\"font-size: 12pt\">Oder rufen Sie uns einfach an. Wir freuen uns darauf!<\/span><\/p>\n<p><span style=\"font-size: 12pt\">Astrid Machuj\u00a0\u00a0\u00a0\u00a0\u00a0\u00a0\u00a0\u00a0\u00a0\u00a0\u00a0\u00a0\u00a0\u00a0\u00a0 Werner Kremer<br \/>\n02271-07380\u00a0\u00a0\u00a0\u00a0\u00a0\u00a0\u00a0\u00a0\u00a0\u00a0\u00a0\u00a0\u00a0\u00a0\u00a0\u00a0\u00a0 02271-62236<br \/>\n<\/span><\/p>\n<p><span style=\"font-size: 12pt\">Unser Museum:<\/span><\/p>\n<p><span style=\"font-size: 12pt\">Unser Museum wurde im Jahr 2012 er\u00f6ffnet. In diesem Jahr feierte die Stadt Bergheim\u00a0ihr gro\u00dfes Jubil\u00e4um.<br \/>\nVor 700 Jahren wurde die Stadt erstmalig urkundlich erw\u00e4hnt. Unsere erste Ausstellung besch\u00e4ftigte sich intensiv mit der Stadtgeschichte. Bereits ein Jahr sp\u00e4ter er\u00f6ffneten wir die Ausstellung \u201eGlasklar\u201c mit dem Schwerpunkt \u201eIchendorfer Glash\u00fctte\u201c. <\/span><span style=\"font-size: 12pt\">Die Ausstellung \u201eR\u00f6mer ganz nah \u2026 in Bergheim\u201c wurde am 5.10.2014 er\u00f6ffnet. Seit 2016 l\u00e4uft &#8220;Sport in Bergheim&#8221;.<\/p>\n<p><\/span><span style=\"font-size: 12pt\">Bis heute bekommen wir viele positive R\u00fcckmeldungen von den Besuchern.<\/span><span style=\"font-size: 12pt\">\u00a0<\/span><\/p>\n<p><span style=\"font-size: 12pt\">Wir freuen uns\u00a0 auf Ihren Besuch. F\u00fcr Gruppenf\u00fchrungen stehen wir Ihnen gerne zur Verf\u00fcgung.Den Termin, Dauer und Schwerpunkte sprechen wir gerne mit Ihnen ab.<\/span><\/p>\n<p><span style=\"font-size: 12pt\"><br \/>\nF\u00fcr Schulen-, Kinderg\u00e4rten und andere Jugendgruppen haben wir spezielle F\u00fchrungen entwickelt. Sprechen Sie uns an. Wir freuen uns auf Sie.<\/span><span style=\"font-size: 12pt\">\u00a0<\/span><\/p>\n<p><span style=\"font-size: 12pt\">Ihr Museumsteam<\/span><\/p>\n<p><a href=\"https:\/\/wp.me\/p3vhfJ-2AI\">Reif f\u00fcr&#8217;s Museum: Mit dem Seniorenportal durch die Bergheimat<\/a><\/p>\n<p>&nbsp;<\/p>\n<p>&nbsp;<\/p>\n<p>&nbsp;<\/p>\n<p>&nbsp;<\/p>\n","protected":false},"excerpt":{"rendered":"<\/p>\n<p>W e r d e\u00a0\u00a0 e i n\u00a0\u00a0 T e i l\u00a0\u00a0 d e r\u00a0 <strong>B E R G H E I M A T<\/strong><\/p>\n<p>Unser Verein: Der Verein \u201eMuseum der Stadt Bergheim e.V.\u201c :<\/p>\n<p>Das Leben und Arbeiten der Menschen in Bergheim zu dokumentieren und weiterzugeben, in der Erinnerung wach zu halten und &hellip; <\/p>\n<p><a class=\"more-link btn\" href=\"https:\/\/unser-quartier.de\/stadt-bergheim\/informationen\/untermenue-3\/museum-bergheimat\/\">Weiterlesen<\/a><\/p>\n","protected":false},"author":48,"featured_media":0,"parent":3336,"menu_order":5,"comment_status":"closed","ping_status":"closed","template":"","meta":{"_bbp_topic_count":0,"_bbp_reply_count":0,"_bbp_total_topic_count":0,"_bbp_total_reply_count":0,"_bbp_voice_count":0,"_bbp_anonymous_reply_count":0,"_bbp_topic_count_hidden":0,"_bbp_reply_count_hidden":0,"_bbp_forum_subforum_count":0,"jetpack_post_was_ever_published":false,"footnotes":""},"class_list":["post-774","page","type-page","status-publish","hentry","nodate","item-wrap"],"jetpack_sharing_enabled":true,"jetpack_shortlink":"https:\/\/wp.me\/P3vhfJ-cu","jetpack_likes_enabled":true,"_links":{"self":[{"href":"https:\/\/unser-quartier.de\/stadt-bergheim\/wp-json\/wp\/v2\/pages\/774","targetHints":{"allow":["GET"]}}],"collection":[{"href":"https:\/\/unser-quartier.de\/stadt-bergheim\/wp-json\/wp\/v2\/pages"}],"about":[{"href":"https:\/\/unser-quartier.de\/stadt-bergheim\/wp-json\/wp\/v2\/types\/page"}],"author":[{"embeddable":true,"href":"https:\/\/unser-quartier.de\/stadt-bergheim\/wp-json\/wp\/v2\/users\/48"}],"replies":[{"embeddable":true,"href":"https:\/\/unser-quartier.de\/stadt-bergheim\/wp-json\/wp\/v2\/comments?post=774"}],"version-history":[{"count":0,"href":"https:\/\/unser-quartier.de\/stadt-bergheim\/wp-json\/wp\/v2\/pages\/774\/revisions"}],"up":[{"embeddable":true,"href":"https:\/\/unser-quartier.de\/stadt-bergheim\/wp-json\/wp\/v2\/pages\/3336"}],"wp:attachment":[{"href":"https:\/\/unser-quartier.de\/stadt-bergheim\/wp-json\/wp\/v2\/media?parent=774"}],"curies":[{"name":"wp","href":"https:\/\/api.w.org\/{rel}","templated":true}]}}