{"id":8172,"date":"2018-12-05T00:05:11","date_gmt":"2018-12-04T23:05:11","guid":{"rendered":"http:\/\/unser-quartier.de\/stadt-bergheim\/?page_id=8172"},"modified":"2018-11-03T19:20:07","modified_gmt":"2018-11-03T18:20:07","slug":"tuerchen-5","status":"publish","type":"page","link":"https:\/\/unser-quartier.de\/stadt-bergheim\/tuerchen-5\/","title":{"rendered":"T\u00fcrchen 5"},"content":{"rendered":"<p style=\"text-align: left;\"><span style=\"font-family: arial, helvetica, sans-serif; font-size: 20px;\"><strong>Das f\u00fcnfte T\u00fcrchen ist ge\u00f6ffnet&#8230; <\/strong><strong><span style=\"color: #3366ff;\">Rudolf das kleine Rentier<\/span><\/strong><\/span><\/p>\n<p><span style=\"font-size: 20px; font-family: arial, helvetica, sans-serif;\"><strong><span style=\"color: #ff0000;\">(Siehe auch unten den Text)<\/span><\/strong><\/span><\/p>\n<div class=\"embed-container\"><iframe loading=\"lazy\" title=\"Rudolf das kleine Rentier\" width=\"770\" height=\"578\" src=\"https:\/\/www.youtube.com\/embed\/WWxRpFqBHEM?feature=oembed\" frameborder=\"0\" allow=\"accelerometer; autoplay; clipboard-write; encrypted-media; gyroscope; picture-in-picture; web-share\" referrerpolicy=\"strict-origin-when-cross-origin\" allowfullscreen><\/iframe><\/div>\n<p><span style=\"font-size: 20px; font-family: arial, helvetica, sans-serif;\">(Quelle Youtube) <img data-recalc-dims=\"1\" loading=\"lazy\" decoding=\"async\" data-attachment-id=\"8408\" data-permalink=\"https:\/\/unser-quartier.de\/stadt-bergheim\/tuerchen-5\/rentier\/\" data-orig-file=\"https:\/\/i0.wp.com\/unser-quartier.de\/stadt-bergheim\/files\/2015\/10\/RENTIER.gif?fit=130%2C130&amp;ssl=1\" data-orig-size=\"130,130\" data-comments-opened=\"0\" data-image-meta=\"{&quot;aperture&quot;:&quot;0&quot;,&quot;credit&quot;:&quot;&quot;,&quot;camera&quot;:&quot;&quot;,&quot;caption&quot;:&quot;&quot;,&quot;created_timestamp&quot;:&quot;0&quot;,&quot;copyright&quot;:&quot;&quot;,&quot;focal_length&quot;:&quot;0&quot;,&quot;iso&quot;:&quot;0&quot;,&quot;shutter_speed&quot;:&quot;0&quot;,&quot;title&quot;:&quot;&quot;,&quot;orientation&quot;:&quot;0&quot;}\" data-image-title=\"RENTIER\" data-image-description=\"\" data-image-caption=\"\" data-medium-file=\"https:\/\/i0.wp.com\/unser-quartier.de\/stadt-bergheim\/files\/2015\/10\/RENTIER.gif?fit=130%2C130&amp;ssl=1\" data-large-file=\"https:\/\/i0.wp.com\/unser-quartier.de\/stadt-bergheim\/files\/2015\/10\/RENTIER.gif?fit=130%2C130&amp;ssl=1\" class=\"size-full wp-image-8408 aligncenter\" src=\"https:\/\/i0.wp.com\/unser-quartier.de\/stadt-bergheim\/files\/2015\/10\/RENTIER.gif?resize=130%2C130&#038;ssl=1\" alt=\"RENTIER\" width=\"130\" height=\"130\" \/><\/span><\/p>\n<div class=\"csc-header csc-header-n1\">\n<p><span style=\"font-size: 20px; font-family: arial, helvetica, sans-serif;\">Hoch oben im Norden, wo die N\u00e4chte dunkler und l\u00e4nger und der Schnee viel wei\u00dfer ist als in unseren Breitengraden, sind die Rentiere beheimatet. In jedem Jahr geht der Weihnachtsmann dort auf die Suche nach den st\u00e4rksten und schnellsten Tieren, um seinen gewaltigen Schlitten durch die Luft zu bef\u00f6rdern. In dieser Gegend lebte eine Rentierfamilie mit ihren f\u00fcnf Kindern. Das J\u00fcngste h\u00f6rte auf den Namen Rudolph und war ein besonders lebhaftes und neugieriges Kind, das seine Nase in allerlei Dinge steckte. Tja, und diese Nase hatte es wirklich in sich. Immer, wenn das kleine Rentier-Herz vor Aufregung ein bisschen schneller klopfte, leuchtete sie so rot wie die gl\u00fchende Sonne kurz vor dem Untergang.<\/span><\/p>\n<p><span style=\"font-size: 20px; font-family: arial, helvetica, sans-serif;\">Egal, ob er sich freute oder zornig war, Rudolphs Nase gl\u00fchte in voller Pracht. Seine Eltern und Geschwister hatten ihren Spa\u00df an der roten Nase, aber schon im Rentierkindergarten wurde sie zum Gesp\u00f6tt der vierbeinigen Racker. &#8220;Das ist der Rudolph mit der roten Nase&#8221;, riefen sie und tanzten um ihn herum, w\u00e4hrend sie mit ihren kleinen Hufen auf ihn zeigten. Und dann erst in der Rentierschule!<br \/>\nDie Rentier-Kinder h\u00e4nselten ihn wo sie nur konnten.<\/span><\/p>\n<p><span style=\"font-size: 20px; font-family: arial, helvetica, sans-serif;\">Mit allen Mitteln versuchte Rudolph seine Nase zu verbergen, zum Beispiel indem er sie mit schwarzer Farbe \u00fcbermalte. Spielte er mit den anderen verstecken, freute er sich, dass er diesmal nicht entdeckt worden war. Und im gleichen Moment begann seine Nase so zu gl\u00fchen, dass die Farbe abbl\u00e4tterte. Ein anderes Mal st\u00fclpte er sich eine schwarze Gummikappe dar\u00fcber. Nicht nur, dass er durch den Mund atmen musste. Als er auch noch zu sprechen begann, klang es als s\u00e4\u00dfe eine W\u00e4scheklammer auf seiner Nase. Seine Mitsch\u00fcler hielten sich die Rentier-B\u00e4uche vor Lachen, aber Rudolph lief nach Hause und weinte bitterlich. &#8220;Nie wieder werde ich mit diesen Bl\u00f6dhufen spielen&#8221;, rief er unter Tr\u00e4nen, und die Worte seiner Eltern und Geschwister konnten ihn dabei nur wenig tr\u00f6sten.<\/span><\/p>\n<p><span style=\"font-size: 20px; font-family: arial, helvetica, sans-serif;\">Die Tage wurden k\u00fcrzer und wie in jedem Jahr k\u00fcndigte sich der Besuch des Weihnachtsmannes an. In allen Rentier-Haushalten wurden die jungen und kr\u00e4ftigen Burschen herausgeputzt. Ihre Felle wurden so lange gestriegelt und geb\u00fcrstet bis sie kupfernfarben schimmerten, die Geweihe mit Schnee geputzt bis sie im fahlen Licht des nordischen Winters gl\u00e4nzten. Und dann war es endlich soweit.<\/span><\/p>\n<p><span style=\"font-size: 20px; font-family: arial, helvetica, sans-serif;\">Auf einem riesigen Platz standen Dutzende von Rentieren, die ungeduldig und nerv\u00f6s mit den Hufen scharrten und schaurig-sch\u00f6ne Rufe ausstie\u00dfen, um die Mitbewerber zu beeindrucken. Unter ihnen war auch Rudolph, an Gr\u00f6\u00dfe und Kraft den anderen Bewerbern zumeist deutlich \u00fcberlegen. P\u00fcnktlich zur festgelegten Zeit landete der Weihnachtsmann aus dem nahegelegenen Weihnachtsdorf, seiner Heimat, mit seinem Schlitten, der diesmal nur von Donner, dem getreuen Leittier gezogen wurde.<\/span><\/p>\n<p><span style=\"font-size: 20px; font-family: arial, helvetica, sans-serif;\">Leichter Schnee hatte eingesetzt und der wallende rote Mantel war mit wei\u00dfen Tupfern \u00fcbers\u00e4t. Santa Claus machte sich sofort an die Arbeit, indem er jedes Tier in Augenschein nahm. Immer wieder brummelte er einige Worte in seinen langen wei\u00dfen Bart. Rudolph kam es wie eine Ewigkeit vor. Als die Reihe endlich bei ihm angelangt war, gl\u00fchte seine Nase vor Aufregung fast so hell wie die Sonne. Santa Claus trat auf ihn zu, l\u00e4chelte freundlich und sch\u00fcttelte den Kopf. &#8220;Du bist gro\u00df und kr\u00e4ftig. Und ein h\u00fcbscher Bursche dazu &#8220;, sprach er, &#8220;aber leider kann ich dich nicht gebrauchen.<br \/>\nDie Kinder w\u00fcrden erschrecken, wenn sie dich s\u00e4hen.&#8221;<\/span><\/p>\n<p><span style=\"font-size: 20px; font-family: arial, helvetica, sans-serif;\">Rudolphs Trauer kannte keine Grenzen. So schnell er konnte, lief er hinaus in den Wald und stampfte br\u00fcllend und weinend durch den tiefen Schnee. Die Ger\u00e4usche und das weithin sichtbare rote Licht lockten eine Elfe an. Vorsichtig n\u00e4herte sie sich, legte ihre Hand auf seine Schulter und fragte : &#8220;Was ist mit dir?&#8221;<\/span><\/p>\n<p><span style=\"font-size: 20px; font-family: arial, helvetica, sans-serif;\">&#8220;Schau nur, wie meine Nase leuchtet. Keiner braucht ein Rentier mit einer roten Nase!&#8221; antwortete Rudolph. &#8220;Das kenne ich&#8221;, sprach die Elfe, &#8220;ich w\u00fcrde gerne im Weihnachtsdorf mit den anderen Elfen arbeiten. Aber immer, wenn ich aufgeregt bin, beginnen meine Ohren zu wackeln. Und wackelnde Ohren mag Santa Claus nicht.&#8221; Rudolph blickte auf, wischte sich mit den Hufen die Tr\u00e4nen aus den Augen und sah eine bildh\u00fcbsche Elfe, deren Ohren im Rhythmus eines Vogelschlags hin und her wackelten. &#8220;Mein Name ist Herbie&#8221;, sagte sie sch\u00fcchtern. Und w\u00e4hrend sie sich so in die Augen sahen, der eine mit einer leuchtend roten Nase, die andere mit rhythmisch wackelnden Ohren, prusteten sie urpl\u00f6tzlich los und lachten bis ihnen die B\u00e4uche weh taten. An diesem Tag schlossen sie Freundschaft, schwatzten bis in die Nacht und kehrten erst am fr\u00fchen Morgen heim.<\/span><\/p>\n<p><span style=\"font-size: 20px; font-family: arial, helvetica, sans-serif;\">Mit Riesenschritten ging die Zeit auf Weihnachten zu. Herbie und Rudolph trafen sich in dieser Zeit viele Male im Wald. Alle waren mit den Vorbereitungen f\u00fcr das Weihnachtsfest so besch\u00e4ftigt, dass sie nicht bemerkten, wie sich das Wetter von Tag zu Tag verschlechterte.<\/span><\/p>\n<p><span style=\"font-size: 20px; font-family: arial, helvetica, sans-serif;\">Am Vorabend des Weihnachtstages \u00fcbergab die Wetterfee Santa Claus den Wetterbericht. Mit sorgenvoller Miene blickte er zum Himmel und seufzte resigniert : &#8220;Wenn ich morgen anspanne, kann ich vom Kutschbock aus noch nicht einmal die Rentiere sehen. Wie soll ich da den Weg zu den Kindern finden?&#8221; In dieser Nacht fand Santa Claus keinen Schlaf. Immer wieder gr\u00fcbelte er \u00fcber einen Ausweg nach. Schlie\u00dflich zog er Mantel, Stiefel und M\u00fctze an, spannte Donner vor seinen Schlitten und machte sich auf den Weg zur Erde. &#8220;Vielleicht finde ich dort eine L\u00f6sung&#8221;, dachte er. W\u00e4hrend seines Fluges begann es in dichten Flocken zu schneien. So dicht, dass Santa Claus kaum etwas sehen konnte.<\/span><\/p>\n<p><span style=\"font-size: 20px; font-family: arial, helvetica, sans-serif;\">Lediglich ein rotes Licht unter ihm leuchtete so hell, dass ihm der Schnee wie eine riesige Menge Erdbeereis vorkam. Santa Claus liebte Erdbeereis. &#8220;Hallo&#8221;, rief er, &#8220;was hast du f\u00fcr eine h\u00fcbsche und wundervolle Nase! Du bist genau der, den ich brauche. Was h\u00e4ltst du davon, wenn du am Weihnachtstag vor meinem Schlitten herl\u00e4ufst und mir so den Weg zu den Kindern zeigst?&#8221;<\/span><\/p>\n<p><span style=\"font-size: 20px; font-family: arial, helvetica, sans-serif;\">Als Rudolph die Worte des Weihnachtsmannes h\u00f6rte, fiel ihm vor Schreck der Tannenbaum zu Boden und seine Nase gl\u00fchte so heftig wie noch nie in seinem Leben. Vor lauter Freude fehlten ihm die Worte. Erst langsam fand er seine Fassung wieder. &#8220;Nat\u00fcrlich furchtbar gerne. Ich freu\u2019 mich riesig.&#8221; Doch pl\u00f6tzlich wurde er sehr traurig. &#8220;Aber wie finde ich den Weg zur\u00fcck zum Weihnachtsdorf, wenn es so dicht schneit?&#8221; Im gleichen Moment, in dem er die Worte aussprach, kam ihm eine Idee. &#8220;Bin gleich wieder da&#8221;, rief er, w\u00e4hrend er schon in schnellem Galopp auf dem Weg in den Wald war und einen verdutzten Santa Claus zur\u00fccklie\u00df. Wenige Minuten sp\u00e4ter kehrten ein Rentier mit einer gl\u00fchenden Nase und eine Elfe mit wackelnden Ohren aus dem Wald zur\u00fcck. &#8220;Sie wird uns f\u00fchren, Santa Claus&#8221;, sagte Rudolph voller Stolz und zeigte auf Herbie. &#8220;Mit ihren Ohren h\u00e4lt sie uns den Schnee vom Leibe. Und sie kennt den Weg.&#8221; &#8220;Das ist eine prachtvolle Idee&#8221;, dr\u00f6hnte Santa Claus. &#8220;Aber jetzt muss ich zur\u00fcck. Auf morgen dann.&#8221;<\/span><\/p>\n<p><span style=\"font-size: 20px; font-family: arial, helvetica, sans-serif;\">Und so geschah es, dass Santa Claus am Weihnachtstag von einem Rentier mit einer roten Nase und einer Elfe mit wackelnden Ohren begleitet wurde. Rudolph wurde f\u00fcr seine treuen Dienste am n\u00e4chsten Tag von allen Rentieren begeistert gefeiert. Den ganzen Tag tanzten sie auf dem gro\u00dfen Marktplatz und sangen dazu : &#8220;Rudolph mit der roten Nase, du wirst in die Geschichte eingehen.&#8221; Und es muss jemanden gegeben haben, der Santa Claus und seine beiden Helfer beobachtet hat. Sonst g\u00e4be es sie heute nicht, die Geschichte von Rudolph mit der roten Nase.<\/span><\/p>\n<p><span style=\"font-family: arial, helvetica, sans-serif; font-size: 20px;\">Gesehen\/Quelle: mal-alt-werden.de<\/span><\/p>\n<\/div>\n<p>&nbsp;<\/p>\n","protected":false},"excerpt":{"rendered":"<p style=\"text-align: left;\"><strong>Das f\u00fcnfte T\u00fcrchen ist ge\u00f6ffnet&#8230; <\/strong><strong>Rudolf das kleine Rentier<\/strong><\/p>\n<p><strong>(Siehe auch unten den Text)<\/strong><\/p>\n<p>(Quelle Youtube) <\/p>\n<p>Hoch oben im Norden, wo die N\u00e4chte dunkler und l\u00e4nger und der Schnee viel wei\u00dfer ist als in unseren Breitengraden, sind die Rentiere beheimatet. In jedem Jahr geht der Weihnachtsmann dort auf die Suche nach den &hellip; <\/p>\n<p><a class=\"more-link btn\" href=\"https:\/\/unser-quartier.de\/stadt-bergheim\/tuerchen-5\/\">Weiterlesen<\/a><\/p>\n","protected":false},"author":48,"featured_media":0,"parent":0,"menu_order":9,"comment_status":"closed","ping_status":"closed","template":"","meta":{"_bbp_topic_count":0,"_bbp_reply_count":0,"_bbp_total_topic_count":0,"_bbp_total_reply_count":0,"_bbp_voice_count":0,"_bbp_anonymous_reply_count":0,"_bbp_topic_count_hidden":0,"_bbp_reply_count_hidden":0,"_bbp_forum_subforum_count":0,"jetpack_post_was_ever_published":false,"footnotes":""},"class_list":["post-8172","page","type-page","status-publish","hentry","nodate","item-wrap"],"jetpack_sharing_enabled":true,"jetpack_shortlink":"https:\/\/wp.me\/P3vhfJ-27O","jetpack_likes_enabled":true,"_links":{"self":[{"href":"https:\/\/unser-quartier.de\/stadt-bergheim\/wp-json\/wp\/v2\/pages\/8172","targetHints":{"allow":["GET"]}}],"collection":[{"href":"https:\/\/unser-quartier.de\/stadt-bergheim\/wp-json\/wp\/v2\/pages"}],"about":[{"href":"https:\/\/unser-quartier.de\/stadt-bergheim\/wp-json\/wp\/v2\/types\/page"}],"author":[{"embeddable":true,"href":"https:\/\/unser-quartier.de\/stadt-bergheim\/wp-json\/wp\/v2\/users\/48"}],"replies":[{"embeddable":true,"href":"https:\/\/unser-quartier.de\/stadt-bergheim\/wp-json\/wp\/v2\/comments?post=8172"}],"version-history":[{"count":0,"href":"https:\/\/unser-quartier.de\/stadt-bergheim\/wp-json\/wp\/v2\/pages\/8172\/revisions"}],"wp:attachment":[{"href":"https:\/\/unser-quartier.de\/stadt-bergheim\/wp-json\/wp\/v2\/media?parent=8172"}],"curies":[{"name":"wp","href":"https:\/\/api.w.org\/{rel}","templated":true}]}}

Türchen 5

<p style="text-align: left;"><span style="font-family: arial, helvetica, sans-serif; font-size: 20px;"><strong>Das fünfte Türchen ist geöffnet&#8230; </strong><strong><span style="color: #3366ff;">Rudolf das kleine Rentier</span></strong></span></p>
<p><span style="font-size: 20px; font-family: arial, helvetica, sans-serif;"><strong><span style="color: #ff0000;">(Siehe auch unten den Text)</span></strong></span></p>
<div class="embed-container"><iframe loading="lazy" title="Rudolf das kleine Rentier" width="770" height="578" src="https://www.youtube.com/embed/WWxRpFqBHEM?feature=oembed" frameborder="0" allow="accelerometer; autoplay; clipboard-write; encrypted-media; gyroscope; picture-in-picture; web-share" referrerpolicy="strict-origin-when-cross-origin" allowfullscreen></iframe></div>
<p><span style="font-size: 20px; font-family: arial, helvetica, sans-serif;">(Quelle Youtube) <img data-recalc-dims="1" loading="lazy" decoding="async" data-attachment-id="8408" data-permalink="https://unser-quartier.de/stadt-bergheim/tuerchen-5/rentier/" data-orig-file="https://i0.wp.com/unser-quartier.de/stadt-bergheim/files/2015/10/RENTIER.gif?fit=130%2C130&amp;ssl=1" data-orig-size="130,130" data-comments-opened="0" data-image-meta="{&quot;aperture&quot;:&quot;0&quot;,&quot;credit&quot;:&quot;&quot;,&quot;camera&quot;:&quot;&quot;,&quot;caption&quot;:&quot;&quot;,&quot;created_timestamp&quot;:&quot;0&quot;,&quot;copyright&quot;:&quot;&quot;,&quot;focal_length&quot;:&quot;0&quot;,&quot;iso&quot;:&quot;0&quot;,&quot;shutter_speed&quot;:&quot;0&quot;,&quot;title&quot;:&quot;&quot;,&quot;orientation&quot;:&quot;0&quot;}" data-image-title="RENTIER" data-image-description="" data-image-caption="" data-medium-file="https://i0.wp.com/unser-quartier.de/stadt-bergheim/files/2015/10/RENTIER.gif?fit=130%2C130&amp;ssl=1" data-large-file="https://i0.wp.com/unser-quartier.de/stadt-bergheim/files/2015/10/RENTIER.gif?fit=130%2C130&amp;ssl=1" class="size-full wp-image-8408 aligncenter" src="https://i0.wp.com/unser-quartier.de/stadt-bergheim/files/2015/10/RENTIER.gif?resize=130%2C130&#038;ssl=1" alt="RENTIER" width="130" height="130" /></span></p>
<div class="csc-header csc-header-n1">
<p><span style="font-size: 20px; font-family: arial, helvetica, sans-serif;">Hoch oben im Norden, wo die Nächte dunkler und länger und der Schnee viel weißer ist als in unseren Breitengraden, sind die Rentiere beheimatet. In jedem Jahr geht der Weihnachtsmann dort auf die Suche nach den stärksten und schnellsten Tieren, um seinen gewaltigen Schlitten durch die Luft zu befördern. In dieser Gegend lebte eine Rentierfamilie mit ihren fünf Kindern. Das Jüngste hörte auf den Namen Rudolph und war ein besonders lebhaftes und neugieriges Kind, das seine Nase in allerlei Dinge steckte. Tja, und diese Nase hatte es wirklich in sich. Immer, wenn das kleine Rentier-Herz vor Aufregung ein bisschen schneller klopfte, leuchtete sie so rot wie die glühende Sonne kurz vor dem Untergang.</span></p>
<p><span style="font-size: 20px; font-family: arial, helvetica, sans-serif;">Egal, ob er sich freute oder zornig war, Rudolphs Nase glühte in voller Pracht. Seine Eltern und Geschwister hatten ihren Spaß an der roten Nase, aber schon im Rentierkindergarten wurde sie zum Gespött der vierbeinigen Racker. &#8220;Das ist der Rudolph mit der roten Nase&#8221;, riefen sie und tanzten um ihn herum, während sie mit ihren kleinen Hufen auf ihn zeigten. Und dann erst in der Rentierschule!<br />
Die Rentier-Kinder hänselten ihn wo sie nur konnten.</span></p>
<p><span style="font-size: 20px; font-family: arial, helvetica, sans-serif;">Mit allen Mitteln versuchte Rudolph seine Nase zu verbergen, zum Beispiel indem er sie mit schwarzer Farbe übermalte. Spielte er mit den anderen verstecken, freute er sich, dass er diesmal nicht entdeckt worden war. Und im gleichen Moment begann seine Nase so zu glühen, dass die Farbe abblätterte. Ein anderes Mal stülpte er sich eine schwarze Gummikappe darüber. Nicht nur, dass er durch den Mund atmen musste. Als er auch noch zu sprechen begann, klang es als säße eine Wäscheklammer auf seiner Nase. Seine Mitschüler hielten sich die Rentier-Bäuche vor Lachen, aber Rudolph lief nach Hause und weinte bitterlich. &#8220;Nie wieder werde ich mit diesen Blödhufen spielen&#8221;, rief er unter Tränen, und die Worte seiner Eltern und Geschwister konnten ihn dabei nur wenig trösten.</span></p>
<p><span style="font-size: 20px; font-family: arial, helvetica, sans-serif;">Die Tage wurden kürzer und wie in jedem Jahr kündigte sich der Besuch des Weihnachtsmannes an. In allen Rentier-Haushalten wurden die jungen und kräftigen Burschen herausgeputzt. Ihre Felle wurden so lange gestriegelt und gebürstet bis sie kupfernfarben schimmerten, die Geweihe mit Schnee geputzt bis sie im fahlen Licht des nordischen Winters glänzten. Und dann war es endlich soweit.</span></p>
<p><span style="font-size: 20px; font-family: arial, helvetica, sans-serif;">Auf einem riesigen Platz standen Dutzende von Rentieren, die ungeduldig und nervös mit den Hufen scharrten und schaurig-schöne Rufe ausstießen, um die Mitbewerber zu beeindrucken. Unter ihnen war auch Rudolph, an Größe und Kraft den anderen Bewerbern zumeist deutlich überlegen. Pünktlich zur festgelegten Zeit landete der Weihnachtsmann aus dem nahegelegenen Weihnachtsdorf, seiner Heimat, mit seinem Schlitten, der diesmal nur von Donner, dem getreuen Leittier gezogen wurde.</span></p>
<p><span style="font-size: 20px; font-family: arial, helvetica, sans-serif;">Leichter Schnee hatte eingesetzt und der wallende rote Mantel war mit weißen Tupfern übersät. Santa Claus machte sich sofort an die Arbeit, indem er jedes Tier in Augenschein nahm. Immer wieder brummelte er einige Worte in seinen langen weißen Bart. Rudolph kam es wie eine Ewigkeit vor. Als die Reihe endlich bei ihm angelangt war, glühte seine Nase vor Aufregung fast so hell wie die Sonne. Santa Claus trat auf ihn zu, lächelte freundlich und schüttelte den Kopf. &#8220;Du bist groß und kräftig. Und ein hübscher Bursche dazu &#8220;, sprach er, &#8220;aber leider kann ich dich nicht gebrauchen.<br />
Die Kinder würden erschrecken, wenn sie dich sähen.&#8221;</span></p>
<p><span style="font-size: 20px; font-family: arial, helvetica, sans-serif;">Rudolphs Trauer kannte keine Grenzen. So schnell er konnte, lief er hinaus in den Wald und stampfte brüllend und weinend durch den tiefen Schnee. Die Geräusche und das weithin sichtbare rote Licht lockten eine Elfe an. Vorsichtig näherte sie sich, legte ihre Hand auf seine Schulter und fragte : &#8220;Was ist mit dir?&#8221;</span></p>
<p><span style="font-size: 20px; font-family: arial, helvetica, sans-serif;">&#8220;Schau nur, wie meine Nase leuchtet. Keiner braucht ein Rentier mit einer roten Nase!&#8221; antwortete Rudolph. &#8220;Das kenne ich&#8221;, sprach die Elfe, &#8220;ich würde gerne im Weihnachtsdorf mit den anderen Elfen arbeiten. Aber immer, wenn ich aufgeregt bin, beginnen meine Ohren zu wackeln. Und wackelnde Ohren mag Santa Claus nicht.&#8221; Rudolph blickte auf, wischte sich mit den Hufen die Tränen aus den Augen und sah eine bildhübsche Elfe, deren Ohren im Rhythmus eines Vogelschlags hin und her wackelten. &#8220;Mein Name ist Herbie&#8221;, sagte sie schüchtern. Und während sie sich so in die Augen sahen, der eine mit einer leuchtend roten Nase, die andere mit rhythmisch wackelnden Ohren, prusteten sie urplötzlich los und lachten bis ihnen die Bäuche weh taten. An diesem Tag schlossen sie Freundschaft, schwatzten bis in die Nacht und kehrten erst am frühen Morgen heim.</span></p>
<p><span style="font-size: 20px; font-family: arial, helvetica, sans-serif;">Mit Riesenschritten ging die Zeit auf Weihnachten zu. Herbie und Rudolph trafen sich in dieser Zeit viele Male im Wald. Alle waren mit den Vorbereitungen für das Weihnachtsfest so beschäftigt, dass sie nicht bemerkten, wie sich das Wetter von Tag zu Tag verschlechterte.</span></p>
<p><span style="font-size: 20px; font-family: arial, helvetica, sans-serif;">Am Vorabend des Weihnachtstages übergab die Wetterfee Santa Claus den Wetterbericht. Mit sorgenvoller Miene blickte er zum Himmel und seufzte resigniert : &#8220;Wenn ich morgen anspanne, kann ich vom Kutschbock aus noch nicht einmal die Rentiere sehen. Wie soll ich da den Weg zu den Kindern finden?&#8221; In dieser Nacht fand Santa Claus keinen Schlaf. Immer wieder grübelte er über einen Ausweg nach. Schließlich zog er Mantel, Stiefel und Mütze an, spannte Donner vor seinen Schlitten und machte sich auf den Weg zur Erde. &#8220;Vielleicht finde ich dort eine Lösung&#8221;, dachte er. Während seines Fluges begann es in dichten Flocken zu schneien. So dicht, dass Santa Claus kaum etwas sehen konnte.</span></p>
<p><span style="font-size: 20px; font-family: arial, helvetica, sans-serif;">Lediglich ein rotes Licht unter ihm leuchtete so hell, dass ihm der Schnee wie eine riesige Menge Erdbeereis vorkam. Santa Claus liebte Erdbeereis. &#8220;Hallo&#8221;, rief er, &#8220;was hast du für eine hübsche und wundervolle Nase! Du bist genau der, den ich brauche. Was hältst du davon, wenn du am Weihnachtstag vor meinem Schlitten herläufst und mir so den Weg zu den Kindern zeigst?&#8221;</span></p>
<p><span style="font-size: 20px; font-family: arial, helvetica, sans-serif;">Als Rudolph die Worte des Weihnachtsmannes hörte, fiel ihm vor Schreck der Tannenbaum zu Boden und seine Nase glühte so heftig wie noch nie in seinem Leben. Vor lauter Freude fehlten ihm die Worte. Erst langsam fand er seine Fassung wieder. &#8220;Natürlich furchtbar gerne. Ich freu’ mich riesig.&#8221; Doch plötzlich wurde er sehr traurig. &#8220;Aber wie finde ich den Weg zurück zum Weihnachtsdorf, wenn es so dicht schneit?&#8221; Im gleichen Moment, in dem er die Worte aussprach, kam ihm eine Idee. &#8220;Bin gleich wieder da&#8221;, rief er, während er schon in schnellem Galopp auf dem Weg in den Wald war und einen verdutzten Santa Claus zurückließ. Wenige Minuten später kehrten ein Rentier mit einer glühenden Nase und eine Elfe mit wackelnden Ohren aus dem Wald zurück. &#8220;Sie wird uns führen, Santa Claus&#8221;, sagte Rudolph voller Stolz und zeigte auf Herbie. &#8220;Mit ihren Ohren hält sie uns den Schnee vom Leibe. Und sie kennt den Weg.&#8221; &#8220;Das ist eine prachtvolle Idee&#8221;, dröhnte Santa Claus. &#8220;Aber jetzt muss ich zurück. Auf morgen dann.&#8221;</span></p>
<p><span style="font-size: 20px; font-family: arial, helvetica, sans-serif;">Und so geschah es, dass Santa Claus am Weihnachtstag von einem Rentier mit einer roten Nase und einer Elfe mit wackelnden Ohren begleitet wurde. Rudolph wurde für seine treuen Dienste am nächsten Tag von allen Rentieren begeistert gefeiert. Den ganzen Tag tanzten sie auf dem großen Marktplatz und sangen dazu : &#8220;Rudolph mit der roten Nase, du wirst in die Geschichte eingehen.&#8221; Und es muss jemanden gegeben haben, der Santa Claus und seine beiden Helfer beobachtet hat. Sonst gäbe es sie heute nicht, die Geschichte von Rudolph mit der roten Nase.</span></p>
<p><span style="font-family: arial, helvetica, sans-serif; font-size: 20px;">Gesehen/Quelle: mal-alt-werden.de</span></p>
</div>
<p>&nbsp;</p>

<p style="text-align: left;"><strong>Das fünfte Türchen ist geöffnet&#8230; </strong><strong>Rudolf das kleine Rentier</strong></p>
<p><strong>(Siehe auch unten den Text)</strong></p>
<p>(Quelle Youtube) </p>
<p>Hoch oben im Norden, wo die Nächte dunkler und länger und der Schnee viel weißer ist als in unseren Breitengraden, sind die Rentiere beheimatet. In jedem Jahr geht der Weihnachtsmann dort auf die Suche nach den &hellip; </p>
<p><a class="more-link btn" href="https://unser-quartier.de/stadt-bergheim/tuerchen-5/">Weiterlesen</a></p>
