{"id":8212,"date":"2018-12-23T00:23:07","date_gmt":"2018-12-22T23:23:07","guid":{"rendered":"http:\/\/unser-quartier.de\/stadt-bergheim\/?page_id=8212"},"modified":"2018-11-03T20:16:36","modified_gmt":"2018-11-03T19:16:36","slug":"tuerchen-23","status":"publish","type":"page","link":"https:\/\/unser-quartier.de\/stadt-bergheim\/tuerchen-23\/","title":{"rendered":"T\u00fcrchen 23"},"content":{"rendered":"<p style=\"text-align: center;\"><span style=\"font-size: 20px; font-family: arial, helvetica, sans-serif;\"><b><button id=\"listenButton1\" class=\"responsivevoice-button\" type=\"button\" value=\"Play\" title=\"ResponsiveVoice Tap to Start\/Stop Speech\"><span>&#128266; T\u00fcrcheninhalt vorlesen lassen?<\/span><\/button>\n        <script>\n            listenButton1.onclick = function(){\n                if(responsiveVoice.isPlaying()){\n                    responsiveVoice.cancel();\n                }else{\n                    responsiveVoice.speak(\"Das dreiundzwanzigste\u00a0T\u00fcrchen ist ge\u00f6ffnet... Vierter Advent, alle Kerzen brennen! Es wird jetzt Zeit noch an den Weihnachtsmann zu schreiben... Vier Kerzen im Advent Vier Kerzen brannten am Adventskranz. Es war ganz still. So still, dass man h\u00f6rte, wie die Kerzen zu reden begannen. Die erste Kerze seufzte und sagte:\u00a0Ich hei\u00dfe Frieden.\u00a0Mein Licht leuchtet, aber die Menschen halten keinen Frieden, sie wollen mich nicht.\u00a0Ihr Licht wurde immer kleiner und verlosch schlie\u00dflich ganz. Die zweite Kerze flackerte und sagte:\u00a0 Ich hei\u00dfe Glauben. Aber ich bin \u00fcberfl\u00fcssig. Die Menschen wollen von Gott nichts wissen. Es hat keinen Sinn mehr, dass ich brenne. Ein Luftzug wehte durch den Raum und die zweite Kerze war aus. Leise und sehr traurig meldete sich nun die dritte Kerze zu Wort. Ich hei\u00dfe Liebe. Ich habe keine Kraft mehr zu brennen. Die Menschen stellen mich an die Seite. Sie sehen nur sich selbst und nicht die anderen, die sie lieb haben sollen.\u00a0Und mit einem letzten Aufflackern war auch dieses Licht ausgel\u00f6scht. Da kam ein Kind in das Zimmer. Es schaute die Kerzen an und sagte: \\\"Aber, aber, ihr sollt doch brennen und nicht aus sein!\\\" Und es fing an zu weinen. Doch da meldete sich auch die vierte Kerze zu Wort. Sie sagte: \\\"Hab keine Angst, denn ich hei\u00dfe Hoffnung. So lange ich brenne, k\u00f6nnen wir auch die anderen Kerzen wieder anz\u00fcnden!\\\" Voller Freude nahm das Kind von der Kerze \\\"Hoffnung\\\" und z\u00fcndete die anderen Kerzen wieder an. Gesehen auf www.weihnachtsstadt.de\", \"Deutsch Female\");\n                }\n            };\n        <\/script>\n    <br \/>\n<\/b><br \/>\nDas dreiundzwanzigste\u00a0T\u00fcrchen ist ge\u00f6ffnet&#8230;<\/span><\/p>\n<p style=\"text-align: center;\"><span style=\"font-size: 20px; font-family: arial, helvetica, sans-serif;\"><strong><span style=\"color: #3366ff;\">Vierter Advent, alle Kerzen brennen!<\/span><\/strong><br \/>\n<\/span><\/p>\n<p style=\"text-align: center;\"><span style=\"font-size: 20px; font-family: arial, helvetica, sans-serif;\"><strong><span style=\"color: #008000;\">Es wird jetzt Zeit noch an den Weihnachtsmann zu schreiben&#8230;<\/span><\/strong><\/span><\/p>\n<h1 class=\"headline\" style=\"text-align: center;\"><span style=\"color: #3366ff; font-size: 20px; font-family: arial, helvetica, sans-serif;\"><strong>Vier Kerzen im Advent<\/strong><\/span><\/h1>\n<p style=\"text-align: left;\" align=\"center\"><span style=\"font-size: 20px; font-family: arial, helvetica, sans-serif;\">Vier Kerzen brannten am Adventskranz. Es war ganz still. So still, dass man h\u00f6rte, wie die Kerzen zu reden begannen. Die erste Kerze seufzte und sagte:\u00a0Ich hei\u00dfe Frieden.\u00a0Mein Licht leuchtet, aber die Menschen halten keinen Frieden, sie wollen mich nicht.\u00a0Ihr Licht wurde immer kleiner und verlosch schlie\u00dflich ganz.<\/span><\/p>\n<p style=\"text-align: left;\" align=\"center\"><span style=\"font-size: 20px; font-family: arial, helvetica, sans-serif;\">Die zweite Kerze flackerte und sagte:\u00a0 Ich hei\u00dfe Glauben. Aber ich bin \u00fcberfl\u00fcssig.<br \/>\nDie Menschen wollen von Gott nichts wissen. Es hat keinen Sinn mehr, dass ich brenne. Ein Luftzug wehte durch den Raum und die zweite Kerze war aus.<\/span><\/p>\n<p style=\"text-align: left;\" align=\"center\"><span style=\"font-size: 20px; font-family: arial, helvetica, sans-serif;\">Leise und sehr traurig meldete sich nun die dritte Kerze zu Wort.<br \/>\n<\/span><br \/>\n<span style=\"font-size: 20px; font-family: arial, helvetica, sans-serif;\"> Ich hei\u00dfe Liebe. Ich habe keine Kraft mehr zu brennen. Die Menschen stellen mich an die Seite. Sie sehen nur sich selbst und nicht die anderen, die sie lieb haben sollen.\u00a0Und mit einem letzten Aufflackern war auch dieses Licht ausgel\u00f6scht.<\/span><\/p>\n<p style=\"text-align: left;\" align=\"center\"><span style=\"font-size: 20px; font-family: arial, helvetica, sans-serif;\">Da kam ein Kind in das Zimmer. Es schaute die Kerzen an und sagte: &#8220;Aber, aber, ihr sollt doch brennen und nicht aus sein!&#8221; Und es fing an zu weinen.<\/span><\/p>\n<p style=\"text-align: left;\" align=\"center\"><span style=\"font-size: 20px; font-family: arial, helvetica, sans-serif;\">Doch da meldete sich auch die vierte Kerze zu Wort. Sie sagte: &#8220;Hab keine Angst, denn ich hei\u00dfe Hoffnung. So lange ich brenne, k\u00f6nnen wir auch die anderen Kerzen wieder anz\u00fcnden!&#8221;<br \/>\nVoller Freude nahm das Kind von der Kerze &#8220;Hoffnung&#8221; und z\u00fcndete die anderen Kerzen wieder an.<\/span><\/p>\n<p style=\"text-align: left;\" align=\"center\"><span style=\"font-size: 20px; font-family: arial, helvetica, sans-serif;\">Gesehen auf www.weihnachtsstadt.de<\/span><\/p>\n<p style=\"text-align: center;\"><span style=\"font-size: 20px; font-family: arial, helvetica, sans-serif;\"><a href=\"https:\/\/unser-quartier.de\/stadt-bergheim\/tuerchen18\/vierter-advent\/\" rel=\"attachment wp-att-12130\"><img data-recalc-dims=\"1\" loading=\"lazy\" decoding=\"async\" data-attachment-id=\"12130\" data-permalink=\"https:\/\/unser-quartier.de\/stadt-bergheim\/tuerchen-23\/vierter-advent\/\" data-orig-file=\"https:\/\/i0.wp.com\/unser-quartier.de\/stadt-bergheim\/files\/2015\/12\/Vierter-Advent.jpg?fit=960%2C596&amp;ssl=1\" data-orig-size=\"960,596\" data-comments-opened=\"0\" data-image-meta=\"{&quot;aperture&quot;:&quot;0&quot;,&quot;credit&quot;:&quot;&quot;,&quot;camera&quot;:&quot;&quot;,&quot;caption&quot;:&quot;&quot;,&quot;created_timestamp&quot;:&quot;0&quot;,&quot;copyright&quot;:&quot;&quot;,&quot;focal_length&quot;:&quot;0&quot;,&quot;iso&quot;:&quot;0&quot;,&quot;shutter_speed&quot;:&quot;0&quot;,&quot;title&quot;:&quot;&quot;,&quot;orientation&quot;:&quot;1&quot;}\" data-image-title=\"vierter-advent\" data-image-description=\"\" data-image-caption=\"\" data-medium-file=\"https:\/\/i0.wp.com\/unser-quartier.de\/stadt-bergheim\/files\/2015\/12\/Vierter-Advent.jpg?fit=300%2C186&amp;ssl=1\" data-large-file=\"https:\/\/i0.wp.com\/unser-quartier.de\/stadt-bergheim\/files\/2015\/12\/Vierter-Advent.jpg?fit=770%2C478&amp;ssl=1\" class=\"alignnone wp-image-12130\" src=\"https:\/\/i0.wp.com\/unser-quartier.de\/stadt-bergheim\/files\/2015\/12\/Vierter-Advent.jpg?resize=687%2C426&#038;ssl=1\" alt=\"vierter-advent\" width=\"687\" height=\"426\" srcset=\"https:\/\/i0.wp.com\/unser-quartier.de\/stadt-bergheim\/files\/2015\/12\/Vierter-Advent.jpg?w=960&amp;ssl=1 960w, https:\/\/i0.wp.com\/unser-quartier.de\/stadt-bergheim\/files\/2015\/12\/Vierter-Advent.jpg?resize=150%2C93&amp;ssl=1 150w, https:\/\/i0.wp.com\/unser-quartier.de\/stadt-bergheim\/files\/2015\/12\/Vierter-Advent.jpg?resize=300%2C186&amp;ssl=1 300w, https:\/\/i0.wp.com\/unser-quartier.de\/stadt-bergheim\/files\/2015\/12\/Vierter-Advent.jpg?resize=768%2C477&amp;ssl=1 768w\" sizes=\"auto, (max-width: 687px) 100vw, 687px\" \/><\/a><\/span><\/p>\n<div style=\"text-align: center; margin-bottom: 0cm;\"><span style=\"font-size: 20px; font-family: arial, helvetica, sans-serif;\"><img data-recalc-dims=\"1\" loading=\"lazy\" decoding=\"async\" data-attachment-id=\"8663\" data-permalink=\"https:\/\/unser-quartier.de\/stadt-bergheim\/?attachment_id=8663\" data-orig-file=\"https:\/\/i0.wp.com\/unser-quartier.de\/stadt-bergheim\/files\/2015\/10\/20-vierter-Advent.jpg?fit=702%2C559&amp;ssl=1\" data-orig-size=\"702,559\" data-comments-opened=\"0\" data-image-meta=\"{&quot;aperture&quot;:&quot;0&quot;,&quot;credit&quot;:&quot;&quot;,&quot;camera&quot;:&quot;&quot;,&quot;caption&quot;:&quot;&quot;,&quot;created_timestamp&quot;:&quot;0&quot;,&quot;copyright&quot;:&quot;&quot;,&quot;focal_length&quot;:&quot;0&quot;,&quot;iso&quot;:&quot;0&quot;,&quot;shutter_speed&quot;:&quot;0&quot;,&quot;title&quot;:&quot;&quot;,&quot;orientation&quot;:&quot;1&quot;}\" data-image-title=\"20-vierter Advent\" data-image-description=\"\" data-image-caption=\"\" data-medium-file=\"https:\/\/i0.wp.com\/unser-quartier.de\/stadt-bergheim\/files\/2015\/10\/20-vierter-Advent.jpg?fit=300%2C239&amp;ssl=1\" data-large-file=\"https:\/\/i0.wp.com\/unser-quartier.de\/stadt-bergheim\/files\/2015\/10\/20-vierter-Advent.jpg?fit=702%2C559&amp;ssl=1\" class=\"size-full wp-image-8663 alignnone\" src=\"https:\/\/i0.wp.com\/unser-quartier.de\/stadt-bergheim\/files\/2015\/10\/20-vierter-Advent.jpg?resize=702%2C559&#038;ssl=1\" alt=\"20-vierter Advent\" width=\"702\" height=\"559\" srcset=\"https:\/\/i0.wp.com\/unser-quartier.de\/stadt-bergheim\/files\/2015\/10\/20-vierter-Advent.jpg?w=702&amp;ssl=1 702w, https:\/\/i0.wp.com\/unser-quartier.de\/stadt-bergheim\/files\/2015\/10\/20-vierter-Advent.jpg?resize=150%2C119&amp;ssl=1 150w, https:\/\/i0.wp.com\/unser-quartier.de\/stadt-bergheim\/files\/2015\/10\/20-vierter-Advent.jpg?resize=300%2C239&amp;ssl=1 300w\" sizes=\"auto, (max-width: 702px) 100vw, 702px\" \/><\/span><\/div>\n<h1 style=\"text-align: center;\"><\/h1>\n<div style=\"text-align: center;\"><\/div>\n<div style=\"text-align: center;\"><\/div>\n<div style=\"text-align: center;\"><\/div>\n<div style=\"text-align: center;\"><\/div>\n<div style=\"text-align: center;\"><span style=\"font-family: arial, helvetica, sans-serif; font-size: 20px;\"><span style=\"color: #ff0000;\"><br \/>\n<\/span><\/span><span style=\"font-family: arial,helvetica,sans-serif; font-size: large;\"><br \/>\n<\/span><\/div>\n","protected":false},"excerpt":{"rendered":"<p style=\"text-align: center;\"> Das dreiundzwanzigste\u00a0T\u00fcrchen ist ge\u00f6ffnet&#8230;<\/p>\n<p style=\"text-align: center;\"><strong>Vierter Advent, alle Kerzen brennen!<\/strong> <\/p>\n<p style=\"text-align: center;\"><strong>Es wird jetzt Zeit noch an den Weihnachtsmann zu schreiben&#8230;<\/strong><\/p>\n<p> <strong>Vier Kerzen im Advent<\/strong> <\/p>\n<p style=\"text-align: left;\" align=\"center\">Vier Kerzen brannten am Adventskranz. Es war ganz still. So still, dass man h\u00f6rte, wie die Kerzen zu reden begannen. Die &hellip; <\/p>\n<p><a class=\"more-link btn\" href=\"https:\/\/unser-quartier.de\/stadt-bergheim\/tuerchen-23\/\">Weiterlesen<\/a><\/p>\n","protected":false},"author":48,"featured_media":0,"parent":0,"menu_order":13,"comment_status":"closed","ping_status":"closed","template":"","meta":{"_bbp_topic_count":0,"_bbp_reply_count":0,"_bbp_total_topic_count":0,"_bbp_total_reply_count":0,"_bbp_voice_count":0,"_bbp_anonymous_reply_count":0,"_bbp_topic_count_hidden":0,"_bbp_reply_count_hidden":0,"_bbp_forum_subforum_count":0,"jetpack_post_was_ever_published":false,"footnotes":""},"class_list":["post-8212","page","type-page","status-publish","hentry","nodate","item-wrap"],"jetpack_sharing_enabled":true,"jetpack_shortlink":"https:\/\/wp.me\/P3vhfJ-28s","jetpack_likes_enabled":true,"_links":{"self":[{"href":"https:\/\/unser-quartier.de\/stadt-bergheim\/wp-json\/wp\/v2\/pages\/8212","targetHints":{"allow":["GET"]}}],"collection":[{"href":"https:\/\/unser-quartier.de\/stadt-bergheim\/wp-json\/wp\/v2\/pages"}],"about":[{"href":"https:\/\/unser-quartier.de\/stadt-bergheim\/wp-json\/wp\/v2\/types\/page"}],"author":[{"embeddable":true,"href":"https:\/\/unser-quartier.de\/stadt-bergheim\/wp-json\/wp\/v2\/users\/48"}],"replies":[{"embeddable":true,"href":"https:\/\/unser-quartier.de\/stadt-bergheim\/wp-json\/wp\/v2\/comments?post=8212"}],"version-history":[{"count":0,"href":"https:\/\/unser-quartier.de\/stadt-bergheim\/wp-json\/wp\/v2\/pages\/8212\/revisions"}],"wp:attachment":[{"href":"https:\/\/unser-quartier.de\/stadt-bergheim\/wp-json\/wp\/v2\/media?parent=8212"}],"curies":[{"name":"wp","href":"https:\/\/api.w.org\/{rel}","templated":true}]}}

Türchen 23

<p style="text-align: center;"><span style="font-size: 20px; font-family: arial, helvetica, sans-serif;"><b><button id="listenButton1" class="responsivevoice-button" type="button" value="Play" title="ResponsiveVoice Tap to Start/Stop Speech"><span>&#128266; Türcheninhalt vorlesen lassen?</span></button>
        <script>
            listenButton1.onclick = function(){
                if(responsiveVoice.isPlaying()){
                    responsiveVoice.cancel();
                }else{
                    responsiveVoice.speak("Das dreiundzwanzigste Türchen ist geöffnet... Vierter Advent, alle Kerzen brennen! Es wird jetzt Zeit noch an den Weihnachtsmann zu schreiben... Vier Kerzen im Advent Vier Kerzen brannten am Adventskranz. Es war ganz still. So still, dass man hörte, wie die Kerzen zu reden begannen. Die erste Kerze seufzte und sagte: Ich heiße Frieden. Mein Licht leuchtet, aber die Menschen halten keinen Frieden, sie wollen mich nicht. Ihr Licht wurde immer kleiner und verlosch schließlich ganz. Die zweite Kerze flackerte und sagte:  Ich heiße Glauben. Aber ich bin überflüssig. Die Menschen wollen von Gott nichts wissen. Es hat keinen Sinn mehr, dass ich brenne. Ein Luftzug wehte durch den Raum und die zweite Kerze war aus. Leise und sehr traurig meldete sich nun die dritte Kerze zu Wort. Ich heiße Liebe. Ich habe keine Kraft mehr zu brennen. Die Menschen stellen mich an die Seite. Sie sehen nur sich selbst und nicht die anderen, die sie lieb haben sollen. Und mit einem letzten Aufflackern war auch dieses Licht ausgelöscht. Da kam ein Kind in das Zimmer. Es schaute die Kerzen an und sagte: \"Aber, aber, ihr sollt doch brennen und nicht aus sein!\" Und es fing an zu weinen. Doch da meldete sich auch die vierte Kerze zu Wort. Sie sagte: \"Hab keine Angst, denn ich heiße Hoffnung. So lange ich brenne, können wir auch die anderen Kerzen wieder anzünden!\" Voller Freude nahm das Kind von der Kerze \"Hoffnung\" und zündete die anderen Kerzen wieder an. Gesehen auf www.weihnachtsstadt.de", "Deutsch Female");
                }
            };
        </script>
    <br />
</b><br />
Das dreiundzwanzigste Türchen ist geöffnet&#8230;</span></p>
<p style="text-align: center;"><span style="font-size: 20px; font-family: arial, helvetica, sans-serif;"><strong><span style="color: #3366ff;">Vierter Advent, alle Kerzen brennen!</span></strong><br />
</span></p>
<p style="text-align: center;"><span style="font-size: 20px; font-family: arial, helvetica, sans-serif;"><strong><span style="color: #008000;">Es wird jetzt Zeit noch an den Weihnachtsmann zu schreiben&#8230;</span></strong></span></p>
<h1 class="headline" style="text-align: center;"><span style="color: #3366ff; font-size: 20px; font-family: arial, helvetica, sans-serif;"><strong>Vier Kerzen im Advent</strong></span></h1>
<p style="text-align: left;" align="center"><span style="font-size: 20px; font-family: arial, helvetica, sans-serif;">Vier Kerzen brannten am Adventskranz. Es war ganz still. So still, dass man hörte, wie die Kerzen zu reden begannen. Die erste Kerze seufzte und sagte: Ich heiße Frieden. Mein Licht leuchtet, aber die Menschen halten keinen Frieden, sie wollen mich nicht. Ihr Licht wurde immer kleiner und verlosch schließlich ganz.</span></p>
<p style="text-align: left;" align="center"><span style="font-size: 20px; font-family: arial, helvetica, sans-serif;">Die zweite Kerze flackerte und sagte:  Ich heiße Glauben. Aber ich bin überflüssig.<br />
Die Menschen wollen von Gott nichts wissen. Es hat keinen Sinn mehr, dass ich brenne. Ein Luftzug wehte durch den Raum und die zweite Kerze war aus.</span></p>
<p style="text-align: left;" align="center"><span style="font-size: 20px; font-family: arial, helvetica, sans-serif;">Leise und sehr traurig meldete sich nun die dritte Kerze zu Wort.<br />
</span><br />
<span style="font-size: 20px; font-family: arial, helvetica, sans-serif;"> Ich heiße Liebe. Ich habe keine Kraft mehr zu brennen. Die Menschen stellen mich an die Seite. Sie sehen nur sich selbst und nicht die anderen, die sie lieb haben sollen. Und mit einem letzten Aufflackern war auch dieses Licht ausgelöscht.</span></p>
<p style="text-align: left;" align="center"><span style="font-size: 20px; font-family: arial, helvetica, sans-serif;">Da kam ein Kind in das Zimmer. Es schaute die Kerzen an und sagte: &#8220;Aber, aber, ihr sollt doch brennen und nicht aus sein!&#8221; Und es fing an zu weinen.</span></p>
<p style="text-align: left;" align="center"><span style="font-size: 20px; font-family: arial, helvetica, sans-serif;">Doch da meldete sich auch die vierte Kerze zu Wort. Sie sagte: &#8220;Hab keine Angst, denn ich heiße Hoffnung. So lange ich brenne, können wir auch die anderen Kerzen wieder anzünden!&#8221;<br />
Voller Freude nahm das Kind von der Kerze &#8220;Hoffnung&#8221; und zündete die anderen Kerzen wieder an.</span></p>
<p style="text-align: left;" align="center"><span style="font-size: 20px; font-family: arial, helvetica, sans-serif;">Gesehen auf www.weihnachtsstadt.de</span></p>
<p style="text-align: center;"><span style="font-size: 20px; font-family: arial, helvetica, sans-serif;"><a href="https://unser-quartier.de/stadt-bergheim/tuerchen18/vierter-advent/" rel="attachment wp-att-12130"><img data-recalc-dims="1" loading="lazy" decoding="async" data-attachment-id="12130" data-permalink="https://unser-quartier.de/stadt-bergheim/tuerchen-23/vierter-advent/" data-orig-file="https://i0.wp.com/unser-quartier.de/stadt-bergheim/files/2015/12/Vierter-Advent.jpg?fit=960%2C596&amp;ssl=1" data-orig-size="960,596" data-comments-opened="0" data-image-meta="{&quot;aperture&quot;:&quot;0&quot;,&quot;credit&quot;:&quot;&quot;,&quot;camera&quot;:&quot;&quot;,&quot;caption&quot;:&quot;&quot;,&quot;created_timestamp&quot;:&quot;0&quot;,&quot;copyright&quot;:&quot;&quot;,&quot;focal_length&quot;:&quot;0&quot;,&quot;iso&quot;:&quot;0&quot;,&quot;shutter_speed&quot;:&quot;0&quot;,&quot;title&quot;:&quot;&quot;,&quot;orientation&quot;:&quot;1&quot;}" data-image-title="vierter-advent" data-image-description="" data-image-caption="" data-medium-file="https://i0.wp.com/unser-quartier.de/stadt-bergheim/files/2015/12/Vierter-Advent.jpg?fit=300%2C186&amp;ssl=1" data-large-file="https://i0.wp.com/unser-quartier.de/stadt-bergheim/files/2015/12/Vierter-Advent.jpg?fit=770%2C478&amp;ssl=1" class="alignnone wp-image-12130" src="https://i0.wp.com/unser-quartier.de/stadt-bergheim/files/2015/12/Vierter-Advent.jpg?resize=687%2C426&#038;ssl=1" alt="vierter-advent" width="687" height="426" srcset="https://i0.wp.com/unser-quartier.de/stadt-bergheim/files/2015/12/Vierter-Advent.jpg?w=960&amp;ssl=1 960w, https://i0.wp.com/unser-quartier.de/stadt-bergheim/files/2015/12/Vierter-Advent.jpg?resize=150%2C93&amp;ssl=1 150w, https://i0.wp.com/unser-quartier.de/stadt-bergheim/files/2015/12/Vierter-Advent.jpg?resize=300%2C186&amp;ssl=1 300w, https://i0.wp.com/unser-quartier.de/stadt-bergheim/files/2015/12/Vierter-Advent.jpg?resize=768%2C477&amp;ssl=1 768w" sizes="auto, (max-width: 687px) 100vw, 687px" /></a></span></p>
<div style="text-align: center; margin-bottom: 0cm;"><span style="font-size: 20px; font-family: arial, helvetica, sans-serif;"><img data-recalc-dims="1" loading="lazy" decoding="async" data-attachment-id="8663" data-permalink="https://unser-quartier.de/stadt-bergheim/?attachment_id=8663" data-orig-file="https://i0.wp.com/unser-quartier.de/stadt-bergheim/files/2015/10/20-vierter-Advent.jpg?fit=702%2C559&amp;ssl=1" data-orig-size="702,559" data-comments-opened="0" data-image-meta="{&quot;aperture&quot;:&quot;0&quot;,&quot;credit&quot;:&quot;&quot;,&quot;camera&quot;:&quot;&quot;,&quot;caption&quot;:&quot;&quot;,&quot;created_timestamp&quot;:&quot;0&quot;,&quot;copyright&quot;:&quot;&quot;,&quot;focal_length&quot;:&quot;0&quot;,&quot;iso&quot;:&quot;0&quot;,&quot;shutter_speed&quot;:&quot;0&quot;,&quot;title&quot;:&quot;&quot;,&quot;orientation&quot;:&quot;1&quot;}" data-image-title="20-vierter Advent" data-image-description="" data-image-caption="" data-medium-file="https://i0.wp.com/unser-quartier.de/stadt-bergheim/files/2015/10/20-vierter-Advent.jpg?fit=300%2C239&amp;ssl=1" data-large-file="https://i0.wp.com/unser-quartier.de/stadt-bergheim/files/2015/10/20-vierter-Advent.jpg?fit=702%2C559&amp;ssl=1" class="size-full wp-image-8663 alignnone" src="https://i0.wp.com/unser-quartier.de/stadt-bergheim/files/2015/10/20-vierter-Advent.jpg?resize=702%2C559&#038;ssl=1" alt="20-vierter Advent" width="702" height="559" srcset="https://i0.wp.com/unser-quartier.de/stadt-bergheim/files/2015/10/20-vierter-Advent.jpg?w=702&amp;ssl=1 702w, https://i0.wp.com/unser-quartier.de/stadt-bergheim/files/2015/10/20-vierter-Advent.jpg?resize=150%2C119&amp;ssl=1 150w, https://i0.wp.com/unser-quartier.de/stadt-bergheim/files/2015/10/20-vierter-Advent.jpg?resize=300%2C239&amp;ssl=1 300w" sizes="auto, (max-width: 702px) 100vw, 702px" /></span></div>
<h1 style="text-align: center;"></h1>
<div style="text-align: center;"></div>
<div style="text-align: center;"></div>
<div style="text-align: center;"></div>
<div style="text-align: center;"></div>
<div style="text-align: center;"><span style="font-family: arial, helvetica, sans-serif; font-size: 20px;"><span style="color: #ff0000;"><br />
</span></span><span style="font-family: arial,helvetica,sans-serif; font-size: large;"><br />
</span></div>

<p style="text-align: center;"> Das dreiundzwanzigste Türchen ist geöffnet&#8230;</p>
<p style="text-align: center;"><strong>Vierter Advent, alle Kerzen brennen!</strong> </p>
<p style="text-align: center;"><strong>Es wird jetzt Zeit noch an den Weihnachtsmann zu schreiben&#8230;</strong></p>
<p> <strong>Vier Kerzen im Advent</strong> </p>
<p style="text-align: left;" align="center">Vier Kerzen brannten am Adventskranz. Es war ganz still. So still, dass man hörte, wie die Kerzen zu reden begannen. Die &hellip; </p>
<p><a class="more-link btn" href="https://unser-quartier.de/stadt-bergheim/tuerchen-23/">Weiterlesen</a></p>
