{"id":826,"date":"2013-06-19T13:14:55","date_gmt":"2013-06-19T11:14:55","guid":{"rendered":"http:\/\/unser-quartier.de\/stadt-bergheim\/?page_id=826"},"modified":"2018-02-07T13:28:41","modified_gmt":"2018-02-07T12:28:41","slug":"826-2","status":"publish","type":"page","link":"https:\/\/unser-quartier.de\/stadt-bergheim\/informationen\/efi-team\/826-2\/","title":{"rendered":"\u201eMein fremder Nachbar und Ich&#8221;"},"content":{"rendered":"<p><span style=\"font-size: small\"><b><span style=\"font-size: medium\">\u201eMein fremder Nachbar und ich\u201c \u2013 <\/span><br \/><span style=\"font-size: medium\">Interkulturelle Sensibilisierung in der Offenen Seniorenarbeit<\/span> <\/b><\/span><\/p>\n<p>&nbsp;<\/p>\n<p><span style=\"font-size: medium\">Die Kreisstadt Bergheim ist bunt und vielf\u00e4ltig. <br \/>In diesem Jahr m\u00f6chte die Fachstelle \u00c4lterwerden\u00a0der Kreisstadt Bergheim daher besonders die Menschen mit Migrationshintergrund\u00a0in den Fokus nehmen. Kulturelle Vielfalt zeigt sich zunehmend auch bei den \u00e4lteren Menschen in der Kreisstadt.<\/span><\/p>\n<p>&nbsp;<\/p>\n<p><span style=\"font-size: medium\">In einem ersten Schritt waren die Menschen, die in der Offenen Seniorenarbeit aktiv sind, eingeladen, sich mit dem Thema auseinander zu setzen.<\/span><\/p>\n<p><span style=\"font-size: medium\">Am <strong>Montag, 24.06.2013 fand im Rathaus mit der Unterst\u00fctzung des<br \/> Instituts zur Interkulturellen \u00d6ffnung in K\u00f6ln\/ AWO Mittelrhein e.V. (IzIk\u00d6) und <br \/>der Integrationsbeauftragten der Kreisstadt Bergheim ein Gespr\u00e4ch statt.<\/strong><\/span><\/p>\n<p><span style=\"font-size: medium\"><strong>Die Fragen waren:<\/strong><\/span><\/p>\n<p><span style=\"font-size: medium\">Wer bin ich mit meiner kulturellen Identit\u00e4t? <\/span><br \/><span style=\"font-size: medium\">Wer sind die anderen? <\/span><br \/><span style=\"font-size: medium\">Wo begegnen wir uns und welche Erfahrungen verbinden uns?<\/span><\/p>\n<p><span style=\"font-size: medium\">Als Ergebnis wurde unter anderem der Wunsch nach mehr Begegnung ge\u00e4u\u00dfert.<\/span><\/p>\n<p>&nbsp;<\/p>\n","protected":false},"excerpt":{"rendered":"<p>\u201eMein fremder Nachbar und ich\u201c \u2013 Interkulturelle Sensibilisierung in der Offenen Seniorenarbeit <\/p>\n<p>&nbsp;<\/p>\n<p>Die Kreisstadt Bergheim ist bunt und vielf\u00e4ltig. In diesem Jahr m\u00f6chte die Fachstelle \u00c4lterwerden\u00a0der Kreisstadt Bergheim daher besonders die Menschen mit Migrationshintergrund\u00a0in den Fokus nehmen. Kulturelle Vielfalt zeigt sich zunehmend auch bei den \u00e4lteren Menschen in der Kreisstadt.<\/p>\n<p>&nbsp;<\/p>\n<p>In einem &hellip; <\/p>\n<p><a class=\"more-link btn\" href=\"https:\/\/unser-quartier.de\/stadt-bergheim\/informationen\/efi-team\/826-2\/\">Weiterlesen<\/a><\/p>\n","protected":false},"author":48,"featured_media":0,"parent":3410,"menu_order":2,"comment_status":"open","ping_status":"closed","template":"","meta":{"_bbp_topic_count":0,"_bbp_reply_count":0,"_bbp_total_topic_count":0,"_bbp_total_reply_count":0,"_bbp_voice_count":0,"_bbp_anonymous_reply_count":0,"_bbp_topic_count_hidden":0,"_bbp_reply_count_hidden":0,"_bbp_forum_subforum_count":0,"jetpack_post_was_ever_published":false,"footnotes":""},"class_list":["post-826","page","type-page","status-publish","hentry","nodate","item-wrap"],"jetpack_sharing_enabled":true,"jetpack_shortlink":"https:\/\/wp.me\/P3vhfJ-dk","jetpack_likes_enabled":true,"_links":{"self":[{"href":"https:\/\/unser-quartier.de\/stadt-bergheim\/wp-json\/wp\/v2\/pages\/826","targetHints":{"allow":["GET"]}}],"collection":[{"href":"https:\/\/unser-quartier.de\/stadt-bergheim\/wp-json\/wp\/v2\/pages"}],"about":[{"href":"https:\/\/unser-quartier.de\/stadt-bergheim\/wp-json\/wp\/v2\/types\/page"}],"author":[{"embeddable":true,"href":"https:\/\/unser-quartier.de\/stadt-bergheim\/wp-json\/wp\/v2\/users\/48"}],"replies":[{"embeddable":true,"href":"https:\/\/unser-quartier.de\/stadt-bergheim\/wp-json\/wp\/v2\/comments?post=826"}],"version-history":[{"count":0,"href":"https:\/\/unser-quartier.de\/stadt-bergheim\/wp-json\/wp\/v2\/pages\/826\/revisions"}],"up":[{"embeddable":true,"href":"https:\/\/unser-quartier.de\/stadt-bergheim\/wp-json\/wp\/v2\/pages\/3410"}],"wp:attachment":[{"href":"https:\/\/unser-quartier.de\/stadt-bergheim\/wp-json\/wp\/v2\/media?parent=826"}],"curies":[{"name":"wp","href":"https:\/\/api.w.org\/{rel}","templated":true}]}}