{"id":8817,"date":"2015-11-24T23:54:38","date_gmt":"2015-11-24T22:54:38","guid":{"rendered":"http:\/\/unser-quartier.de\/stadt-bergheim\/?page_id=8817"},"modified":"2017-12-02T21:02:38","modified_gmt":"2017-12-02T20:02:38","slug":"deutsche-rote-kreuz","status":"publish","type":"page","link":"https:\/\/unser-quartier.de\/stadt-bergheim\/sparten\/leben-mit-demenz\/lokale-allianzen\/kooperationspartner\/deutsche-rote-kreuz\/","title":{"rendered":"Deutsches Rotes Kreuz"},"content":{"rendered":"<p><strong><span style=\"font-size: 12pt\">Kooperationspartner:<\/span><\/strong><\/p>\n<p><span style=\"font-size: 12pt\">Seit der Gr\u00fcndung im November 2014 trifft sich die Lokale Allianz f\u00fcr Menschen mit Demenz in Bergheim regelm\u00e4\u00dfig zum <a href=\"https:\/\/wp.me\/p3vhfJ-2h6\">Runden Tisch \u2013 diesmal im DRK Alten- und Pflegeheim<\/a> in der Zeppelinstra\u00dfe. Ziel der Netzwerkpartner ist es, gemeinsame Aktionen zu planen und neue Angebote f\u00fcr Betroffene und Angeh\u00f6rige auf den Weg zu bringen.\u00a0<\/span><\/p>\n<p><strong><span style=\"font-size: 12pt\">Fit im Alter<\/span><\/strong><\/p>\n<p><span style=\"font-size: 12pt\">Das DRK Rhein-Erft bietet Bewegungsprogramme f\u00fcr Menschen, die trotz Erkrankungen aktiv sein und auch mit Einschr\u00e4nkungen etwas f\u00fcr ihre Gesundheit tun wollen. Gezielte, konsequent durchgef\u00fchrte \u00dcbungen f\u00fcr Gelenke, R\u00fccken oder den ganzen Bewegungsapparat helfen Problemen vorzubeugen. Dar\u00fcber hinaus bieten die Angebote f\u00fcr Senioren und chronisch Kranke eine Gemeinschaft mit Gleichaltrigen in lockerer Runde \u2013 mit Bewegung, Sport und Spa\u00df!<\/span><\/p>\n<p><span style=\"font-size: 12pt\">Mitmachen kann jeder ab 55 Jahren, sofern keine gesundheitlichen Einschr\u00e4nkungen der Aus\u00fcbung der gew\u00e4hlten Sportart entgegenstehen.<\/span><\/p>\n<p><span style=\"font-size: 12pt\"><strong>Seniorenreisen mit dem DRK<\/strong><\/span><\/p>\n<p><span style=\"font-size: 12pt\">Seit \u00fcber 35 Jahren bietet das DRK Rhein-Erft e.V. Reisen f\u00fcr Senioren an. Ob Busreisen innerhalb Deutschlands oder Flugreisen in das benachbarte Ausland \u2013 es locken viele sch\u00f6ne Reiseziele f\u00fcr jeden Geldbeutel. Der besondere Service: kostenlose Abholung von Zuhause und eine geschulte DRK-Reisebegleitung.Online bl\u00e4ttern kann man unter www.drk-rhein-erft.de<\/span><span style=\"font-size: 12pt\">.<\/span><\/p>\n<p><a href=\"https:\/\/unser-quartier.de\/stadt-bergheim\/events\/reisemesse-des-drk\/\"><strong>Termin: Reisemesse am 6. M\u00e4rz 2016<\/strong><\/a><\/p>\n<p>&nbsp;<\/p>\n","protected":false},"excerpt":{"rendered":"<p><strong>Kooperationspartner:<\/strong><\/p>\n<p>Seit der Gr\u00fcndung im November 2014 trifft sich die Lokale Allianz f\u00fcr Menschen mit Demenz in Bergheim regelm\u00e4\u00dfig zum Runden Tisch \u2013 diesmal im DRK Alten- und Pflegeheim in der Zeppelinstra\u00dfe. Ziel der Netzwerkpartner ist es, gemeinsame Aktionen zu planen und neue Angebote f\u00fcr Betroffene und Angeh\u00f6rige auf den Weg zu bringen.\u00a0<\/p>\n<p><strong>Fit im &hellip; <\/strong><\/p>\n<p><a class=\"more-link btn\" href=\"https:\/\/unser-quartier.de\/stadt-bergheim\/sparten\/leben-mit-demenz\/lokale-allianzen\/kooperationspartner\/deutsche-rote-kreuz\/\">Weiterlesen<\/a><\/p>\n","protected":false},"author":48,"featured_media":0,"parent":3455,"menu_order":0,"comment_status":"closed","ping_status":"closed","template":"","meta":{"_bbp_topic_count":0,"_bbp_reply_count":0,"_bbp_total_topic_count":0,"_bbp_total_reply_count":0,"_bbp_voice_count":0,"_bbp_anonymous_reply_count":0,"_bbp_topic_count_hidden":0,"_bbp_reply_count_hidden":0,"_bbp_forum_subforum_count":0,"jetpack_post_was_ever_published":false,"footnotes":""},"class_list":["post-8817","page","type-page","status-publish","hentry","nodate","item-wrap"],"jetpack_sharing_enabled":true,"jetpack_shortlink":"https:\/\/wp.me\/P3vhfJ-2id","jetpack_likes_enabled":true,"_links":{"self":[{"href":"https:\/\/unser-quartier.de\/stadt-bergheim\/wp-json\/wp\/v2\/pages\/8817","targetHints":{"allow":["GET"]}}],"collection":[{"href":"https:\/\/unser-quartier.de\/stadt-bergheim\/wp-json\/wp\/v2\/pages"}],"about":[{"href":"https:\/\/unser-quartier.de\/stadt-bergheim\/wp-json\/wp\/v2\/types\/page"}],"author":[{"embeddable":true,"href":"https:\/\/unser-quartier.de\/stadt-bergheim\/wp-json\/wp\/v2\/users\/48"}],"replies":[{"embeddable":true,"href":"https:\/\/unser-quartier.de\/stadt-bergheim\/wp-json\/wp\/v2\/comments?post=8817"}],"version-history":[{"count":0,"href":"https:\/\/unser-quartier.de\/stadt-bergheim\/wp-json\/wp\/v2\/pages\/8817\/revisions"}],"up":[{"embeddable":true,"href":"https:\/\/unser-quartier.de\/stadt-bergheim\/wp-json\/wp\/v2\/pages\/3455"}],"wp:attachment":[{"href":"https:\/\/unser-quartier.de\/stadt-bergheim\/wp-json\/wp\/v2\/media?parent=8817"}],"curies":[{"name":"wp","href":"https:\/\/api.w.org\/{rel}","templated":true}]}}

<p><strong><span style="font-size: 12pt">Kooperationspartner:</span></strong></p>
<p><span style="font-size: 12pt">Seit der Gründung im November 2014 trifft sich die Lokale Allianz für Menschen mit Demenz in Bergheim regelmäßig zum <a href="https://wp.me/p3vhfJ-2h6">Runden Tisch – diesmal im DRK Alten- und Pflegeheim</a> in der Zeppelinstraße. Ziel der Netzwerkpartner ist es, gemeinsame Aktionen zu planen und neue Angebote für Betroffene und Angehörige auf den Weg zu bringen. </span></p>
<p><strong><span style="font-size: 12pt">Fit im Alter</span></strong></p>
<p><span style="font-size: 12pt">Das DRK Rhein-Erft bietet Bewegungsprogramme für Menschen, die trotz Erkrankungen aktiv sein und auch mit Einschränkungen etwas für ihre Gesundheit tun wollen. Gezielte, konsequent durchgeführte Übungen für Gelenke, Rücken oder den ganzen Bewegungsapparat helfen Problemen vorzubeugen. Darüber hinaus bieten die Angebote für Senioren und chronisch Kranke eine Gemeinschaft mit Gleichaltrigen in lockerer Runde – mit Bewegung, Sport und Spaß!</span></p>
<p><span style="font-size: 12pt">Mitmachen kann jeder ab 55 Jahren, sofern keine gesundheitlichen Einschränkungen der Ausübung der gewählten Sportart entgegenstehen.</span></p>
<p><span style="font-size: 12pt"><strong>Seniorenreisen mit dem DRK</strong></span></p>
<p><span style="font-size: 12pt">Seit über 35 Jahren bietet das DRK Rhein-Erft e.V. Reisen für Senioren an. Ob Busreisen innerhalb Deutschlands oder Flugreisen in das benachbarte Ausland – es locken viele schöne Reiseziele für jeden Geldbeutel. Der besondere Service: kostenlose Abholung von Zuhause und eine geschulte DRK-Reisebegleitung.Online blättern kann man unter www.drk-rhein-erft.de</span><span style="font-size: 12pt">.</span></p>
<p><a href="https://unser-quartier.de/stadt-bergheim/events/reisemesse-des-drk/"><strong>Termin: Reisemesse am 6. März 2016</strong></a></p>
<p>&nbsp;</p>

<p><strong>Kooperationspartner:</strong></p>
<p>Seit der Gründung im November 2014 trifft sich die Lokale Allianz für Menschen mit Demenz in Bergheim regelmäßig zum Runden Tisch – diesmal im DRK Alten- und Pflegeheim in der Zeppelinstraße. Ziel der Netzwerkpartner ist es, gemeinsame Aktionen zu planen und neue Angebote für Betroffene und Angehörige auf den Weg zu bringen. </p>
<p><strong>Fit im &hellip; </strong></p>
<p><a class="more-link btn" href="https://unser-quartier.de/stadt-bergheim/sparten/leben-mit-demenz/lokale-allianzen/kooperationspartner/deutsche-rote-kreuz/">Weiterlesen</a></p>
