{"id":1093,"date":"2016-01-20T12:58:42","date_gmt":"2016-01-20T11:58:42","guid":{"rendered":"http:\/\/unser-quartier.de\/tmp-musterblog3\/?page_id=1093"},"modified":"2018-04-17T15:49:29","modified_gmt":"2018-04-17T13:49:29","slug":"links","status":"publish","type":"page","link":"https:\/\/unser-quartier.de\/tmp-musterblog4\/links\/","title":{"rendered":"Links"},"content":{"rendered":"<p>Wichtige und Links f\u00fcr Bewohner\/innen, auf unsere Partner und Organisationen sowie Themen rund um das Alter:<!--more--><\/p>\n<h2>Beh\u00f6rden und kommunale Dienste<\/h2>\n<p><a href=\"http:\/\/www.stadt-koeln.de\/\" data-wpel-link=\"external\" target=\"_self\" rel=\"nofollow external noopener noreferrer\" title=\"Externer Link: \" class=\"ext-link wpel-icon-right\">Stadt K\u00f6ln<span class=\"wpel-icon wpel-image wpel-icon-6\"><\/span><\/a><\/p>\n<p>B\u00fcrgerportal, Zug\u00e4nge zu Beh\u00f6rden und Verkerhrsinformationen<\/p>\n<p><a href=\"http:\/\/www.lvr.de\" data-wpel-link=\"external\" target=\"_self\" rel=\"nofollow external noopener noreferrer\" title=\"Externer Link: \" class=\"ext-link wpel-icon-right\">Landschaftsverband Rheinland<span class=\"wpel-icon wpel-image wpel-icon-6\"><\/span><\/a><\/p>\n<h2>Themen rund um das Alter<\/h2>\n<h3>Demenz<\/h3>\n<p>&#8230;<\/p>\n<h3>Engagement<\/h3>\n<p>&#8230;<\/p>\n<h3>Interessenvertretung<\/h3>\n<p>&#8230;<\/p>\n<h3>Lernen und Bildung<\/h3>\n<p>&#8230;<\/p>\n<h3>Reisen<\/h3>\n<p>&#8230;<\/p>\n<h2>Partner<\/h2>\n<p>&nbsp;<\/p>\n","protected":false},"excerpt":{"rendered":"<p>Wichtige und Links f\u00fcr Bewohner\/innen, auf unsere Partner und Organisationen sowie Themen rund um das Alter:<\/p>\n","protected":false},"author":1,"featured_media":0,"parent":0,"menu_order":6,"comment_status":"closed","ping_status":"closed","template":"","meta":{"generate_page_header":"","footnotes":""},"class_list":["post-1093","page","type-page","status-publish"],"_links":{"self":[{"href":"https:\/\/unser-quartier.de\/tmp-musterblog4\/wp-json\/wp\/v2\/pages\/1093","targetHints":{"allow":["GET"]}}],"collection":[{"href":"https:\/\/unser-quartier.de\/tmp-musterblog4\/wp-json\/wp\/v2\/pages"}],"about":[{"href":"https:\/\/unser-quartier.de\/tmp-musterblog4\/wp-json\/wp\/v2\/types\/page"}],"author":[{"embeddable":true,"href":"https:\/\/unser-quartier.de\/tmp-musterblog4\/wp-json\/wp\/v2\/users\/1"}],"replies":[{"embeddable":true,"href":"https:\/\/unser-quartier.de\/tmp-musterblog4\/wp-json\/wp\/v2\/comments?post=1093"}],"version-history":[{"count":0,"href":"https:\/\/unser-quartier.de\/tmp-musterblog4\/wp-json\/wp\/v2\/pages\/1093\/revisions"}],"wp:attachment":[{"href":"https:\/\/unser-quartier.de\/tmp-musterblog4\/wp-json\/wp\/v2\/media?parent=1093"}],"curies":[{"name":"wp","href":"https:\/\/api.w.org\/{rel}","templated":true}]}}