{"id":171,"date":"2014-05-07T18:21:58","date_gmt":"2014-05-07T16:21:58","guid":{"rendered":"http:\/\/unser-quartier.de\/wisel-mitte\/?page_id=171"},"modified":"2026-03-23T18:40:59","modified_gmt":"2026-03-23T17:40:59","slug":"gruppen","status":"publish","type":"page","link":"https:\/\/unser-quartier.de\/wisel-mitte\/gruppen","title":{"rendered":"Unsere Gruppen"},"content":{"rendered":"<h5><em>Im WiSeL-Netzwerk k\u00f6nnen Sie ohne Zwang und Verpflichtung einer Gruppe oder auch mehreren beitreten und aktiv mitmachen. Es gibt keine Mitgliedschaft, keinen Vorstand, keinen Beitrag, keinen Zwang zum Mitmachen. Sie k\u00f6nnen auch innerhalb der Gruppen wechseln so oft Sie m\u00f6chten. Und Sie k\u00f6nnen auch selbst eine neue Gruppe vorschlagen und mit Gleichgesinnten ins Leben rufen.<\/em><\/h5>\n<table style=\"width: 94.1326%; height: 296px;\">\n<tbody>\n<tr style=\"height: 45px;\">\n<td style=\"width: 25.228%; height: 45px;\">\n<h3><strong>in Bewegung bleiben bei:<\/strong><\/h3>\n<\/td>\n<td style=\"width: 27.4063%; height: 45px;\">\n<h3><strong>Treffen zum:<\/strong><\/h3>\n<\/td>\n<td style=\"width: 6.51473%; height: 45px;\">\n<h3><strong>Kulturelles<\/strong><\/h3>\n<\/td>\n<td style=\"width: 41.0879%; height: 45px;\">\n<h3><strong>Besonderes<\/strong><\/h3>\n<\/td>\n<\/tr>\n<tr style=\"height: 43px;\">\n<td style=\"width: 25.228%; height: 43px;\">\n<h4><span style=\"color: #3366ff;\"><strong><a style=\"color: #3366ff;\" href=\"https:\/\/unser-quartier.de\/wisel-mitte\/gruppen\/boule\">Boule<\/a><\/strong><\/span><\/h4>\n<\/td>\n<td style=\"width: 27.4063%; height: 43px;\">\n<h4><span style=\"color: #3366ff;\"><strong><a style=\"color: #3366ff;\" href=\"https:\/\/unser-quartier.de\/wisel-mitte\/gruppen\/fruehstueck\">Fr\u00fchst\u00fcck<\/a><\/strong><\/span><\/h4>\n<\/td>\n<td style=\"width: 6.51473%; height: 43px;\">\n<h4 style=\"font-family: Lato, sans-serif; color: #4a474b;\"><span style=\"color: #3366ff;\"><a style=\"color: #3366ff;\" href=\"https:\/\/unser-quartier.de\/wisel-mitte\/gruppen\/ausstellungen\"><strong>Ausstellungen<\/strong><\/a><\/span><\/h4>\n<h4 style=\"font-family: Lato, sans-serif; color: #4a474b;\"><\/h4>\n<\/td>\n<td style=\"width: 41.0879%; height: 43px;\">\n<h4><a href=\"https:\/\/unser-quartier.de\/wisel-mitte\/gruppen\/reisen-wisel-auf-tour\" target=\"_blank\" rel=\"noopener\"><span style=\"color: #3366ff;\"><strong>Reisen &#8222;WiSeL auf Tour&#8220;<\/strong><\/span><\/a><\/h4>\n<\/td>\n<\/tr>\n<tr style=\"height: 43px;\">\n<td style=\"width: 25.228%; height: 43px;\">\n<h4><span style=\"color: #3366ff;\"><strong><a style=\"color: #3366ff;\" href=\"https:\/\/unser-quartier.de\/wisel-mitte\/gruppen\/kegeln\">Kegeln<\/a><\/strong><\/span><\/h4>\n<\/td>\n<td style=\"width: 27.4063%; height: 43px;\">\n<h4><span style=\"color: #3366ff;\"><strong><a style=\"color: #3366ff;\" href=\"https:\/\/unser-quartier.de\/wisel-mitte\/gruppen\/spiele\">Spiele<\/a>n<\/strong><\/span><\/h4>\n<\/td>\n<td style=\"width: 6.51473%; height: 43px;\">\n<h4 style=\"font-family: Lato, sans-serif; color: #4a474b;\"><span style=\"color: #3366ff;\"><a style=\"color: #3366ff;\" href=\"https:\/\/unser-quartier.de\/wisel-mitte\/gruppen\/foto\"><strong>Foto (ruht)<\/strong><\/a><\/span><\/h4>\n<\/td>\n<td style=\"width: 41.0879%; height: 43px;\">\n<h4 style=\"text-align: left;\"><\/h4>\n<\/td>\n<\/tr>\n<tr style=\"height: 18.1px;\">\n<td style=\"width: 25.228%; height: 18px;\">\n<h4><span style=\"color: #3366ff;\"><strong><a style=\"color: #3366ff;\" href=\"https:\/\/unser-quartier.de\/wisel-mitte\/gruppen\/minigolf\">Minigolf<\/a><\/strong><\/span><\/h4>\n<\/td>\n<td style=\"width: 27.4063%; height: 18px;\">\n<h4><span style=\"color: #3366ff;\"><strong><a style=\"color: #3366ff;\" href=\"https:\/\/unser-quartier.de\/wisel-mitte\/gruppen\/stammtisch\">Stammtisch<\/a><\/strong><\/span><\/h4>\n<\/td>\n<td style=\"width: 6.51473%; height: 18px;\">\n<h4 style=\"font-family: Lato, sans-serif; color: #4a474b;\"><span style=\"color: #3366ff;\"><strong><a style=\"color: #3366ff;\" href=\"https:\/\/unser-quartier.de\/wisel-mitte\/gruppen\/kino-im-cafe\">Kino im Caf<\/a>\u00e9<\/strong><\/span><\/h4>\n<\/td>\n<td style=\"width: 41.0879%; height: 18px;\">\n<h4><\/h4>\n<\/td>\n<\/tr>\n<tr style=\"height: 43px;\">\n<td style=\"width: 25.228%; height: 43px;\">\n<h4><span style=\"color: #3366ff;\"><a style=\"color: #3366ff;\" href=\"https:\/\/unser-quartier.de\/wisel-mitte\/gruppen\/pool-billard\" target=\"_blank\" rel=\"noopener noreferrer\"><strong>Pool-Billard<\/strong><\/a><\/span><\/h4>\n<\/td>\n<td style=\"width: 27.4063%; height: 43px;\"><\/td>\n<td style=\"width: 6.51473%; height: 43px;\">\n<h4 style=\"font-family: Lato, sans-serif; color: #4a474b;\"><a href=\"https:\/\/unser-quartier.de\/wisel-mitte\/gruppen\/literaturkreis\" target=\"_blank\" rel=\"noopener\"><span style=\"color: #3366ff;\"><strong>Literaturkreis<\/strong><\/span><\/a><\/h4>\n<\/td>\n<td style=\"width: 41.0879%; height: 43px;\">\n<h4><span style=\"color: #3366ff;\"><strong>\u00a0<\/strong><\/span><\/h4>\n<\/td>\n<\/tr>\n<tr style=\"height: 18px;\">\n<td style=\"width: 25.228%; height: 18px;\">\n<h4><span style=\"color: #3366ff;\"><a style=\"color: #3366ff;\" href=\"https:\/\/unser-quartier.de\/wisel-mitte\/gruppen\/fahrrad\"><strong>Radfahren (ruht)<\/strong><\/a><\/span><\/h4>\n<\/td>\n<td style=\"width: 27.4063%; height: 18px;\"><\/td>\n<td style=\"width: 6.51473%; height: 18px;\">\n<h4 style=\"font-family: Lato, sans-serif; color: #4a474b;\"><span style=\"color: #3366ff;\"><strong><a style=\"color: #3366ff;\" href=\"https:\/\/unser-quartier.de\/wisel-mitte\/gruppen\/theater\">Theater<\/a>besuche<\/strong><\/span><\/h4>\n<\/td>\n<td style=\"width: 41.0879%; height: 18px;\"><\/td>\n<\/tr>\n<tr style=\"height: 43px;\">\n<td style=\"width: 25.228%; height: 43px;\">\n<h4><span style=\"color: #3366ff;\"><strong><a style=\"color: #3366ff;\" href=\"https:\/\/unser-quartier.de\/wisel-mitte\/gruppen\/spazieren\">Spazieren<\/a>gehen<\/strong><\/span><\/h4>\n<\/td>\n<td style=\"width: 27.4063%; height: 43px;\">\n<h4><span style=\"color: #3366ff;\"><strong>\u00a0<\/strong><\/span><\/h4>\n<\/td>\n<td style=\"width: 6.51473%; height: 43px;\"><\/td>\n<td style=\"width: 41.0879%; height: 43px;\">\n<h4><span style=\"color: #3366ff;\"><strong>\u00a0<\/strong><\/span><\/h4>\n<\/td>\n<\/tr>\n<tr style=\"height: 43px;\">\n<td style=\"width: 25.228%; height: 43px;\">\n<h4><span style=\"color: #3366ff;\"><a style=\"color: #3366ff;\" href=\"https:\/\/unser-quartier.de\/wisel-mitte\/gruppen\/wandern\">Wandern<\/a><\/span><\/h4>\n<\/td>\n<td style=\"width: 27.4063%; height: 43px;\">\n<h4><span style=\"color: #008080;\"><strong>\u00a0<\/strong><\/span><\/h4>\n<\/td>\n<td style=\"width: 6.51473%; height: 43px;\">\n<h4><span style=\"color: #008080;\"><strong>\u00a0<\/strong><\/span><\/h4>\n<\/td>\n<td style=\"width: 41.0879%; height: 43px;\">\n<h4><span style=\"color: #008080;\"><strong>\u00a0<\/strong><\/span><\/h4>\n<\/td>\n<\/tr>\n<\/tbody>\n<\/table>\n<p>&nbsp;<\/p>\n","protected":false},"excerpt":{"rendered":"<p>Im WiSeL-Netzwerk k\u00f6nnen Sie ohne Zwang und Verpflichtung einer Gruppe oder auch mehreren beitreten und aktiv mitmachen. Es gibt keine Mitgliedschaft, keinen Vorstand, keinen Beitrag, keinen Zwang zum Mitmachen. Sie k\u00f6nnen auch innerhalb der Gruppen wechseln so oft Sie m\u00f6chten. Und Sie k\u00f6nnen auch selbst eine neue Gruppe vorschlagen und mit Gleichgesinnten ins Leben rufen. &hellip; <\/p>\n<p><a class=\"more-link btn\" href=\"https:\/\/unser-quartier.de\/wisel-mitte\/gruppen\">Weiterlesen<\/a><\/p>\n","protected":false},"author":166,"featured_media":0,"parent":0,"menu_order":7,"comment_status":"closed","ping_status":"closed","template":"template-onecolumn.php","meta":{"footnotes":""},"class_list":["post-171","page","type-page","status-publish","hentry","nodate","item-wrap"],"_links":{"self":[{"href":"https:\/\/unser-quartier.de\/wisel-mitte\/wp-json\/wp\/v2\/pages\/171","targetHints":{"allow":["GET"]}}],"collection":[{"href":"https:\/\/unser-quartier.de\/wisel-mitte\/wp-json\/wp\/v2\/pages"}],"about":[{"href":"https:\/\/unser-quartier.de\/wisel-mitte\/wp-json\/wp\/v2\/types\/page"}],"author":[{"embeddable":true,"href":"https:\/\/unser-quartier.de\/wisel-mitte\/wp-json\/wp\/v2\/users\/166"}],"replies":[{"embeddable":true,"href":"https:\/\/unser-quartier.de\/wisel-mitte\/wp-json\/wp\/v2\/comments?post=171"}],"version-history":[{"count":3,"href":"https:\/\/unser-quartier.de\/wisel-mitte\/wp-json\/wp\/v2\/pages\/171\/revisions"}],"predecessor-version":[{"id":18240,"href":"https:\/\/unser-quartier.de\/wisel-mitte\/wp-json\/wp\/v2\/pages\/171\/revisions\/18240"}],"wp:attachment":[{"href":"https:\/\/unser-quartier.de\/wisel-mitte\/wp-json\/wp\/v2\/media?parent=171"}],"curies":[{"name":"wp","href":"https:\/\/api.w.org\/{rel}","templated":true}]}}