{"id":17824,"date":"2025-10-20T15:22:34","date_gmt":"2025-10-20T13:22:34","guid":{"rendered":"https:\/\/unser-quartier.de\/wisel-mitte\/?page_id=17824"},"modified":"2025-10-21T10:25:27","modified_gmt":"2025-10-21T08:25:27","slug":"reisen-wisel-auf-tour","status":"publish","type":"page","link":"https:\/\/unser-quartier.de\/wisel-mitte\/gruppen\/reisen-wisel-auf-tour","title":{"rendered":"Reisen &#8222;WiSeL auf Tour&#8220;"},"content":{"rendered":"<p><span style=\"font-size: 14pt;\"><b><a href=\"https:\/\/unser-quartier.de\/wisel-mitte\/files\/2025\/10\/Bus_001.png\"><img loading=\"lazy\" decoding=\"async\" class=\" wp-image-17795 alignleft\" src=\"https:\/\/unser-quartier.de\/wisel-mitte\/files\/2025\/10\/Bus_001.png\" alt=\"\" width=\"163\" height=\"163\" srcset=\"https:\/\/unser-quartier.de\/wisel-mitte\/files\/2025\/10\/Bus_001.png 1200w, https:\/\/unser-quartier.de\/wisel-mitte\/files\/2025\/10\/Bus_001-300x300.png 300w, https:\/\/unser-quartier.de\/wisel-mitte\/files\/2025\/10\/Bus_001-1024x1024.png 1024w, https:\/\/unser-quartier.de\/wisel-mitte\/files\/2025\/10\/Bus_001-150x150.png 150w, https:\/\/unser-quartier.de\/wisel-mitte\/files\/2025\/10\/Bus_001-768x768.png 768w, https:\/\/unser-quartier.de\/wisel-mitte\/files\/2025\/10\/Bus_001-847x847.png 847w\" sizes=\"auto, (max-width: 163px) 100vw, 163px\" \/><\/a>Tagesreisen<\/b>: Ausfl\u00fcge, die nur einen Tag dauern (morgens hin, abends zur\u00fcck).<\/span><\/p>\n<p><span style=\"font-size: 14pt;\"><b>St\u00e4dtereisen<\/b>: Kurzreisen in eine oder mehrere St\u00e4dte (z. B. ein Wochenende in Hamburg).<\/span><\/p>\n<p><span style=\"font-size: 14pt;\"><b>Mehrtagesreisen<\/b>: L\u00e4ngere Fahrten, die \u00fcber mehrere Tage gehen und \u00dcbernachtungen beinhalten.<\/span><\/p>\n<p><span style=\"font-size: 14pt;\"><b>Anregungen und Vorschl\u00e4ge f\u00fcr Reisen sind willkommen.<\/b><\/span><\/p>\n","protected":false},"excerpt":{"rendered":"<p>Tagesreisen: Ausfl\u00fcge, die nur einen Tag dauern (morgens hin, abends zur\u00fcck). St\u00e4dtereisen: Kurzreisen in eine oder mehrere St\u00e4dte (z. B. ein Wochenende in Hamburg). Mehrtagesreisen: L\u00e4ngere Fahrten, die \u00fcber mehrere Tage gehen und \u00dcbernachtungen beinhalten. Anregungen und Vorschl\u00e4ge f\u00fcr Reisen sind willkommen.<\/p>\n","protected":false},"author":166,"featured_media":0,"parent":171,"menu_order":16,"comment_status":"closed","ping_status":"closed","template":"","meta":{"footnotes":""},"class_list":["post-17824","page","type-page","status-publish","hentry","nodate","item-wrap"],"_links":{"self":[{"href":"https:\/\/unser-quartier.de\/wisel-mitte\/wp-json\/wp\/v2\/pages\/17824","targetHints":{"allow":["GET"]}}],"collection":[{"href":"https:\/\/unser-quartier.de\/wisel-mitte\/wp-json\/wp\/v2\/pages"}],"about":[{"href":"https:\/\/unser-quartier.de\/wisel-mitte\/wp-json\/wp\/v2\/types\/page"}],"author":[{"embeddable":true,"href":"https:\/\/unser-quartier.de\/wisel-mitte\/wp-json\/wp\/v2\/users\/166"}],"replies":[{"embeddable":true,"href":"https:\/\/unser-quartier.de\/wisel-mitte\/wp-json\/wp\/v2\/comments?post=17824"}],"version-history":[{"count":2,"href":"https:\/\/unser-quartier.de\/wisel-mitte\/wp-json\/wp\/v2\/pages\/17824\/revisions"}],"predecessor-version":[{"id":17827,"href":"https:\/\/unser-quartier.de\/wisel-mitte\/wp-json\/wp\/v2\/pages\/17824\/revisions\/17827"}],"up":[{"embeddable":true,"href":"https:\/\/unser-quartier.de\/wisel-mitte\/wp-json\/wp\/v2\/pages\/171"}],"wp:attachment":[{"href":"https:\/\/unser-quartier.de\/wisel-mitte\/wp-json\/wp\/v2\/media?parent=17824"}],"curies":[{"name":"wp","href":"https:\/\/api.w.org\/{rel}","templated":true}]}}