{"id":17829,"date":"2025-10-21T09:35:26","date_gmt":"2025-10-21T07:35:26","guid":{"rendered":"https:\/\/unser-quartier.de\/wisel-mitte\/?page_id=17829"},"modified":"2025-10-21T10:24:02","modified_gmt":"2025-10-21T08:24:02","slug":"literaturkreis","status":"publish","type":"page","link":"https:\/\/unser-quartier.de\/wisel-mitte\/gruppen\/literaturkreis","title":{"rendered":"Literaturkreis"},"content":{"rendered":"<p><span style=\"font-size: 14pt;\"><a href=\"https:\/\/unser-quartier.de\/wisel-mitte\/files\/2025\/10\/buch-0213.gif\"><img loading=\"lazy\" decoding=\"async\" class=\"size-full wp-image-17831 alignleft\" src=\"https:\/\/unser-quartier.de\/wisel-mitte\/files\/2025\/10\/buch-0213.gif\" alt=\"\" width=\"150\" height=\"150\" \/><\/a>In <b>Literaturkreis<\/b> treffen wir uns regelm\u00e4\u00dfig um gemeinsam ein Buch oder Texte zu lesen, dar\u00fcber zu sprechen und Meinungen auszutauschen.<\/span><\/p>\n<p><span style=\"font-size: 14pt;\"><b>Gemeinsame Lekt\u00fcre<\/b>: Alle lesen dasselbe Buch oder denselben Text (z. B. einen Roman, Gedichtband oder Sachtext).<\/span><\/p>\n<p><span style=\"font-size: 14pt;\"><b>Austausch und Diskussion<\/b>: In den Treffen sprechen die Teilnehmenden \u00fcber Inhalt, Figuren, Sprache, Stil oder Themen.<\/span><\/p>\n<p><span style=\"font-size: 14pt;\"><b>Gemeinschaft<\/b>: Wir treffen uns, in einer ungezwungenen Runde Mittwochs um 15:00 Uhr im M\u00e4rkischen Museum \u2013 siehe Termine &#8211;<\/span><\/p>\n","protected":false},"excerpt":{"rendered":"<p>In Literaturkreis treffen wir uns regelm\u00e4\u00dfig um gemeinsam ein Buch oder Texte zu lesen, dar\u00fcber zu sprechen und Meinungen auszutauschen. Gemeinsame Lekt\u00fcre: Alle lesen dasselbe Buch oder denselben Text (z. B. einen Roman, Gedichtband oder Sachtext). Austausch und Diskussion: In den Treffen sprechen die Teilnehmenden \u00fcber Inhalt, Figuren, Sprache, Stil oder Themen. Gemeinschaft: Wir treffen &hellip; <\/p>\n<p><a class=\"more-link btn\" href=\"https:\/\/unser-quartier.de\/wisel-mitte\/gruppen\/literaturkreis\">Weiterlesen<\/a><\/p>\n","protected":false},"author":166,"featured_media":0,"parent":171,"menu_order":14,"comment_status":"closed","ping_status":"closed","template":"","meta":{"footnotes":""},"class_list":["post-17829","page","type-page","status-publish","hentry","nodate","item-wrap"],"_links":{"self":[{"href":"https:\/\/unser-quartier.de\/wisel-mitte\/wp-json\/wp\/v2\/pages\/17829","targetHints":{"allow":["GET"]}}],"collection":[{"href":"https:\/\/unser-quartier.de\/wisel-mitte\/wp-json\/wp\/v2\/pages"}],"about":[{"href":"https:\/\/unser-quartier.de\/wisel-mitte\/wp-json\/wp\/v2\/types\/page"}],"author":[{"embeddable":true,"href":"https:\/\/unser-quartier.de\/wisel-mitte\/wp-json\/wp\/v2\/users\/166"}],"replies":[{"embeddable":true,"href":"https:\/\/unser-quartier.de\/wisel-mitte\/wp-json\/wp\/v2\/comments?post=17829"}],"version-history":[{"count":2,"href":"https:\/\/unser-quartier.de\/wisel-mitte\/wp-json\/wp\/v2\/pages\/17829\/revisions"}],"predecessor-version":[{"id":17832,"href":"https:\/\/unser-quartier.de\/wisel-mitte\/wp-json\/wp\/v2\/pages\/17829\/revisions\/17832"}],"up":[{"embeddable":true,"href":"https:\/\/unser-quartier.de\/wisel-mitte\/wp-json\/wp\/v2\/pages\/171"}],"wp:attachment":[{"href":"https:\/\/unser-quartier.de\/wisel-mitte\/wp-json\/wp\/v2\/media?parent=17829"}],"curies":[{"name":"wp","href":"https:\/\/api.w.org\/{rel}","templated":true}]}}