{"id":18,"date":"2014-01-22T08:48:18","date_gmt":"2014-01-22T07:48:18","guid":{"rendered":"http:\/\/unser-quartier.de\/tmp-musterblog2\/?page_id=18"},"modified":"2016-02-15T14:23:45","modified_gmt":"2016-02-15T13:23:45","slug":"ueber-uns","status":"publish","type":"page","link":"https:\/\/unser-quartier.de\/wisel-mitte\/netzwerk\/ueber-uns","title":{"rendered":"\u00dcber Uns"},"content":{"rendered":"<div class=\"textLayer\">\n<h1 style=\"text-align: left\"><span style=\"color: #3366ff\">Entstehung des Netzwerks &#8222;<strong>Wi<\/strong>ttener <strong>Se<\/strong>nioren <strong>L<\/strong>eben&#8220;<\/span><\/h1>\n<div dir=\"ltr\">WiSeL (<span style=\"text-decoration: underline\"><strong>Wi<\/strong><\/span>ttener<span style=\"text-decoration: underline\"><strong>Se<\/strong><\/span>nioren<span style=\"text-decoration: underline\"><strong>L<\/strong><\/span>eben) Netzwerkgr\u00fcndung.<\/div>\n<div dir=\"ltr\">Was steckt dahinter?<\/div>\n<div dir=\"ltr\">Im Namen der B\u00fcrgermeisterin der Stadt Witten, Sonja Leidemann,\u00a0 wurden wahllos Wittener B\u00fcrger im Alter von 55-95 Jahren, vornehmlich aus der Wittener City angeschrieben und zur<\/div>\n<div dir=\"ltr\">WiSeL-Netzwerkgr\u00fcndung am 21. M\u00e4rz ins MONDOLINO eingeladen.<\/div>\n<div dir=\"ltr\">Parallel dazu machte die Presse auf die Gr\u00fcndungsversammlung aufmerksam. Angesprochen<\/div>\n<div dir=\"ltr\">waren alle, die Interesse hatten.<\/div>\n<div dir=\"ltr\">Die Iniatoren unter Federf\u00fchrung von Barbara Helberg-G\u00f6dde von der AWO Witten, der<\/div>\n<div dir=\"ltr\">Tr\u00e4gerin des Projektes und unterst\u00fctzt vom Seniorenb\u00fcro der Stadt Witten, der Servicestelle<\/div>\n<div dir=\"ltr\">WiSeL-Netzwerke und dem Seniorenbeirat i.G. hatten sich zahlreiche interessierte Wittener<\/div>\n<div dir=\"ltr\">B\u00fcrger, darunter auch j\u00fcngere als die angesprochene Zielgruppe, im MONDOLINO<\/div>\n<div dir=\"ltr\">eingefunden..<\/div>\n<div dir=\"ltr\">Nach Begr\u00fc\u00dfung durch Barbara Helberg-G\u00f6dde und ersten Informationen was oder wer<\/div>\n<div dir=\"ltr\">WiSeL ist und welche Ziele die Netzwerkgr\u00fcndung verfolgte, wurden die Teilnehmer in 3<\/div>\n<div dir=\"ltr\">Gruppen aufgeteilt und parallel mit den Gleichen 3 Fragen konfrontiert. Jeder konnte dazu<\/div>\n<div dir=\"ltr\">seine W\u00fcnsche und Ideen \u00e4u\u00dfern, die dann zum Schlu\u00df in einer gemeinsamen Abschlussrunde<\/div>\n<div dir=\"ltr\">noch mal vorgestellt wurden.<\/div>\n<div dir=\"ltr\">Bei allen 3 Gruppen stand ein Wunsch an erster Stelle: Wir wollen keine Senioren sein, nur<\/div>\n<div dir=\"ltr\">weil wir ein bestimmtes Alter erreicht haben! Auch wurde recht deutlich, das die Initiatoren<\/div>\n<div dir=\"ltr\">eine wunden Punkt bei den \u00e4lteren Mitb\u00fcrgern ber\u00fchrt haben. Da ist soviel Potential<\/div>\n<div dir=\"ltr\">vorhanden, unbezahlbare Sch\u00e4tze zu heben, Initiativen zu aktivieren. Die Anwesenden<\/div>\n<div dir=\"ltr\">brennen quasi darauf endlich aktiv werden zu d\u00fcrfen um zu zeigen, dass man auch noch im<\/div>\n<div dir=\"ltr\">\u201eSeniorenalter\u201c die Welt ver\u00e4ndern kann und noch lange nicht \u201ezum alten Eisen geh\u00f6rt\u201c.<\/div>\n<div dir=\"ltr\">Es lag auf der Hand, dass es an diesem Abend nur Ansatzweise Projekte angedacht und Ideen<\/div>\n<div dir=\"ltr\">angesto\u00dfen werden konnten.<\/div>\n<div dir=\"ltr\">Um die vielen Ideen, W\u00fcnsche, Anregungen in eine Form zu bringen, trifft sich die WiSeL<\/div>\n<div dir=\"ltr\">Netzwerkgruppe ab April jeden 2. Mittwoch von 17-19 Uhr im Wabe, Breite Stra\u00dfe 74. 1.<\/div>\n<div dir=\"ltr\">Stock, Raum Mausegatt und los geht\u2019s am Mittwoch, dem 11. April.<\/div>\n<div dir=\"ltr\">Dazu d\u00fcrfen selbstverst\u00e4ndlich alle kommen, die nicht zum Gr\u00fcndungstermin kommen<\/div>\n<div dir=\"ltr\">konnten und gerne mitwirken m\u00f6chten.<\/div>\n<div dir=\"ltr\">Ansprechpartner sind Wilfried Braun, Seniorenb\u00fcro der Stadt Witten, Tel. 02302-5815079,<\/div>\n<div dir=\"ltr\">Katja Frein, Servicestelle WiSeL-Netzwerke, Tel. 02302-202 79 92 und Jochen Rauh,<\/div>\n<div dir=\"ltr\">Seniorenvertretung i.G., Tel. 02302-690961 und von der AWO, der Tr\u00e4gerin des Projektes,<\/div>\n<div dir=\"ltr\">Barbara Helberg-G\u00f6dde, Tel. 02332-700424. Unter der eMail<\/div>\n<div dir=\"ltr\">seniorennetzwerk@awo-en.de<\/div>\n<div dir=\"ltr\">kann man auch Informationen erhalten.<\/div>\n<div dir=\"ltr\">Nat\u00fcrlich werden wir auch im LOKALKOMPASS \u00fcber die weitere Entwicklung des WiSeL-<\/div>\n<div dir=\"ltr\">Netzwerk berichten.<\/div>\n<div dir=\"ltr\">Claus Lippe \u00a9 by Lachmann2@email.de<\/div>\n<\/div>\n","protected":false},"excerpt":{"rendered":"<p>Entstehung des Netzwerks &#8222;Wittener Senioren Leben&#8220; WiSeL (WittenerSeniorenLeben) Netzwerkgr\u00fcndung. Was steckt dahinter? Im Namen der B\u00fcrgermeisterin der Stadt Witten, Sonja Leidemann,\u00a0 wurden wahllos Wittener B\u00fcrger im Alter von 55-95 Jahren, vornehmlich aus der Wittener City angeschrieben und zur WiSeL-Netzwerkgr\u00fcndung am 21. M\u00e4rz ins MONDOLINO eingeladen. Parallel dazu machte die Presse auf die Gr\u00fcndungsversammlung aufmerksam. Angesprochen &hellip; <\/p>\n<p><a class=\"more-link btn\" href=\"https:\/\/unser-quartier.de\/wisel-mitte\/netzwerk\/ueber-uns\">Weiterlesen<\/a><\/p>\n","protected":false},"author":166,"featured_media":0,"parent":169,"menu_order":9,"comment_status":"closed","ping_status":"closed","template":"template-onecolumn.php","meta":{"footnotes":""},"class_list":["post-18","page","type-page","status-publish","hentry","nodate","item-wrap"],"_links":{"self":[{"href":"https:\/\/unser-quartier.de\/wisel-mitte\/wp-json\/wp\/v2\/pages\/18","targetHints":{"allow":["GET"]}}],"collection":[{"href":"https:\/\/unser-quartier.de\/wisel-mitte\/wp-json\/wp\/v2\/pages"}],"about":[{"href":"https:\/\/unser-quartier.de\/wisel-mitte\/wp-json\/wp\/v2\/types\/page"}],"author":[{"embeddable":true,"href":"https:\/\/unser-quartier.de\/wisel-mitte\/wp-json\/wp\/v2\/users\/166"}],"replies":[{"embeddable":true,"href":"https:\/\/unser-quartier.de\/wisel-mitte\/wp-json\/wp\/v2\/comments?post=18"}],"version-history":[{"count":0,"href":"https:\/\/unser-quartier.de\/wisel-mitte\/wp-json\/wp\/v2\/pages\/18\/revisions"}],"up":[{"embeddable":true,"href":"https:\/\/unser-quartier.de\/wisel-mitte\/wp-json\/wp\/v2\/pages\/169"}],"wp:attachment":[{"href":"https:\/\/unser-quartier.de\/wisel-mitte\/wp-json\/wp\/v2\/media?parent=18"}],"curies":[{"name":"wp","href":"https:\/\/api.w.org\/{rel}","templated":true}]}}