{"id":206,"date":"2014-05-08T10:35:57","date_gmt":"2014-05-08T08:35:57","guid":{"rendered":"http:\/\/unser-quartier.de\/wisel-mitte\/?page_id=206"},"modified":"2025-10-21T10:31:07","modified_gmt":"2025-10-21T08:31:07","slug":"stammtisch","status":"publish","type":"page","link":"https:\/\/unser-quartier.de\/wisel-mitte\/gruppen\/stammtisch","title":{"rendered":"Stammtisch"},"content":{"rendered":"<p><span style=\"font-size: 18pt;\"><b><i><a href=\"https:\/\/unser-quartier.de\/wisel-mitte\/files\/2025\/10\/Stammtisch_001.png\"><img loading=\"lazy\" decoding=\"async\" class=\"wp-image-17807 alignleft\" src=\"https:\/\/unser-quartier.de\/wisel-mitte\/files\/2025\/10\/Stammtisch_001.png\" alt=\"\" width=\"210\" height=\"157\" srcset=\"https:\/\/unser-quartier.de\/wisel-mitte\/files\/2025\/10\/Stammtisch_001.png 1200w, https:\/\/unser-quartier.de\/wisel-mitte\/files\/2025\/10\/Stammtisch_001-300x225.png 300w, https:\/\/unser-quartier.de\/wisel-mitte\/files\/2025\/10\/Stammtisch_001-1024x768.png 1024w, https:\/\/unser-quartier.de\/wisel-mitte\/files\/2025\/10\/Stammtisch_001-150x113.png 150w, https:\/\/unser-quartier.de\/wisel-mitte\/files\/2025\/10\/Stammtisch_001-768x576.png 768w, https:\/\/unser-quartier.de\/wisel-mitte\/files\/2025\/10\/Stammtisch_001-847x635.png 847w\" sizes=\"auto, (max-width: 210px) 100vw, 210px\" \/><\/a>Wir haben uns immer was zu erz\u00e4hlen<\/i><\/b><\/span><\/p>\n<p><span style=\"font-size: 18pt;\">An unseren Stammtischen erl\u00e4utern wir uns gegenseitig alle wichtigen Ereignisse bei uns und in der Welt.<\/span><\/p>\n<p><span style=\"font-size: 18pt;\"><b>Termin: <\/b>Jeden Mittwoch (siehe Termine) au\u00dfer am letzten Mittwoch wenn die Netzwerksitzung stattfindet.<\/span><\/p>\n<p><span style=\"font-size: 18pt;\"><b>Ort:\u00a0<\/b>Wir treffen uns regelm\u00e4\u00dfig im Cafe Amadeus im Haus Witten.<\/span><\/p>\n","protected":false},"excerpt":{"rendered":"<p>Wir haben uns immer was zu erz\u00e4hlen An unseren Stammtischen erl\u00e4utern wir uns gegenseitig alle wichtigen Ereignisse bei uns und in der Welt. Termin: Jeden Mittwoch (siehe Termine) au\u00dfer am letzten Mittwoch wenn die Netzwerksitzung stattfindet. Ort:\u00a0Wir treffen uns regelm\u00e4\u00dfig im Cafe Amadeus im Haus Witten.<\/p>\n","protected":false},"author":166,"featured_media":0,"parent":171,"menu_order":10,"comment_status":"closed","ping_status":"closed","template":"","meta":{"footnotes":""},"class_list":["post-206","page","type-page","status-publish","hentry","nodate","item-wrap"],"_links":{"self":[{"href":"https:\/\/unser-quartier.de\/wisel-mitte\/wp-json\/wp\/v2\/pages\/206","targetHints":{"allow":["GET"]}}],"collection":[{"href":"https:\/\/unser-quartier.de\/wisel-mitte\/wp-json\/wp\/v2\/pages"}],"about":[{"href":"https:\/\/unser-quartier.de\/wisel-mitte\/wp-json\/wp\/v2\/types\/page"}],"author":[{"embeddable":true,"href":"https:\/\/unser-quartier.de\/wisel-mitte\/wp-json\/wp\/v2\/users\/166"}],"replies":[{"embeddable":true,"href":"https:\/\/unser-quartier.de\/wisel-mitte\/wp-json\/wp\/v2\/comments?post=206"}],"version-history":[{"count":3,"href":"https:\/\/unser-quartier.de\/wisel-mitte\/wp-json\/wp\/v2\/pages\/206\/revisions"}],"predecessor-version":[{"id":17816,"href":"https:\/\/unser-quartier.de\/wisel-mitte\/wp-json\/wp\/v2\/pages\/206\/revisions\/17816"}],"up":[{"embeddable":true,"href":"https:\/\/unser-quartier.de\/wisel-mitte\/wp-json\/wp\/v2\/pages\/171"}],"wp:attachment":[{"href":"https:\/\/unser-quartier.de\/wisel-mitte\/wp-json\/wp\/v2\/media?parent=206"}],"curies":[{"name":"wp","href":"https:\/\/api.w.org\/{rel}","templated":true}]}}