{"id":2921,"date":"2015-09-19T13:12:36","date_gmt":"2015-09-19T11:12:36","guid":{"rendered":"http:\/\/unser-quartier.de\/wisel-mitte\/?page_id=2921"},"modified":"2017-01-26T16:49:24","modified_gmt":"2017-01-26T15:49:24","slug":"link-zu-unseren-aktuellen-partnern","status":"publish","type":"page","link":"https:\/\/unser-quartier.de\/wisel-mitte\/link-zu-unseren-aktuellen-partnern","title":{"rendered":"Link\u00b4s zu unseren Partnern"},"content":{"rendered":"<h2 style=\"text-align: center\"><span style=\"color: #ff0000\">Hinweis <\/span><\/h2>\n<p><span style=\"color: #ff0000\">Das WiSeL-Netzwerk\u00a0hat keinen Einfluss auf die aktuelle und zuk\u00fcnftige Gestaltung und Inhalte der verlinkten Seiten.\u00a0Das WiSeL-Netzwerk\u00a0ist nicht f\u00fcr den Inhalt der verkn\u00fcpften\u00a0\u00a0 Seiten verantwortlich und macht sich den Inhalt nicht zu eigen. F\u00fcr illegale, fehlerhafte oder unvollst\u00e4ndige Inhalte sowie f\u00fcr Sch\u00e4den, die durch die Nutzung oder Nichtnutzung der Informationen entstehen, haftet allein der Anbieter der Web-Site, auf die verwiesen wurde.<\/span><\/p>\n<p style=\"text-align: center\"><strong>( In alphabetischer Reihenfolge )<\/strong><\/p>\n<p><a href=\"http:\/\/www.awo-en.de\/\"><span style=\"color: #0000ff\"><strong>AWO Ennepe-Ruhr<\/strong><\/span><\/a><\/p>\n<p><span style=\"color: #0000ff\"><strong><a style=\"color: #0000ff\" href=\"http:\/\/www.gemeinde-im-oberdorf.de\/\" target=\"_blank\">Gemeinde im Oberdorf\u00a0<\/a><\/strong><\/span><\/p>\n<p><strong><span style=\"color: #0000ff\"><a style=\"color: #0000ff\" href=\"http:\/\/seniorenvertretung-witten.de\" target=\"_blank\">Seniorenvertretung-Witten<\/a><\/span><\/strong><\/p>\n<p><span style=\"color: #000000\"><a style=\"color: #000000\" href=\"http:\/\/www.vhs-wwh.de\/\" target=\"_blank\"><span style=\"text-decoration: underline\"><strong><span style=\"color: #0000ff;text-decoration: underline\">VHS<\/span> \u00a0<\/strong> ( Volkshochschule\u00a0 Witten<\/span><\/a>\/Wetter\/Herdecke )<\/span><\/p>\n<p><span style=\"color: #0000ff\"><strong><a style=\"color: #0000ff\" href=\"http:\/\/www.witten-mitte.de\/\" target=\"_blank\">Wohnungsgenossenschaft Witten Mitte<\/a><\/strong><\/span><\/p>\n","protected":false},"excerpt":{"rendered":"<p>Hinweis Das WiSeL-Netzwerk\u00a0hat keinen Einfluss auf die aktuelle und zuk\u00fcnftige Gestaltung und Inhalte der verlinkten Seiten.\u00a0Das WiSeL-Netzwerk\u00a0ist nicht f\u00fcr den Inhalt der verkn\u00fcpften\u00a0\u00a0 Seiten verantwortlich und macht sich den Inhalt nicht zu eigen. F\u00fcr illegale, fehlerhafte oder unvollst\u00e4ndige Inhalte sowie f\u00fcr Sch\u00e4den, die durch die Nutzung oder Nichtnutzung der Informationen entstehen, haftet allein der Anbieter &hellip; <\/p>\n<p><a class=\"more-link btn\" href=\"https:\/\/unser-quartier.de\/wisel-mitte\/link-zu-unseren-aktuellen-partnern\">Weiterlesen<\/a><\/p>\n","protected":false},"author":166,"featured_media":0,"parent":0,"menu_order":17,"comment_status":"closed","ping_status":"closed","template":"template-onecolumn.php","meta":{"footnotes":""},"class_list":["post-2921","page","type-page","status-publish","hentry","nodate","item-wrap"],"_links":{"self":[{"href":"https:\/\/unser-quartier.de\/wisel-mitte\/wp-json\/wp\/v2\/pages\/2921","targetHints":{"allow":["GET"]}}],"collection":[{"href":"https:\/\/unser-quartier.de\/wisel-mitte\/wp-json\/wp\/v2\/pages"}],"about":[{"href":"https:\/\/unser-quartier.de\/wisel-mitte\/wp-json\/wp\/v2\/types\/page"}],"author":[{"embeddable":true,"href":"https:\/\/unser-quartier.de\/wisel-mitte\/wp-json\/wp\/v2\/users\/166"}],"replies":[{"embeddable":true,"href":"https:\/\/unser-quartier.de\/wisel-mitte\/wp-json\/wp\/v2\/comments?post=2921"}],"version-history":[{"count":0,"href":"https:\/\/unser-quartier.de\/wisel-mitte\/wp-json\/wp\/v2\/pages\/2921\/revisions"}],"wp:attachment":[{"href":"https:\/\/unser-quartier.de\/wisel-mitte\/wp-json\/wp\/v2\/media?parent=2921"}],"curies":[{"name":"wp","href":"https:\/\/api.w.org\/{rel}","templated":true}]}}