{"id":14,"date":"2014-01-22T08:47:35","date_gmt":"2014-01-22T07:47:35","guid":{"rendered":"http:\/\/unser-quartier.de\/tmp-musterblog3\/?page_id=14"},"modified":"2017-08-20T12:34:00","modified_gmt":"2017-08-20T10:34:00","slug":"kontakt","status":"publish","type":"page","link":"https:\/\/unser-quartier.de\/zeitvorsorge\/kontakt\/","title":{"rendered":"Kontakt"},"content":{"rendered":"<p>[contact-form][contact-field label=&#8217;Name&#8216; type=&#8217;name&#8216; required=&#8217;1&#8217;\/][contact-field label=&#8217;E-Mail&#8216; type=&#8217;email&#8216; required=&#8217;1&#8217;\/][contact-field label=&#8217;Website&#8216; type=&#8217;url&#8217;\/][contact-field label=&#8217;Kommentar&#8216; type=&#8217;textarea&#8216; required=&#8217;1&#8217;\/][\/contact-form]<\/p>\n<p>Sie k\u00f6nnen sich auch schriftlich an uns wenden:<\/p>\n<p style=\"text-align: center\"><strong>Zeitvorsorge K\u00f6ln e.V.,&nbsp; <\/strong><strong>Dierdorfer Weg 16,&nbsp; <\/strong><strong>50767 K\u00f6ln (Heimersdorf)<\/strong><\/p>\n<p>Sie erreichen die Zeitvorsorge auch \u00fcber:&nbsp; <strong>01573-1555803<\/strong><\/p>\n<p>oder die E-Mailadresse:&nbsp; <strong>Zeitvorsorge@netcologne.de<\/strong><\/p>\n<p>Besuchen Sie auch unsere offene Gruppe in Facebook: <a href=\"http:\/\/www.facebook.com\/Zeitvorsorge\" data-wpel-link=\"exclude\"><strong>www.facebook.com\/Zeitvorsorge<\/strong><\/a><\/p>\n","protected":false},"excerpt":{"rendered":"<p>[contact-form][contact-field label=&#8217;Name&#8216; type=&#8217;name&#8216; required=&#8217;1&#8217;\/][contact-field label=&#8217;E-Mail&#8216; type=&#8217;email&#8216; required=&#8217;1&#8217;\/][contact-field label=&#8217;Website&#8216; type=&#8217;url&#8217;\/][contact-field label=&#8217;Kommentar&#8216; type=&#8217;textarea&#8216; required=&#8217;1&#8217;\/][\/contact-form] Sie k\u00f6nnen sich auch schriftlich an uns wenden: Zeitvorsorge K\u00f6ln e.V.,&nbsp; Dierdorfer Weg 16,&nbsp; 50767 K\u00f6ln (Heimersdorf) Sie erreichen die Zeitvorsorge auch \u00fcber:&nbsp; 01573-1555803 oder die E-Mailadresse:&nbsp; Zeitvorsorge@netcologne.de Besuchen Sie auch unsere offene Gruppe in Facebook: www.facebook.com\/Zeitvorsorge<\/p>\n","protected":false},"author":520,"featured_media":0,"parent":0,"menu_order":12,"comment_status":"closed","ping_status":"closed","template":"","meta":{"generate_page_header":"","footnotes":""},"class_list":["post-14","page","type-page","status-publish"],"_links":{"self":[{"href":"https:\/\/unser-quartier.de\/zeitvorsorge\/wp-json\/wp\/v2\/pages\/14","targetHints":{"allow":["GET"]}}],"collection":[{"href":"https:\/\/unser-quartier.de\/zeitvorsorge\/wp-json\/wp\/v2\/pages"}],"about":[{"href":"https:\/\/unser-quartier.de\/zeitvorsorge\/wp-json\/wp\/v2\/types\/page"}],"author":[{"embeddable":true,"href":"https:\/\/unser-quartier.de\/zeitvorsorge\/wp-json\/wp\/v2\/users\/520"}],"replies":[{"embeddable":true,"href":"https:\/\/unser-quartier.de\/zeitvorsorge\/wp-json\/wp\/v2\/comments?post=14"}],"version-history":[{"count":0,"href":"https:\/\/unser-quartier.de\/zeitvorsorge\/wp-json\/wp\/v2\/pages\/14\/revisions"}],"wp:attachment":[{"href":"https:\/\/unser-quartier.de\/zeitvorsorge\/wp-json\/wp\/v2\/media?parent=14"}],"curies":[{"name":"wp","href":"https:\/\/api.w.org\/{rel}","templated":true}]}}